--
-- Host: localhost    Database: sistema_agencia
-- ------------------------------------------------------


--
-- Table structure for table `accommodation_amenities`
--

CREATE TABLE `accommodation_amenities` (
  `accommodation_id` bigint(20) unsigned NOT NULL,
  `amenity_id` bigint(20) unsigned NOT NULL,
  PRIMARY KEY (`accommodation_id`,`amenity_id`),
  KEY `accommodation_amenities_amenity_id_foreign` (`amenity_id`),
  CONSTRAINT `accommodation_amenities_accommodation_id_foreign` FOREIGN KEY (`accommodation_id`) REFERENCES `accommodations` (`id`) ON DELETE CASCADE,
  CONSTRAINT `accommodation_amenities_amenity_id_foreign` FOREIGN KEY (`amenity_id`) REFERENCES `amenities` (`id`) ON DELETE CASCADE
) ENGINE=InnoDB DEFAULT CHARSET=utf8mb4 COLLATE=utf8mb4_unicode_ci;

--
-- Dumping data for table `accommodation_amenities`
--

INSERT INTO `accommodation_amenities` VALUES (47,2),(47,10),(47,12),(47,13);

--
-- Table structure for table `accommodation_images`
--

CREATE TABLE `accommodation_images` (
  `id` bigint(20) unsigned NOT NULL AUTO_INCREMENT,
  `accommodation_id` bigint(20) unsigned NOT NULL,
  `path` varchar(255) NOT NULL,
  `alt_text` varchar(255) DEFAULT NULL,
  `caption` varchar(255) DEFAULT NULL,
  `order` int(11) NOT NULL DEFAULT 0,
  `is_cover` tinyint(1) NOT NULL DEFAULT 0,
  `created_at` timestamp NULL DEFAULT NULL,
  `updated_at` timestamp NULL DEFAULT NULL,
  PRIMARY KEY (`id`),
  KEY `accommodation_images_accommodation_id_foreign` (`accommodation_id`),
  CONSTRAINT `accommodation_images_accommodation_id_foreign` FOREIGN KEY (`accommodation_id`) REFERENCES `accommodations` (`id`) ON DELETE CASCADE
) ENGINE=InnoDB AUTO_INCREMENT=156 DEFAULT CHARSET=utf8mb4 COLLATE=utf8mb4_unicode_ci;

--
-- Dumping data for table `accommodation_images`
--

INSERT INTO `accommodation_images` VALUES (34,34,'sites/laytout-hotel/acomodacoes/suite-master/cj4BN1WBLlOajhrqSAP90OvVIg7ZGDCRMOy5CpZp.png','Suite Master',NULL,0,1,'2026-04-02 16:09:56','2026-04-02 16:09:56'),(35,34,'sites/laytout-hotel/acomodacoes/suite-master/kUBh5pg3MrtiewuyqTeaN0OJ8hZCMhI7JAFlQ4Jz.png','Suite Master',NULL,1,0,'2026-04-02 16:09:56','2026-04-02 16:09:56'),(36,34,'sites/laytout-hotel/acomodacoes/suite-master/rsMObdDhnH0SHS2fzvI2J3v2o82DHHcAtnlGdd2L.png','Suite Master',NULL,2,0,'2026-04-02 16:09:56','2026-04-02 16:09:56'),(37,35,'sites/laytout-hotel/acomodacoes/quarto-standard/PA0XOK6ScQEoce37I9slgw6FFmgEWo2ht1t5DvMc.png','Quarto Standard',NULL,0,1,'2026-04-02 16:09:56','2026-04-02 16:09:56'),(38,35,'sites/laytout-hotel/acomodacoes/quarto-standard/Jv7WOa1fIo1j3yV5Rfgs7VcmQCLJCIzKgetb4uDs.png','Quarto Standard',NULL,1,0,'2026-04-02 16:09:56','2026-04-02 16:09:56'),(39,35,'sites/laytout-hotel/acomodacoes/quarto-standard/ooMvuvh1O74ipSfBi81Q7Og6GjooTxG0OY4PyVyX.png','Quarto Standard',NULL,2,0,'2026-04-02 16:09:56','2026-04-02 16:09:56'),(40,36,'sites/laytout-hotel/acomodacoes/luxo/yZc08kiL4bPH7sKiPKgQre82MXCsvA3it3DnRpZo.png','Luxo',NULL,0,1,'2026-04-02 16:09:56','2026-04-02 16:09:56'),(41,36,'sites/laytout-hotel/acomodacoes/luxo/SlrrUXq89X4eHiAxjUJH2C2nWV7auYrqM0zTDQvI.png','Luxo',NULL,1,0,'2026-04-02 16:09:56','2026-04-02 16:09:56'),(42,36,'sites/laytout-hotel/acomodacoes/luxo/YL4kKrbdHDxMRuvOrQbS6KqQVOtoDrdZgCpkUgG6.png','Luxo',NULL,2,0,'2026-04-02 16:09:56','2026-04-02 16:09:56'),(62,47,'acomodacoes/laytout-hotel/teste-suite/ZMNo9yK2W9rLWYq9pH7vfEaPqGIqINJk3B08wGjN.webp',NULL,NULL,2,1,'2026-04-06 22:35:28','2026-04-06 22:48:08'),(63,47,'acomodacoes/laytout-hotel/teste-suite/MuqIrC7UkB7dXEto7ud7Nup7b9a3SvBmnivISdrN.webp',NULL,NULL,3,0,'2026-04-06 22:35:37','2026-04-06 22:48:08'),(64,47,'acomodacoes/laytout-hotel/teste-suite/v7LZhT6LJh4sTu0sFlrNXEIBEULayOTawGJkNXAj.webp',NULL,NULL,4,0,'2026-04-06 22:35:37','2026-04-06 22:48:08'),(65,47,'acomodacoes/laytout-hotel/teste-suite/TxcHWsOZKic0quZ4uxSKMmTSpajHuUjwQFKJlGEX.webp',NULL,NULL,5,0,'2026-04-06 22:35:38','2026-04-06 22:48:08'),(66,47,'acomodacoes/laytout-hotel/teste-suite/zXJ1civYjOlDLGX57l7UUrkGSqzYGXDoUclBYRvP.webp',NULL,NULL,6,0,'2026-04-06 22:35:38','2026-04-06 22:48:08'),(67,47,'acomodacoes/laytout-hotel/teste-suite/Hq8bdQkTBBmOMHA7zNzp2gxPlwCSgTdYJm2uUH8p.webp',NULL,NULL,7,0,'2026-04-06 22:35:39','2026-04-06 22:48:08'),(68,47,'acomodacoes/laytout-hotel/teste-suite/ovK75WqnOoQsG7kkA78HqnhzTtct4CXhn5fcScDH.webp',NULL,NULL,8,0,'2026-04-06 22:35:39','2026-04-06 22:48:08'),(69,47,'acomodacoes/laytout-hotel/teste-suite/PILvj69VDQUDWCjRw2SvL8DJwYiBq5nVZEHbTnuZ.webp',NULL,NULL,9,0,'2026-04-06 22:35:40','2026-04-06 22:48:08'),(70,47,'acomodacoes/laytout-hotel/teste-suite/XQK8QpfldnPFEaE50fAi7rxAuCMib6I40nDclyno.webp',NULL,NULL,10,0,'2026-04-06 22:35:40','2026-04-06 22:48:08'),(71,47,'acomodacoes/laytout-hotel/teste-suite/I2frRhnItNf3dy3UPCtLW4M7dJm1oj8lMQQUJb7x.webp',NULL,NULL,11,0,'2026-04-06 22:35:40','2026-04-06 22:48:08'),(72,47,'acomodacoes/laytout-hotel/teste-suite/YO5I0TgsiKJ4knfPiQ5jr2hjw5E6Onj0LxhyarB2.webp',NULL,NULL,12,0,'2026-04-06 22:35:41','2026-04-06 22:48:08'),(73,47,'acomodacoes/laytout-hotel/teste-suite/8vovnrOWoUQPmTYwIxaGJne25Z0pBV6GThe7HI36.webp',NULL,NULL,13,0,'2026-04-06 22:35:41','2026-04-06 22:48:08'),(126,55,'sites/pousada-recanto-do-mar/acomodacoes/estudio-standard/CaUs5kimvK8iHdgEgmpBxWwMsQJRrcoqmitknSrr.jpg','Estúdio Standard',NULL,0,1,'2026-04-09 20:12:20','2026-04-09 20:12:20'),(127,55,'sites/pousada-recanto-do-mar/acomodacoes/estudio-standard/w4uKjILUei2Lk0tUx1kzYkljx2C8aIra2jzQiPkk.jpg','Estúdio Standard',NULL,1,0,'2026-04-09 20:12:20','2026-04-09 20:12:20'),(128,55,'sites/pousada-recanto-do-mar/acomodacoes/estudio-standard/bE58zTWPFBTbybBAr1isMo8ukx3Zou8qdOdnR4bZ.jpg','Estúdio Standard',NULL,2,0,'2026-04-09 20:12:20','2026-04-09 20:12:20'),(129,55,'sites/pousada-recanto-do-mar/acomodacoes/estudio-standard/2xkW5AdIvj39PlEV9EASnTEJ6XyU2khWeDfOWIqm.jpg','Estúdio Standard',NULL,3,0,'2026-04-09 20:12:20','2026-04-09 20:12:20'),(130,56,'sites/pousada-recanto-do-mar/acomodacoes/estudio-standard-1/HeQMyZlnu6G8g9FeojWbvmztmuvRNRecWuCwmz2Y.jpg','Estúdio Standard',NULL,0,1,'2026-04-09 20:12:20','2026-04-09 20:12:20'),(131,56,'sites/pousada-recanto-do-mar/acomodacoes/estudio-standard-1/lsyGrPG9TJBgUStTQxxSDO6Wqi1Bz6JnjKeh9zC9.jpg','Estúdio Standard',NULL,1,0,'2026-04-09 20:12:20','2026-04-09 20:12:20'),(132,56,'sites/pousada-recanto-do-mar/acomodacoes/estudio-standard-1/kXU4pOB4r8kcWIpDDOqi9Z7Pf9DC2h3h3Sk96AYL.jpg','Estúdio Standard',NULL,2,0,'2026-04-09 20:12:20','2026-04-09 20:12:20'),(133,57,'sites/pousada-recanto-do-mar/acomodacoes/suite-standard/UTt4PigHRUVO9M7DJwHEHQ6AlLWVLny7dUJnrSYO.jpg','Suíte Standard',NULL,0,1,'2026-04-09 20:12:20','2026-04-09 20:12:20'),(134,57,'sites/pousada-recanto-do-mar/acomodacoes/suite-standard/bqqt7jfyCJTA2ycYdXOSA5zN7DjFfOYcimzXYfqQ.jpg','Suíte Standard',NULL,1,0,'2026-04-09 20:12:20','2026-04-09 20:12:20'),(135,57,'sites/pousada-recanto-do-mar/acomodacoes/suite-standard/g7YmGPYj4huMMGzuh0cSTrKOTlOdz3ubMXu91oJt.jpg','Suíte Standard',NULL,2,0,'2026-04-09 20:12:20','2026-04-09 20:12:20'),(136,58,'sites/pousada-recanto-do-mar/acomodacoes/suite-standard-1/WjgOHQnKo1zMDgTVGYhHTw0JXzHLVUVHGqnUTEzC.jpg','Suíte Standard',NULL,0,1,'2026-04-09 20:12:20','2026-04-09 20:12:20'),(137,58,'sites/pousada-recanto-do-mar/acomodacoes/suite-standard-1/jIIzN1CJZeO1HFN1ZCw9xQObMBTU4UHTrhdRnszX.jpg','Suíte Standard',NULL,1,0,'2026-04-09 20:12:20','2026-04-09 20:12:20'),(138,58,'sites/pousada-recanto-do-mar/acomodacoes/suite-standard-1/HN9FtyP0SNLTzKDQmn18rUEcWeiTHHg0JCqwLFT8.jpg','Suíte Standard',NULL,2,0,'2026-04-09 20:12:20','2026-04-09 20:12:20'),(139,58,'sites/pousada-recanto-do-mar/acomodacoes/suite-standard-1/vLlaOt6W9WrAeaLA6bIpI5iVz2KEsuaFcx4p4150.jpg','Suíte Standard',NULL,3,0,'2026-04-09 20:12:20','2026-04-09 20:12:20'),(140,59,'sites/pousada-recanto-do-mar/acomodacoes/quarto-familia-deluxe/EMe4WRhQN9tYRK00TQ3rxwX8HpNKgNfue4MJfTP7.jpg','Quarto Familia Deluxe',NULL,0,1,'2026-04-09 20:12:20','2026-04-09 20:12:20'),(141,59,'sites/pousada-recanto-do-mar/acomodacoes/quarto-familia-deluxe/Ayw5PXLciS1YUVA0W8Cdsz6JPsgOAOPkfcSX0ayB.jpg','Quarto Familia Deluxe',NULL,1,0,'2026-04-09 20:12:20','2026-04-09 20:12:20'),(142,59,'sites/pousada-recanto-do-mar/acomodacoes/quarto-familia-deluxe/T1UR2TTDb8cTA6szeNREkqPtWemq2e7ok3RUnpsv.jpg','Quarto Familia Deluxe',NULL,2,0,'2026-04-09 20:12:20','2026-04-09 20:12:20'),(143,59,'sites/pousada-recanto-do-mar/acomodacoes/quarto-familia-deluxe/nELStTPWl9FyGEmPy26YCF6qIpffMICuAIiHxW9H.jpg','Quarto Familia Deluxe',NULL,3,0,'2026-04-09 20:12:20','2026-04-09 20:12:20'),(144,59,'sites/pousada-recanto-do-mar/acomodacoes/quarto-familia-deluxe/26j2G2dzM6IsmJYnRPEtr9zy7EREcl6gFCEdgZ28.jpg','Quarto Familia Deluxe',NULL,4,0,'2026-04-09 20:12:20','2026-04-09 20:12:20'),(145,60,'sites/pousada-recanto-do-mar/acomodacoes/quarto-familia-standard/XcKbGNLE1g3CHijpzlDcIuvmNr2WWhXDDtLCSDZR.jpg','Quarto Familia Standard',NULL,0,1,'2026-04-09 20:12:20','2026-04-09 20:12:20'),(146,60,'sites/pousada-recanto-do-mar/acomodacoes/quarto-familia-standard/hR9ml3SKUGiUa9f7MYXCRXLfE8HUPMfbqMGSrqYm.jpg','Quarto Familia Standard',NULL,1,0,'2026-04-09 20:12:20','2026-04-09 20:12:20'),(147,60,'sites/pousada-recanto-do-mar/acomodacoes/quarto-familia-standard/sjKXHKe6JLiDnGHXsgtul2cuN9t8keNN2eSQrPxf.jpg','Quarto Familia Standard',NULL,2,0,'2026-04-09 20:12:20','2026-04-09 20:12:20'),(148,60,'sites/pousada-recanto-do-mar/acomodacoes/quarto-familia-standard/aXPeh8F4fdrtLxD3xlFZs8pXWuUJBk2ZcJDQuWUs.jpg','Quarto Familia Standard',NULL,3,0,'2026-04-09 20:12:20','2026-04-09 20:12:20'),(149,61,'sites/pousada-recanto-do-mar/acomodacoes/quarto-familia/rTZwZX6uc8IesE55jn42Wq8goNTNIbysP0A2Mv9V.jpg','Quarto Familia',NULL,0,1,'2026-04-09 20:12:20','2026-04-09 20:12:20'),(150,61,'sites/pousada-recanto-do-mar/acomodacoes/quarto-familia/Mja7h01DT7wtpnoXYkrrSq01OQsjlDj9RQax4Qdx.jpg','Quarto Familia',NULL,1,0,'2026-04-09 20:12:20','2026-04-09 20:12:20'),(151,61,'sites/pousada-recanto-do-mar/acomodacoes/quarto-familia/13LryMbdF7ynndLqGiGEuE6ujA8R0mBWwzzXXdtq.jpg','Quarto Familia',NULL,2,0,'2026-04-09 20:12:20','2026-04-09 20:12:20'),(152,61,'sites/pousada-recanto-do-mar/acomodacoes/quarto-familia/tQaFBPMAC5irpZWFFMyNR1rTR4l8xo0iDmsa8a17.jpg','Quarto Familia',NULL,3,0,'2026-04-09 20:12:20','2026-04-09 20:12:20'),(153,61,'sites/pousada-recanto-do-mar/acomodacoes/quarto-familia/RsjIvC2iZwF7Rh4Ornrv9KvmmByfui6elvq8fAqh.jpg','Quarto Familia',NULL,4,0,'2026-04-09 20:12:20','2026-04-09 20:12:20'),(154,61,'sites/pousada-recanto-do-mar/acomodacoes/quarto-familia/tiaJgIe8CJozPCgggLB1C09dMDAsynxiYF32SEuJ.jpg','Quarto Familia',NULL,5,0,'2026-04-09 20:12:20','2026-04-09 20:12:20'),(155,61,'sites/pousada-recanto-do-mar/acomodacoes/quarto-familia/FBQ86uTnHMSGA9jFBiKOaqH1lIrYB4I20flahibz.jpg','Quarto Familia',NULL,6,0,'2026-04-09 20:12:20','2026-04-09 20:12:20');

--
-- Table structure for table `accommodations`
--

CREATE TABLE `accommodations` (
  `id` bigint(20) unsigned NOT NULL AUTO_INCREMENT,
  `client_id` bigint(20) unsigned NOT NULL,
  `name` varchar(255) NOT NULL,
  `slug` varchar(255) NOT NULL,
  `short_description` text DEFAULT NULL,
  `description` longtext DEFAULT NULL,
  `price_from` decimal(10,2) DEFAULT NULL,
  `max_guests` int(11) DEFAULT NULL,
  `beds` int(11) DEFAULT NULL,
  `size` varchar(20) DEFAULT NULL,
  `banner_path` varchar(255) DEFAULT NULL,
  `order` int(11) NOT NULL DEFAULT 0,
  `views_count` bigint(20) unsigned NOT NULL DEFAULT 0,
  `is_active` tinyint(1) NOT NULL DEFAULT 1,
  `views` bigint(20) unsigned NOT NULL DEFAULT 0,
  `is_featured_manual` tinyint(1) NOT NULL DEFAULT 0,
  `featured_mode` varchar(20) NOT NULL DEFAULT 'auto' COMMENT 'auto = sistema inteligente; manual = definido pelo admin',
  `is_featured` tinyint(1) NOT NULL DEFAULT 0,
  `booking_url` varchar(500) DEFAULT NULL,
  `differentials` longtext CHARACTER SET utf8mb4 COLLATE utf8mb4_bin DEFAULT NULL CHECK (json_valid(`differentials`)),
  `created_at` timestamp NULL DEFAULT NULL,
  `updated_at` timestamp NULL DEFAULT NULL,
  PRIMARY KEY (`id`),
  UNIQUE KEY `accommodations_client_id_slug_unique` (`client_id`,`slug`),
  CONSTRAINT `accommodations_client_id_foreign` FOREIGN KEY (`client_id`) REFERENCES `clients` (`id`) ON DELETE CASCADE
) ENGINE=InnoDB AUTO_INCREMENT=63 DEFAULT CHARSET=utf8mb4 COLLATE=utf8mb4_unicode_ci;

--
-- Dumping data for table `accommodations`
--

INSERT INTO `accommodations` VALUES (34,32,'Suite Master','suite-master','Acomodação do tipo Suite Master, preparada para você ter a melhor experiência.','A Suite Master da Laytout Hotel foi pensada para oferecer o máximo de conforto durante sua estadia. Com ambiente acolhedor e todos os itens necessários, você terá momentos de descanso e tranquilidade.',NULL,3,NULL,NULL,NULL,0,0,1,9,0,'auto',0,NULL,'[\"ar_condicionado\",\"wifi\",\"frigobar\",\"vista_mar\"]','2026-04-02 16:09:56','2026-04-09 23:09:58'),(35,32,'Quarto Standard','quarto-standard','Acomodação do tipo Quarto Standard, preparada para você ter a melhor experiência.','A Quarto Standard da Laytout Hotel foi pensada para oferecer o máximo de conforto durante sua estadia. Com ambiente acolhedor e todos os itens necessários, você terá momentos de descanso e tranquilidade.',NULL,4,NULL,NULL,NULL,1,0,1,7,0,'auto',0,NULL,'[\"ar_condicionado\",\"wifi\",\"cofre\",\"varanda\",\"banheira\",\"toalhas\"]','2026-04-02 16:09:56','2026-04-09 23:09:58'),(36,32,'Luxo','luxo','Acomodação do tipo Luxo, preparada para você ter a melhor experiência.','A Luxo da Laytout Hotel foi pensada para oferecer o máximo de conforto durante sua estadia. Com ambiente acolhedor e todos os itens necessários, você terá momentos de descanso e tranquilidade.',NULL,2,NULL,NULL,NULL,2,0,1,3,0,'auto',0,NULL,'[\"ar_condicionado\",\"wifi\",\"smart_tv\",\"varanda\",\"vista_mar\"]','2026-04-02 16:09:56','2026-04-09 23:09:58'),(47,32,'teste suite','teste-suite',NULL,'tesfsdf',NULL,NULL,NULL,NULL,NULL,3,0,1,17,0,'auto',0,NULL,'[\"banheiro\",\"roupa_de_cama\",\"roupa_de_cama_banho\"]','2026-04-06 22:09:53','2026-04-09 23:09:58'),(55,40,'Estúdio Standard','estudio-standard','Acomodação do tipo Estúdio Standard, preparada para você ter a melhor experiência.','A Estúdio Standard da Pousada Recanto do Mar foi pensada para oferecer o máximo de conforto durante sua estadia. Com ambiente acolhedor e todos os itens necessários, você terá momentos de descanso e tranquilidade.',NULL,5,NULL,NULL,NULL,0,0,1,13,0,'auto',1,NULL,'[\"ventilador\",\"wifi\",\"frigobar\",\"toalhas\"]','2026-04-09 20:12:20','2026-04-11 00:15:52'),(56,40,'Estúdio Standard','estudio-standard-1','Acomodação do tipo Estúdio Standard, preparada para você ter a melhor experiência.','A Estúdio Standard da Pousada Recanto do Mar foi pensada para oferecer o máximo de conforto durante sua estadia. Com ambiente acolhedor e todos os itens necessários, você terá momentos de descanso e tranquilidade.',NULL,6,NULL,NULL,NULL,1,0,1,2,0,'auto',0,NULL,'[\"ventilador\",\"wifi\",\"frigobar\",\"toalhas\"]','2026-04-09 20:12:20','2026-04-11 00:15:52'),(57,40,'Suíte Standard','suite-standard','Acomodação do tipo Suíte Standard, preparada para você ter a melhor experiência.','A Suíte Standard da Pousada Recanto do Mar foi pensada para oferecer o máximo de conforto durante sua estadia. Com ambiente acolhedor e todos os itens necessários, você terá momentos de descanso e tranquilidade.',NULL,4,NULL,NULL,NULL,2,0,1,2,0,'auto',0,NULL,'[\"ar_condicionado\",\"ventilador\",\"wifi\",\"frigobar\",\"toalhas\"]','2026-04-09 20:12:20','2026-04-11 00:15:52'),(58,40,'Suíte Standard','suite-standard-1','Acomodação do tipo Suíte Standard, preparada para você ter a melhor experiência.','A Suíte Standard da Pousada Recanto do Mar foi pensada para oferecer o máximo de conforto durante sua estadia. Com ambiente acolhedor e todos os itens necessários, você terá momentos de descanso e tranquilidade.',NULL,3,NULL,NULL,NULL,3,0,1,1,0,'auto',0,NULL,'[\"ar_condicionado\",\"wifi\",\"frigobar\",\"toalhas\"]','2026-04-09 20:12:20','2026-04-11 00:15:52'),(59,40,'Quarto Familia Deluxe','quarto-familia-deluxe','Acomodação do tipo Quarto Familia Deluxe, preparada para você ter a melhor experiência.','A Quarto Familia Deluxe da Pousada Recanto do Mar foi pensada para oferecer o máximo de conforto durante sua estadia. Com ambiente acolhedor e todos os itens necessários, você terá momentos de descanso e tranquilidade.',NULL,5,NULL,NULL,NULL,4,0,1,1,0,'auto',0,NULL,'[\"ar_condicionado\",\"frigobar\",\"toalhas\"]','2026-04-09 20:12:20','2026-04-11 00:15:52'),(60,40,'Quarto Familia Standard','quarto-familia-standard','Acomodação do tipo Quarto Familia Standard, preparada para você ter a melhor experiência.','A Quarto Familia Standard da Pousada Recanto do Mar foi pensada para oferecer o máximo de conforto durante sua estadia. Com ambiente acolhedor e todos os itens necessários, você terá momentos de descanso e tranquilidade.',NULL,5,NULL,NULL,NULL,5,0,1,1,0,'auto',0,NULL,'[\"ar_condicionado\",\"wifi\",\"frigobar\",\"toalhas\"]','2026-04-09 20:12:20','2026-04-11 00:15:52'),(61,40,'Quarto Familia','quarto-familia','Acomodação do tipo Quarto Familia, preparada para você ter a melhor experiência.','A Quarto Familia da Pousada Recanto do Mar foi pensada para oferecer o máximo de conforto durante sua estadia. Com ambiente acolhedor e todos os itens necessários, você terá momentos de descanso e tranquilidade.',NULL,4,NULL,NULL,NULL,6,0,0,1,0,'auto',0,NULL,'[\"ar_condicionado\",\"ventilador\",\"wifi\",\"frigobar\",\"toalhas\"]','2026-04-09 20:12:20','2026-04-11 00:15:52');

--
-- Table structure for table `activity_logs`
--

CREATE TABLE `activity_logs` (
  `id` bigint(20) unsigned NOT NULL AUTO_INCREMENT,
  `user_id` bigint(20) unsigned DEFAULT NULL,
  `client_id` bigint(20) unsigned DEFAULT NULL,
  `action` varchar(100) NOT NULL,
  `module` varchar(50) DEFAULT NULL,
  `entity_type` varchar(100) DEFAULT NULL,
  `entity_id` bigint(20) unsigned DEFAULT NULL,
  `description` text DEFAULT NULL,
  `old_values` longtext CHARACTER SET utf8mb4 COLLATE utf8mb4_bin DEFAULT NULL CHECK (json_valid(`old_values`)),
  `new_values` longtext CHARACTER SET utf8mb4 COLLATE utf8mb4_bin DEFAULT NULL CHECK (json_valid(`new_values`)),
  `ip_address` varchar(45) DEFAULT NULL,
  `user_agent` text DEFAULT NULL,
  `created_at` timestamp NULL DEFAULT NULL,
  `updated_at` timestamp NULL DEFAULT NULL,
  PRIMARY KEY (`id`),
  KEY `activity_logs_user_id_foreign` (`user_id`),
  KEY `activity_logs_client_id_module_index` (`client_id`,`module`),
  KEY `activity_logs_entity_type_entity_id_index` (`entity_type`,`entity_id`),
  KEY `activity_logs_created_at_index` (`created_at`),
  CONSTRAINT `activity_logs_client_id_foreign` FOREIGN KEY (`client_id`) REFERENCES `clients` (`id`) ON DELETE SET NULL,
  CONSTRAINT `activity_logs_user_id_foreign` FOREIGN KEY (`user_id`) REFERENCES `users` (`id`) ON DELETE SET NULL
) ENGINE=InnoDB AUTO_INCREMENT=41 DEFAULT CHARSET=utf8mb4 COLLATE=utf8mb4_unicode_ci;

--
-- Dumping data for table `activity_logs`
--

INSERT INTO `activity_logs` VALUES (1,1,NULL,'exclusao','revendedores',NULL,NULL,'Revendedor excluido: teste (ID: 4)',NULL,NULL,'::1','Mozilla/5.0 (Windows NT 10.0; Win64; x64) AppleWebKit/537.36 (KHTML, like Gecko) Chrome/147.0.0.0 Safari/537.36','2026-04-23 16:33:21','2026-04-23 16:33:21'),(2,1,NULL,'update','clientes','client',40,'Atualizou client #40','[]','{\"acao\":\"preview_engine_gerado\"}','::1','Mozilla/5.0 (Windows NT 10.0; Win64; x64) AppleWebKit/537.36 (KHTML, like Gecko) Chrome/147.0.0.0 Safari/537.36','2026-04-23 19:30:18','2026-04-23 19:30:18'),(3,1,NULL,'login','auth',NULL,NULL,'Login realizado: admin@admin.com',NULL,NULL,'::1','Mozilla/5.0 (Windows NT 10.0; Win64; x64) AppleWebKit/537.36 (KHTML, like Gecko) Chrome/147.0.0.0 Safari/537.36','2026-04-23 19:33:14','2026-04-23 19:33:14'),(4,1,NULL,'update','clientes','client',40,'Atualizou client #40','[]','{\"acao\":\"preview_engine_gerado\"}','::1','Mozilla/5.0 (Windows NT 10.0; Win64; x64) AppleWebKit/537.36 (KHTML, like Gecko) Chrome/147.0.0.0 Safari/537.36','2026-04-23 19:33:40','2026-04-23 19:33:40'),(5,1,NULL,'update','clientes','client',40,'Atualizou client #40','[]','{\"acao\":\"preview_engine_gerado\"}','::1','Mozilla/5.0 (Windows NT 10.0; Win64; x64) AppleWebKit/537.36 (KHTML, like Gecko) Chrome/147.0.0.0 Safari/537.36','2026-04-23 19:33:57','2026-04-23 19:33:57'),(6,1,NULL,'update','clientes','client',40,'Atualizou client #40','[]','{\"acao\":\"preview_engine_gerado\"}','::1','Mozilla/5.0 (Windows NT 10.0; Win64; x64) AppleWebKit/537.36 (KHTML, like Gecko) Chrome/147.0.0.0 Safari/537.36','2026-04-23 19:35:04','2026-04-23 19:35:04'),(7,1,NULL,'update','clientes','client',40,'Atualizou client #40','[]','{\"acao\":\"preview_engine_gerado\"}','::1','Mozilla/5.0 (Windows NT 10.0; Win64; x64) AppleWebKit/537.36 (KHTML, like Gecko) Chrome/147.0.0.0 Safari/537.36','2026-04-23 19:36:03','2026-04-23 19:36:03'),(8,1,NULL,'update','clientes','client',40,'Atualizou client #40','[]','{\"acao\":\"preview_engine_gerado\"}','::1','Mozilla/5.0 (Windows NT 10.0; Win64; x64) AppleWebKit/537.36 (KHTML, like Gecko) Chrome/147.0.0.0 Safari/537.36','2026-04-23 19:48:36','2026-04-23 19:48:36'),(9,1,NULL,'update','clientes','client',40,'Atualizou client #40','[]','{\"acao\":\"preview_engine_gerado\"}','::1','Mozilla/5.0 (Windows NT 10.0; Win64; x64) AppleWebKit/537.36 (KHTML, like Gecko) Chrome/147.0.0.0 Safari/537.36','2026-04-23 21:40:59','2026-04-23 21:40:59'),(10,1,NULL,'update','clientes','client',40,'Atualizou client #40','[]','{\"acao\":\"preview_engine_gerado\"}','::1','Mozilla/5.0 (Windows NT 10.0; Win64; x64) AppleWebKit/537.36 (KHTML, like Gecko) Chrome/147.0.0.0 Safari/537.36','2026-04-23 22:07:06','2026-04-23 22:07:06'),(11,1,NULL,'update','clientes','client',40,'Atualizou client #40','[]','{\"acao\":\"preview_engine_gerado\"}','::1','Mozilla/5.0 (Windows NT 10.0; Win64; x64) AppleWebKit/537.36 (KHTML, like Gecko) Chrome/147.0.0.0 Safari/537.36','2026-04-24 16:19:53','2026-04-24 16:19:53'),(12,1,NULL,'update','clientes','client',40,'Atualizou client #40','[]','{\"acao\":\"preview_engine_gerado\"}','::1','Mozilla/5.0 (Windows NT 10.0; Win64; x64) AppleWebKit/537.36 (KHTML, like Gecko) Chrome/147.0.0.0 Safari/537.36','2026-04-24 19:14:36','2026-04-24 19:14:36'),(13,1,NULL,'update','clientes','client',40,'Atualizou client #40','[]','{\"acao\":\"preview_engine_gerado\"}','::1','Mozilla/5.0 (Windows NT 10.0; Win64; x64) AppleWebKit/537.36 (KHTML, like Gecko) Chrome/147.0.0.0 Safari/537.36','2026-04-24 19:15:09','2026-04-24 19:15:09'),(14,1,NULL,'login','auth',NULL,NULL,'Login realizado: admin@admin.com',NULL,NULL,'::1','Mozilla/5.0 (Windows NT 10.0; Win64; x64) AppleWebKit/537.36 (KHTML, like Gecko) Chrome/147.0.0.0 Safari/537.36','2026-04-24 19:15:40','2026-04-24 19:15:40'),(15,1,NULL,'update','clientes','client',40,'Atualizou client #40','[]','{\"acao\":\"preview_engine_gerado\"}','::1','Mozilla/5.0 (Windows NT 10.0; Win64; x64) AppleWebKit/537.36 (KHTML, like Gecko) Chrome/147.0.0.0 Safari/537.36','2026-04-24 20:01:59','2026-04-24 20:01:59'),(16,1,NULL,'update','clientes','client',40,'Atualizou client #40','[]','{\"acao\":\"preview_engine_gerado\"}','::1','Mozilla/5.0 (Windows NT 10.0; Win64; x64) AppleWebKit/537.36 (KHTML, like Gecko) Chrome/147.0.0.0 Safari/537.36','2026-04-24 20:02:04','2026-04-24 20:02:04'),(17,1,NULL,'update','clientes','client',40,'Atualizou client #40','[]','{\"acao\":\"preview_engine_gerado\"}','::1','Mozilla/5.0 (Windows NT 10.0; Win64; x64) AppleWebKit/537.36 (KHTML, like Gecko) Chrome/147.0.0.0 Safari/537.36','2026-04-24 20:08:02','2026-04-24 20:08:02'),(18,1,NULL,'update','clientes','client',40,'Atualizou client #40','[]','{\"acao\":\"preview_engine_gerado\"}','::1','Mozilla/5.0 (Windows NT 10.0; Win64; x64) AppleWebKit/537.36 (KHTML, like Gecko) Chrome/147.0.0.0 Safari/537.36','2026-04-24 20:25:08','2026-04-24 20:25:08'),(19,1,NULL,'update','clientes','client',40,'Atualizou client #40','[]','{\"acao\":\"preview_engine_gerado\"}','::1','Mozilla/5.0 (Windows NT 10.0; Win64; x64) AppleWebKit/537.36 (KHTML, like Gecko) Chrome/147.0.0.0 Safari/537.36','2026-04-24 20:33:49','2026-04-24 20:33:49'),(20,1,NULL,'update','clientes','client',40,'Atualizou client #40','[]','{\"acao\":\"preview_engine_gerado\"}','::1','Mozilla/5.0 (Windows NT 10.0; Win64; x64) AppleWebKit/537.36 (KHTML, like Gecko) Chrome/147.0.0.0 Safari/537.36','2026-04-24 20:39:41','2026-04-24 20:39:41'),(21,1,NULL,'update','clientes','client',40,'Atualizou client #40','[]','{\"acao\":\"preview_engine_gerado\"}','::1','Mozilla/5.0 (Windows NT 10.0; Win64; x64) AppleWebKit/537.36 (KHTML, like Gecko) Chrome/147.0.0.0 Safari/537.36','2026-04-24 22:19:27','2026-04-24 22:19:27'),(22,1,NULL,'update','clientes','client',40,'Atualizou client #40','[]','{\"acao\":\"preview_engine_gerado\"}','::1','Mozilla/5.0 (Windows NT 10.0; Win64; x64) AppleWebKit/537.36 (KHTML, like Gecko) Chrome/147.0.0.0 Safari/537.36','2026-04-24 22:21:59','2026-04-24 22:21:59'),(23,1,NULL,'update','clientes','client',40,'Atualizou client #40','[]','{\"acao\":\"preview_engine_gerado\"}','::1','Mozilla/5.0 (Windows NT 10.0; Win64; x64) AppleWebKit/537.36 (KHTML, like Gecko) Chrome/147.0.0.0 Safari/537.36','2026-04-24 22:39:39','2026-04-24 22:39:39'),(24,1,NULL,'update','clientes','client',40,'Atualizou client #40','[]','{\"acao\":\"preview_engine_gerado\"}','::1','Mozilla/5.0 (Windows NT 10.0; Win64; x64) AppleWebKit/537.36 (KHTML, like Gecko) Chrome/147.0.0.0 Safari/537.36','2026-04-24 22:40:01','2026-04-24 22:40:01'),(25,1,NULL,'update','clientes','client',40,'Atualizou client #40','[]','{\"acao\":\"preview_engine_gerado\"}','::1','Mozilla/5.0 (Windows NT 10.0; Win64; x64) AppleWebKit/537.36 (KHTML, like Gecko) Chrome/147.0.0.0 Safari/537.36','2026-04-24 22:49:04','2026-04-24 22:49:04'),(26,1,NULL,'update','clientes','client',32,'Atualizou client #32','[]','{\"acao\":\"preview_engine_gerado\"}','::1','Mozilla/5.0 (Windows NT 10.0; Win64; x64) AppleWebKit/537.36 (KHTML, like Gecko) Chrome/147.0.0.0 Safari/537.36','2026-04-24 22:49:32','2026-04-24 22:49:32'),(27,1,NULL,'update','clientes','client',40,'Atualizou client #40','[]','{\"acao\":\"preview_engine_gerado\"}','::1','Mozilla/5.0 (Windows NT 10.0; Win64; x64) AppleWebKit/537.36 (KHTML, like Gecko) Chrome/147.0.0.0 Safari/537.36','2026-04-24 22:49:39','2026-04-24 22:49:39'),(28,1,NULL,'update','clientes','client',40,'Atualizou client #40','[]','{\"acao\":\"preview_engine_gerado\"}','::1','Mozilla/5.0 (Windows NT 10.0; Win64; x64) AppleWebKit/537.36 (KHTML, like Gecko) Chrome/147.0.0.0 Safari/537.36','2026-04-24 23:52:55','2026-04-24 23:52:55'),(29,1,NULL,'update','clientes','client',40,'Atualizou client #40','[]','{\"acao\":\"preview_engine_gerado\"}','::1','Mozilla/5.0 (Windows NT 10.0; Win64; x64) AppleWebKit/537.36 (KHTML, like Gecko) Chrome/147.0.0.0 Safari/537.36','2026-04-25 09:09:17','2026-04-25 09:09:17'),(30,1,NULL,'update','clientes','client',40,'Atualizou client #40','[]','{\"acao\":\"preview_engine_gerado\"}','::1','Mozilla/5.0 (Windows NT 10.0; Win64; x64) AppleWebKit/537.36 (KHTML, like Gecko) Chrome/147.0.0.0 Safari/537.36','2026-04-25 09:20:12','2026-04-25 09:20:12'),(31,1,NULL,'update','clientes','client',40,'Atualizou client #40','[]','{\"acao\":\"preview_engine_gerado\"}','::1','Mozilla/5.0 (Windows NT 10.0; Win64; x64) AppleWebKit/537.36 (KHTML, like Gecko) Chrome/147.0.0.0 Safari/537.36','2026-04-25 10:40:45','2026-04-25 10:40:45'),(32,1,NULL,'create','clientes','client',43,'Criou client #43',NULL,'{\"name\":\"teste\",\"slug\":\"teste\",\"trade_name\":null,\"document\":null,\"domain\":null,\"email\":null,\"phone\":null,\"whatsapp\":null,\"address\":null,\"city\":null,\"state\":null,\"zip\":null,\"layout_id\":null,\"business_type\":\"hospedagem\",\"status\":\"draft\",\"notes\":null}','::1','Mozilla/5.0 (Windows NT 10.0; Win64; x64) AppleWebKit/537.36 (KHTML, like Gecko) Chrome/147.0.0.0 Safari/537.36','2026-04-25 14:43:18','2026-04-25 14:43:18'),(33,1,NULL,'create','revendedores','user',6,'Criou user #6',NULL,'{\"nome\":\"teste\",\"email\":\"admidfn@admin.com\"}','::1','Mozilla/5.0 (Windows NT 10.0; Win64; x64) AppleWebKit/537.36 (KHTML, like Gecko) Chrome/147.0.0.0 Safari/537.36','2026-04-25 14:56:28','2026-04-25 14:56:28'),(34,1,NULL,'criacao','creditos',NULL,NULL,'Adicionado 1 credito(s) para revendedor teste (ID: 6)',NULL,NULL,'::1','Mozilla/5.0 (Windows NT 10.0; Win64; x64) AppleWebKit/537.36 (KHTML, like Gecko) Chrome/147.0.0.0 Safari/537.36','2026-04-25 14:56:38','2026-04-25 14:56:38'),(35,1,NULL,'update','revendedores','user',6,'Atualizou user #6','[]','{\"name\":\"teste\",\"email\":\"admidfn@admin.com\",\"phone\":null,\"password\":\"teste2\"}','::1','Mozilla/5.0 (Windows NT 10.0; Win64; x64) AppleWebKit/537.36 (KHTML, like Gecko) Chrome/147.0.0.0 Safari/537.36','2026-04-25 15:03:27','2026-04-25 15:03:27'),(36,6,NULL,'login','auth',NULL,NULL,'Login realizado: admidfn@admin.com',NULL,NULL,'::1','Mozilla/5.0 (Windows NT 10.0; Win64; x64) AppleWebKit/537.36 (KHTML, like Gecko) Chrome/147.0.0.0 Safari/537.36','2026-04-25 15:03:29','2026-04-25 15:03:29'),(37,6,NULL,'create','clientes','client',44,'Criou client #44',NULL,'{\"name\":\"Matheus Lacau Da Luz\",\"slug\":\"matheus-lacau-da-luz\",\"trade_name\":\"Matheus Lacau Da Luz\",\"document\":null,\"domain\":null,\"email\":\"matheuslacaudaluz2004@gmail.com\",\"phone\":\"48991380352\",\"whatsapp\":null,\"address\":\"Estrada Geral do ouvidor Campo Duna Garopaba SC, 50\",\"city\":\"Garopaba\",\"state\":\"SC\",\"zip\":\"88495-000\",\"layout_id\":\"2\",\"business_type\":\"hospedagem\",\"status\":\"draft\",\"notes\":null,\"reseller_id\":6,\"origem\":\"revendedor\",\"revendedor_id\":6,\"revendedor_nome\":\"teste\"}','::1','Mozilla/5.0 (Windows NT 10.0; Win64; x64) AppleWebKit/537.36 (KHTML, like Gecko) Chrome/147.0.0.0 Safari/537.36','2026-04-25 15:03:40','2026-04-25 15:03:40'),(38,1,NULL,'update','clientes','client',44,'Atualizou client #44','{\"status\":\"draft\"}','{\"status\":\"active\"}','::1','Mozilla/5.0 (Windows NT 10.0; Win64; x64) AppleWebKit/537.36 (KHTML, like Gecko) Chrome/147.0.0.0 Safari/537.36','2026-04-25 15:10:08','2026-04-25 15:10:08'),(39,1,NULL,'delete','clientes','client',44,'Excluiu client #44','{\"name\":\"Matheus Lacau Da Luz\",\"slug\":\"matheus-lacau-da-luz\"}',NULL,'::1','Mozilla/5.0 (Windows NT 10.0; Win64; x64) AppleWebKit/537.36 (KHTML, like Gecko) Chrome/147.0.0.0 Safari/537.36','2026-04-25 15:10:51','2026-04-25 15:10:51'),(40,1,NULL,'delete','clientes','client',43,'Excluiu client #43','{\"name\":\"teste\",\"slug\":\"teste\"}',NULL,'::1','Mozilla/5.0 (Windows NT 10.0; Win64; x64) AppleWebKit/537.36 (KHTML, like Gecko) Chrome/147.0.0.0 Safari/537.36','2026-04-25 15:10:55','2026-04-25 15:10:55');

--
-- Table structure for table `amenities`
--

CREATE TABLE `amenities` (
  `id` bigint(20) unsigned NOT NULL AUTO_INCREMENT,
  `name` varchar(255) NOT NULL,
  `icon` varchar(255) DEFAULT NULL,
  `category` varchar(50) NOT NULL DEFAULT 'general',
  `created_at` timestamp NULL DEFAULT NULL,
  `updated_at` timestamp NULL DEFAULT NULL,
  PRIMARY KEY (`id`)
) ENGINE=InnoDB AUTO_INCREMENT=18 DEFAULT CHARSET=utf8mb4 COLLATE=utf8mb4_unicode_ci;

--
-- Dumping data for table `amenities`
--

INSERT INTO `amenities` VALUES (1,'Wi-Fi Gratuito',NULL,'general','2026-04-06 23:30:50','2026-04-06 23:30:50'),(2,'Ar-Condicionado',NULL,'general','2026-04-06 23:30:50','2026-04-06 23:30:50'),(3,'TV Smart',NULL,'general','2026-04-06 23:30:50','2026-04-06 23:30:50'),(4,'Frigobar',NULL,'general','2026-04-06 23:30:50','2026-04-06 23:30:50'),(5,'Cofre',NULL,'general','2026-04-06 23:30:50','2026-04-06 23:30:50'),(6,'Cama King Size',NULL,'general','2026-04-06 23:30:50','2026-04-06 23:30:50'),(7,'Cama Queen Size',NULL,'general','2026-04-06 23:30:50','2026-04-06 23:30:50'),(8,'Varanda',NULL,'general','2026-04-06 23:30:50','2026-04-06 23:30:50'),(9,'Secador de Cabelo',NULL,'general','2026-04-06 23:30:50','2026-04-06 23:30:50'),(10,'Banheira de Hidromassagem',NULL,'general','2026-04-06 23:30:50','2026-04-06 23:30:50'),(11,'Toalhas Premium',NULL,'general','2026-04-06 23:30:50','2026-04-06 23:30:50'),(12,'Amenities de Banho',NULL,'general','2026-04-06 23:30:50','2026-04-06 23:30:50'),(13,'Café da Manhã Incluso',NULL,'general','2026-04-06 23:30:50','2026-04-06 23:30:50'),(14,'Lareira',NULL,'general','2026-04-06 23:30:50','2026-04-06 23:30:50'),(15,'Vista para o Mar',NULL,'general','2026-04-06 23:30:50','2026-04-06 23:30:50'),(16,'Estacionamento',NULL,'general','2026-04-06 23:30:50','2026-04-06 23:30:50'),(17,'Serviço de Quarto',NULL,'general','2026-04-06 23:30:50','2026-04-06 23:30:50');

--
-- Table structure for table `client_sections`
--

CREATE TABLE `client_sections` (
  `id` bigint(20) unsigned NOT NULL AUTO_INCREMENT,
  `created_at` timestamp NULL DEFAULT NULL,
  `updated_at` timestamp NULL DEFAULT NULL,
  PRIMARY KEY (`id`)
) ENGINE=InnoDB DEFAULT CHARSET=utf8mb4 COLLATE=utf8mb4_unicode_ci;

--
-- Dumping data for table `client_sections`
--


--
-- Table structure for table `client_site_config`
--

CREATE TABLE `client_site_config` (
  `id` bigint(20) unsigned NOT NULL AUTO_INCREMENT,
  `created_at` timestamp NULL DEFAULT NULL,
  `updated_at` timestamp NULL DEFAULT NULL,
  PRIMARY KEY (`id`)
) ENGINE=InnoDB DEFAULT CHARSET=utf8mb4 COLLATE=utf8mb4_unicode_ci;

--
-- Dumping data for table `client_site_config`
--


--
-- Table structure for table `credit_transactions`
--

CREATE TABLE `credit_transactions` (
  `id` bigint(20) unsigned NOT NULL AUTO_INCREMENT,
  `user_id` bigint(20) unsigned NOT NULL COMMENT 'Revendedor que teve o saldo alterado',
  `client_id` bigint(20) unsigned DEFAULT NULL COMMENT 'Cliente que originou a transacao (nullable para creditos manuais)',
  `type` enum('credit','debit') NOT NULL COMMENT 'credit=entrada, debit=saida',
  `amount` int(10) unsigned NOT NULL COMMENT 'Quantidade de creditos movimentados',
  `description` varchar(500) DEFAULT NULL COMMENT 'Descricao legivel da transacao',
  `created_by` bigint(20) unsigned DEFAULT NULL COMMENT 'Admin que realizou a operacao',
  `created_at` timestamp NULL DEFAULT NULL,
  `updated_at` timestamp NULL DEFAULT NULL,
  PRIMARY KEY (`id`),
  KEY `credit_transactions_created_by_foreign` (`created_by`),
  KEY `credit_transactions_user_id_index` (`user_id`),
  KEY `credit_transactions_client_id_index` (`client_id`),
  CONSTRAINT `credit_transactions_client_id_foreign` FOREIGN KEY (`client_id`) REFERENCES `clients` (`id`) ON DELETE SET NULL,
  CONSTRAINT `credit_transactions_created_by_foreign` FOREIGN KEY (`created_by`) REFERENCES `users` (`id`) ON DELETE SET NULL,
  CONSTRAINT `credit_transactions_user_id_foreign` FOREIGN KEY (`user_id`) REFERENCES `users` (`id`) ON DELETE CASCADE
) ENGINE=InnoDB AUTO_INCREMENT=5 DEFAULT CHARSET=utf8mb4 COLLATE=utf8mb4_unicode_ci;

--
-- Dumping data for table `credit_transactions`
--

INSERT INTO `credit_transactions` VALUES (3,6,NULL,'credit',1,'Credito adicionado pelo administrador.',1,'2026-04-25 14:56:38','2026-04-25 14:56:38'),(4,6,NULL,'debit',0,'Ativacao manual via portao de deploy: Matheus Lacau Da Luz',1,'2026-04-25 15:10:08','2026-04-25 15:10:08');

--
-- Table structure for table `failed_jobs`
--

CREATE TABLE `failed_jobs` (
  `id` bigint(20) unsigned NOT NULL AUTO_INCREMENT,
  `uuid` varchar(255) NOT NULL,
  `connection` text NOT NULL,
  `queue` text NOT NULL,
  `payload` longtext NOT NULL,
  `exception` longtext NOT NULL,
  `failed_at` timestamp NOT NULL DEFAULT current_timestamp(),
  PRIMARY KEY (`id`),
  UNIQUE KEY `failed_jobs_uuid_unique` (`uuid`)
) ENGINE=InnoDB DEFAULT CHARSET=utf8mb4 COLLATE=utf8mb4_unicode_ci;

--
-- Dumping data for table `failed_jobs`
--


--
-- Table structure for table `faqs`
--

CREATE TABLE `faqs` (
  `id` bigint(20) unsigned NOT NULL AUTO_INCREMENT,
  `client_id` bigint(20) unsigned NOT NULL,
  `page_id` bigint(20) unsigned DEFAULT NULL,
  `question` varchar(500) NOT NULL,
  `answer` text NOT NULL,
  `order` int(10) unsigned NOT NULL DEFAULT 0,
  `is_visible` tinyint(1) NOT NULL DEFAULT 1,
  `created_at` timestamp NULL DEFAULT NULL,
  `updated_at` timestamp NULL DEFAULT NULL,
  PRIMARY KEY (`id`),
  KEY `faqs_page_id_foreign` (`page_id`),
  KEY `faqs_client_id_index` (`client_id`),
  CONSTRAINT `faqs_client_id_foreign` FOREIGN KEY (`client_id`) REFERENCES `clients` (`id`) ON DELETE CASCADE,
  CONSTRAINT `faqs_page_id_foreign` FOREIGN KEY (`page_id`) REFERENCES `pages` (`id`) ON DELETE SET NULL
) ENGINE=InnoDB DEFAULT CHARSET=utf8mb4 COLLATE=utf8mb4_unicode_ci;

--
-- Dumping data for table `faqs`
--


--
-- Table structure for table `galleries`
--

CREATE TABLE `galleries` (
  `id` bigint(20) unsigned NOT NULL AUTO_INCREMENT,
  `client_id` bigint(20) unsigned NOT NULL,
  `page_id` bigint(20) unsigned DEFAULT NULL,
  `name` varchar(150) NOT NULL,
  `slug` varchar(200) DEFAULT NULL,
  `description` text DEFAULT NULL,
  `order` int(10) unsigned NOT NULL DEFAULT 0,
  `is_visible` tinyint(1) NOT NULL DEFAULT 1,
  `created_at` timestamp NULL DEFAULT NULL,
  `updated_at` timestamp NULL DEFAULT NULL,
  PRIMARY KEY (`id`),
  KEY `galleries_page_id_foreign` (`page_id`),
  KEY `galleries_client_id_index` (`client_id`),
  CONSTRAINT `galleries_client_id_foreign` FOREIGN KEY (`client_id`) REFERENCES `clients` (`id`) ON DELETE CASCADE,
  CONSTRAINT `galleries_page_id_foreign` FOREIGN KEY (`page_id`) REFERENCES `pages` (`id`) ON DELETE SET NULL
) ENGINE=InnoDB DEFAULT CHARSET=utf8mb4 COLLATE=utf8mb4_unicode_ci;

--
-- Dumping data for table `galleries`
--


--
-- Table structure for table `gallery_images`
--

CREATE TABLE `gallery_images` (
  `id` bigint(20) unsigned NOT NULL AUTO_INCREMENT,
  `gallery_id` bigint(20) unsigned NOT NULL,
  `media_id` bigint(20) unsigned DEFAULT NULL,
  `caption` varchar(300) DEFAULT NULL,
  `order` int(10) unsigned NOT NULL DEFAULT 0,
  `created_at` timestamp NULL DEFAULT NULL,
  `updated_at` timestamp NULL DEFAULT NULL,
  PRIMARY KEY (`id`),
  KEY `gallery_images_media_id_foreign` (`media_id`),
  KEY `gallery_images_gallery_id_index` (`gallery_id`),
  CONSTRAINT `gallery_images_gallery_id_foreign` FOREIGN KEY (`gallery_id`) REFERENCES `galleries` (`id`) ON DELETE CASCADE,
  CONSTRAINT `gallery_images_media_id_foreign` FOREIGN KEY (`media_id`) REFERENCES `media` (`id`) ON DELETE SET NULL
) ENGINE=InnoDB DEFAULT CHARSET=utf8mb4 COLLATE=utf8mb4_unicode_ci;

--
-- Dumping data for table `gallery_images`
--


--
-- Table structure for table `hero_configs`
--

CREATE TABLE `hero_configs` (
  `id` bigint(20) unsigned NOT NULL AUTO_INCREMENT,
  `client_id` bigint(20) unsigned NOT NULL,
  `page_id` bigint(20) unsigned DEFAULT NULL,
  `hero_type` enum('image','slider','video_file','youtube_embed','media_360') NOT NULL DEFAULT 'image',
  `hero_title` varchar(255) DEFAULT NULL,
  `hero_subtitle` varchar(255) DEFAULT NULL,
  `hero_description` text DEFAULT NULL,
  `hero_cta_text` varchar(255) DEFAULT NULL,
  `hero_cta_link` varchar(255) DEFAULT NULL,
  `hero_media_desktop` varchar(255) DEFAULT NULL,
  `hero_media_mobile` varchar(255) DEFAULT NULL,
  `hero_youtube_url` varchar(255) DEFAULT NULL,
  `hero_360_source` varchar(255) DEFAULT NULL,
  `hero_fallback_image` varchar(255) DEFAULT NULL,
  `hero_autoplay` tinyint(1) NOT NULL DEFAULT 1,
  `hero_loop` tinyint(1) NOT NULL DEFAULT 1,
  `hero_muted` tinyint(1) NOT NULL DEFAULT 1,
  `hero_controls` tinyint(1) NOT NULL DEFAULT 0,
  `hero_overlay` tinyint(1) NOT NULL DEFAULT 1,
  `hero_overlay_opacity` decimal(3,2) NOT NULL DEFAULT 0.40,
  `hero_slider_images` longtext CHARACTER SET utf8mb4 COLLATE utf8mb4_bin DEFAULT NULL CHECK (json_valid(`hero_slider_images`)),
  `created_at` timestamp NULL DEFAULT NULL,
  `updated_at` timestamp NULL DEFAULT NULL,
  PRIMARY KEY (`id`),
  KEY `hero_configs_page_id_foreign` (`page_id`),
  KEY `hero_configs_client_id_page_id_index` (`client_id`,`page_id`),
  CONSTRAINT `hero_configs_client_id_foreign` FOREIGN KEY (`client_id`) REFERENCES `clients` (`id`) ON DELETE CASCADE,
  CONSTRAINT `hero_configs_page_id_foreign` FOREIGN KEY (`page_id`) REFERENCES `pages` (`id`) ON DELETE SET NULL
) ENGINE=InnoDB DEFAULT CHARSET=utf8mb4 COLLATE=utf8mb4_unicode_ci;

--
-- Dumping data for table `hero_configs`
--


--
-- Table structure for table `job_batches`
--

CREATE TABLE `job_batches` (
  `id` varchar(255) NOT NULL,
  `name` varchar(255) NOT NULL,
  `total_jobs` int(11) NOT NULL,
  `pending_jobs` int(11) NOT NULL,
  `failed_jobs` int(11) NOT NULL,
  `failed_job_ids` longtext NOT NULL,
  `options` mediumtext DEFAULT NULL,
  `cancelled_at` int(11) DEFAULT NULL,
  `created_at` int(11) NOT NULL,
  `finished_at` int(11) DEFAULT NULL,
  PRIMARY KEY (`id`)
) ENGINE=InnoDB DEFAULT CHARSET=utf8mb4 COLLATE=utf8mb4_unicode_ci;

--
-- Dumping data for table `job_batches`
--


--
-- Table structure for table `jobs`
--

CREATE TABLE `jobs` (
  `id` bigint(20) unsigned NOT NULL AUTO_INCREMENT,
  `queue` varchar(255) NOT NULL,
  `payload` longtext NOT NULL,
  `attempts` tinyint(3) unsigned NOT NULL,
  `reserved_at` int(10) unsigned DEFAULT NULL,
  `available_at` int(10) unsigned NOT NULL,
  `created_at` int(10) unsigned NOT NULL,
  PRIMARY KEY (`id`),
  KEY `jobs_queue_index` (`queue`)
) ENGINE=InnoDB DEFAULT CHARSET=utf8mb4 COLLATE=utf8mb4_unicode_ci;

--
-- Dumping data for table `jobs`
--


--
-- Table structure for table `layout_sections`
--

CREATE TABLE `layout_sections` (
  `id` bigint(20) unsigned NOT NULL AUTO_INCREMENT,
  `layout_id` bigint(20) unsigned NOT NULL,
  `identifier` varchar(255) NOT NULL,
  `page_type` varchar(255) NOT NULL DEFAULT 'home',
  `component_type` varchar(255) NOT NULL DEFAULT 'text_image',
  `name` varchar(255) NOT NULL,
  `description` text DEFAULT NULL,
  `default_order` int(11) NOT NULL DEFAULT 0,
  `is_required` tinyint(1) NOT NULL DEFAULT 0,
  `is_optional` tinyint(1) NOT NULL DEFAULT 1,
  `supported_fields` longtext CHARACTER SET utf8mb4 COLLATE utf8mb4_bin DEFAULT NULL CHECK (json_valid(`supported_fields`)),
  `fields_schema` longtext CHARACTER SET utf8mb4 COLLATE utf8mb4_bin DEFAULT NULL CHECK (json_valid(`fields_schema`)),
  `default_values` longtext CHARACTER SET utf8mb4 COLLATE utf8mb4_bin DEFAULT NULL CHECK (json_valid(`default_values`)),
  `briefing_mapping` longtext CHARACTER SET utf8mb4 COLLATE utf8mb4_bin DEFAULT NULL CHECK (json_valid(`briefing_mapping`)),
  `is_reorderable` tinyint(1) NOT NULL DEFAULT 0,
  `is_enabled` tinyint(1) NOT NULL DEFAULT 1,
  `icon` varchar(255) DEFAULT NULL,
  `admin_notes` text DEFAULT NULL,
  `created_at` timestamp NULL DEFAULT NULL,
  `updated_at` timestamp NULL DEFAULT NULL,
  PRIMARY KEY (`id`),
  UNIQUE KEY `layout_sections_layout_id_identifier_unique` (`layout_id`,`identifier`),
  CONSTRAINT `layout_sections_layout_id_foreign` FOREIGN KEY (`layout_id`) REFERENCES `layouts` (`id`) ON DELETE CASCADE
) ENGINE=InnoDB AUTO_INCREMENT=23 DEFAULT CHARSET=utf8mb4 COLLATE=utf8mb4_unicode_ci;

--
-- Dumping data for table `layout_sections`
--


--
-- Table structure for table `layout_sync_logs`
--

CREATE TABLE `layout_sync_logs` (
  `id` bigint(20) unsigned NOT NULL AUTO_INCREMENT,
  `client_id` bigint(20) unsigned NOT NULL,
  `layout_id` bigint(20) unsigned DEFAULT NULL,
  `from_version` varchar(20) DEFAULT NULL COMMENT 'Versão antes da sincronização',
  `to_version` varchar(20) DEFAULT NULL COMMENT 'Versão após a sincronização',
  `action` enum('snapshot','sync','rollback') NOT NULL DEFAULT 'snapshot' COMMENT 'snapshot=criação inicial, sync=atualização manual, rollback=reversão',
  `synced_by` bigint(20) unsigned DEFAULT NULL,
  `files_changed` longtext CHARACTER SET utf8mb4 COLLATE utf8mb4_bin DEFAULT NULL COMMENT 'Lista de arquivos modificados nesta operação' CHECK (json_valid(`files_changed`)),
  `notes` text DEFAULT NULL COMMENT 'Observações adicionais',
  `created_at` timestamp NULL DEFAULT NULL,
  `updated_at` timestamp NULL DEFAULT NULL,
  PRIMARY KEY (`id`),
  KEY `layout_sync_logs_synced_by_foreign` (`synced_by`),
  KEY `layout_sync_logs_client_id_index` (`client_id`),
  KEY `layout_sync_logs_layout_id_index` (`layout_id`),
  KEY `layout_sync_logs_created_at_index` (`created_at`),
  CONSTRAINT `layout_sync_logs_client_id_foreign` FOREIGN KEY (`client_id`) REFERENCES `clients` (`id`) ON DELETE CASCADE,
  CONSTRAINT `layout_sync_logs_layout_id_foreign` FOREIGN KEY (`layout_id`) REFERENCES `layouts` (`id`) ON DELETE SET NULL,
  CONSTRAINT `layout_sync_logs_synced_by_foreign` FOREIGN KEY (`synced_by`) REFERENCES `users` (`id`) ON DELETE SET NULL
) ENGINE=InnoDB AUTO_INCREMENT=203 DEFAULT CHARSET=utf8mb4 COLLATE=utf8mb4_unicode_ci;

--
-- Dumping data for table `layout_sync_logs`
--

INSERT INTO `layout_sync_logs` VALUES (2,32,2,NULL,'1.0.0','snapshot',NULL,'[\"C:\\\\xampp\\\\htdocs\\\\sistema agencia local\\\\resources\\\\views\\\\templates\\\\hotel\\\\a-pousada.blade.php\",\"C:\\\\xampp\\\\htdocs\\\\sistema agencia local\\\\resources\\\\views\\\\templates\\\\hotel\\\\a-regiao.blade.php\",\"C:\\\\xampp\\\\htdocs\\\\sistema agencia local\\\\resources\\\\views\\\\templates\\\\hotel\\\\acomodacao-detalhe.blade.php\",\"C:\\\\xampp\\\\htdocs\\\\sistema agencia local\\\\resources\\\\views\\\\templates\\\\hotel\\\\acomodacoes.blade.php\",\"C:\\\\xampp\\\\htdocs\\\\sistema agencia local\\\\resources\\\\views\\\\templates\\\\hotel\\\\components\\\\hero.blade.php\",\"C:\\\\xampp\\\\htdocs\\\\sistema agencia local\\\\resources\\\\views\\\\templates\\\\hotel\\\\components\\\\img-placeholder.blade.php\",\"C:\\\\xampp\\\\htdocs\\\\sistema agencia local\\\\resources\\\\views\\\\templates\\\\hotel\\\\contato.blade.php\",\"C:\\\\xampp\\\\htdocs\\\\sistema agencia local\\\\resources\\\\views\\\\templates\\\\hotel\\\\faq.blade.php\",\"C:\\\\xampp\\\\htdocs\\\\sistema agencia local\\\\resources\\\\views\\\\templates\\\\hotel\\\\home.blade.php\",\"C:\\\\xampp\\\\htdocs\\\\sistema agencia local\\\\resources\\\\views\\\\templates\\\\hotel\\\\layout.blade.php\",\"C:\\\\xampp\\\\htdocs\\\\sistema agencia local\\\\resources\\\\views\\\\templates\\\\hotel\\\\politica-reservas.blade.php\"]','Snapshot inicial criado a partir do template \'hotel\'','2026-04-02 22:12:49','2026-04-02 22:12:49'),(3,32,2,'1.0.0','1.1.0','sync',1,'[\"__css__\"]','Sincronização total de v1.0.0 para v1.1.0','2026-04-03 21:34:42','2026-04-03 21:34:42'),(4,32,2,'1.1.0','1.1.0','sync',1,'[\"__css__\"]','Sincronização total de v1.1.0 para v1.1.0','2026-04-03 22:37:50','2026-04-03 22:37:50'),(6,32,2,'1.1.0','1.1.0','sync',1,'[\"__css__\"]','Sincronização total de v1.1.0 para v1.1.0','2026-04-07 23:30:57','2026-04-07 23:30:57'),(9,32,2,'1.1.0','1.1.0','sync',1,'[\"pagina-custom.blade.php\",\"a-pousada.blade.php\",\"acomodacao-detalhe.blade.php\",\"acomodacoes.blade.php\",\"admin\\/acomodacoes\\/form.blade.php\",\"admin\\/configuracoes\\/index.blade.php\",\"admin\\/paginas-extras\\/index.blade.php\",\"components\\/hero.blade.php\",\"contato.blade.php\",\"faq.blade.php\",\"home.blade.php\",\"layout.blade.php\",\"politica-reservas.blade.php\"]','Sincronização total de v1.1.0 para v1.1.0. Removidos: 0','2026-04-08 19:59:19','2026-04-08 19:59:19'),(12,32,2,'1.1.0','1.1.0','sync',1,'[\"a-pousada.blade.php\",\"a-regiao.blade.php\",\"acomodacao-detalhe.blade.php\",\"acomodacoes.blade.php\",\"admin\\/configuracoes\\/index.blade.php\",\"components\\/hero.blade.php\",\"contato.blade.php\",\"faq.blade.php\",\"home.blade.php\",\"layout.blade.php\",\"pagina-custom.blade.php\",\"politica-reservas.blade.php\",\"__css__\"]','Sincronização total de v1.1.0 para v1.1.0. Removidos: 0','2026-04-08 20:05:02','2026-04-08 20:05:02'),(15,32,2,'1.1.0','1.1.0','sync',1,'[\"a-pousada.blade.php\",\"a-regiao.blade.php\",\"acomodacao-detalhe.blade.php\",\"acomodacoes.blade.php\",\"admin\\/layout.blade.php\",\"components\\/hero.blade.php\",\"contato.blade.php\",\"faq.blade.php\",\"home.blade.php\",\"pagina-custom.blade.php\",\"politica-reservas.blade.php\"]','Sincronização total de v1.1.0 para v1.1.0. Removidos: 0','2026-04-08 20:12:06','2026-04-08 20:12:06'),(17,32,2,'1.1.0','1.1.0','sync',1,'[\"a-pousada.blade.php\",\"a-regiao.blade.php\",\"acomodacao-detalhe.blade.php\",\"acomodacoes.blade.php\",\"admin\\/layout.blade.php\",\"components\\/hero.blade.php\",\"contato.blade.php\",\"faq.blade.php\",\"home.blade.php\",\"pagina-custom.blade.php\",\"politica-reservas.blade.php\"]','Sincronização total de v1.1.0 para v1.1.0. Removidos: 0','2026-04-08 20:15:55','2026-04-08 20:15:55'),(19,32,2,'1.1.0','1.1.0','sync',1,'[\"a-pousada.blade.php\",\"a-regiao.blade.php\",\"acomodacao-detalhe.blade.php\",\"acomodacoes.blade.php\",\"admin\\/paginas\\/home.blade.php\",\"components\\/hero.blade.php\",\"contato.blade.php\",\"faq.blade.php\",\"home.blade.php\",\"pagina-custom.blade.php\",\"politica-reservas.blade.php\"]','Sincronização total de v1.1.0 para v1.1.0. Removidos: 0','2026-04-08 20:45:21','2026-04-08 20:45:21'),(24,32,2,'1.1.0','1.1.0','sync',1,'[\"a-pousada.blade.php\",\"a-regiao.blade.php\",\"acomodacao-detalhe.blade.php\",\"acomodacoes.blade.php\",\"components\\/hero.blade.php\",\"contato.blade.php\",\"faq.blade.php\",\"home.blade.php\",\"layout.blade.php\",\"pagina-custom.blade.php\",\"politica-reservas.blade.php\"]','Sincronização total de v1.1.0 para v1.1.0. Removidos: 0','2026-04-08 22:01:56','2026-04-08 22:01:56'),(26,32,2,'1.1.0','1.1.0','sync',1,'[\"a-pousada.blade.php\",\"a-regiao.blade.php\",\"acomodacao-detalhe.blade.php\",\"acomodacoes.blade.php\",\"components\\/hero.blade.php\",\"contato.blade.php\",\"faq.blade.php\",\"home.blade.php\",\"pagina-custom.blade.php\",\"politica-reservas.blade.php\",\"__css__\"]','Sincronização total de v1.1.0 para v1.1.0. Removidos: 0','2026-04-08 22:09:10','2026-04-08 22:09:10'),(28,32,2,'1.1.0','1.1.0','sync',1,'[\"a-pousada.blade.php\",\"a-regiao.blade.php\",\"acomodacao-detalhe.blade.php\",\"acomodacoes.blade.php\",\"components\\/hero.blade.php\",\"contato.blade.php\",\"faq.blade.php\",\"home.blade.php\",\"pagina-custom.blade.php\",\"politica-reservas.blade.php\",\"__css__\"]','Sincronização total de v1.1.0 para v1.1.0. Removidos: 0','2026-04-08 22:16:31','2026-04-08 22:16:31'),(30,32,2,'1.1.0','1.1.0','sync',1,'[\"a-pousada.blade.php\",\"a-regiao.blade.php\",\"acomodacao-detalhe.blade.php\",\"acomodacoes.blade.php\",\"components\\/hero.blade.php\",\"contato.blade.php\",\"faq.blade.php\",\"home.blade.php\",\"pagina-custom.blade.php\",\"politica-reservas.blade.php\",\"__css__\"]','Sincronização total de v1.1.0 para v1.1.0. Removidos: 0','2026-04-08 22:17:46','2026-04-08 22:17:46'),(32,32,2,'1.1.0','1.1.0','sync',1,'[\"a-pousada.blade.php\",\"a-regiao.blade.php\",\"acomodacao-detalhe.blade.php\",\"acomodacoes.blade.php\",\"components\\/hero.blade.php\",\"contato.blade.php\",\"faq.blade.php\",\"home.blade.php\",\"pagina-custom.blade.php\",\"politica-reservas.blade.php\",\"__css__\"]','Sincronização total de v1.1.0 para v1.1.0. Removidos: 0','2026-04-08 22:19:40','2026-04-08 22:19:40'),(34,32,2,'1.1.0','1.1.0','sync',1,'[\"a-pousada.blade.php\",\"a-regiao.blade.php\",\"acomodacao-detalhe.blade.php\",\"acomodacoes.blade.php\",\"admin\\/paginas\\/home.blade.php\",\"components\\/hero.blade.php\",\"contato.blade.php\",\"faq.blade.php\",\"home.blade.php\",\"pagina-custom.blade.php\",\"politica-reservas.blade.php\"]','Sincronização total de v1.1.0 para v1.1.0. Removidos: 0','2026-04-08 22:23:44','2026-04-08 22:23:44'),(36,32,2,'1.1.0','1.1.0','sync',1,'[\"a-pousada.blade.php\",\"a-regiao.blade.php\",\"acomodacao-detalhe.blade.php\",\"acomodacoes.blade.php\",\"admin\\/configuracoes\\/index.blade.php\",\"components\\/hero.blade.php\",\"contato.blade.php\",\"faq.blade.php\",\"home.blade.php\",\"layout.blade.php\",\"pagina-custom.blade.php\",\"politica-reservas.blade.php\"]','Sincronização total de v1.1.0 para v1.1.0. Removidos: 0','2026-04-08 22:27:53','2026-04-08 22:27:53'),(39,32,2,'1.1.0','1.1.0','sync',1,'[\"a-pousada.blade.php\",\"a-regiao.blade.php\",\"acomodacao-detalhe.blade.php\",\"acomodacoes.blade.php\",\"admin\\/configuracoes\\/index.blade.php\",\"components\\/hero.blade.php\",\"contato.blade.php\",\"faq.blade.php\",\"home.blade.php\",\"layout.blade.php\",\"pagina-custom.blade.php\",\"politica-reservas.blade.php\"]','Sincronização total de v1.1.0 para v1.1.0. Removidos: 0','2026-04-08 22:39:32','2026-04-08 22:39:32'),(41,32,2,'1.1.0','1.1.0','sync',1,'[\"a-pousada.blade.php\",\"a-regiao.blade.php\",\"acomodacao-detalhe.blade.php\",\"acomodacoes.blade.php\",\"components\\/hero.blade.php\",\"contato.blade.php\",\"faq.blade.php\",\"home.blade.php\",\"layout.blade.php\",\"pagina-custom.blade.php\",\"politica-reservas.blade.php\"]','Sincronização total de v1.1.0 para v1.1.0. Removidos: 0','2026-04-08 22:42:59','2026-04-08 22:42:59'),(43,32,2,'1.1.0','1.1.0','sync',1,'[\"a-pousada.blade.php\",\"a-regiao.blade.php\",\"acomodacao-detalhe.blade.php\",\"acomodacoes.blade.php\",\"components\\/hero.blade.php\",\"contato.blade.php\",\"faq.blade.php\",\"home.blade.php\",\"layout.blade.php\",\"pagina-custom.blade.php\",\"politica-reservas.blade.php\"]','Sincronização total de v1.1.0 para v1.1.0. Removidos: 0','2026-04-08 22:44:11','2026-04-08 22:44:11'),(45,32,2,'1.1.0','1.1.0','sync',1,'[\"a-pousada.blade.php\",\"a-regiao.blade.php\",\"acomodacao-detalhe.blade.php\",\"acomodacoes.blade.php\",\"admin\\/paginas\\/home.blade.php\",\"components\\/hero.blade.php\",\"contato.blade.php\",\"faq.blade.php\",\"home.blade.php\",\"pagina-custom.blade.php\",\"politica-reservas.blade.php\"]','Sincronização total de v1.1.0 para v1.1.0. Removidos: 0','2026-04-08 23:12:49','2026-04-08 23:12:49'),(47,32,2,'1.1.0','1.1.0','sync',1,'[\"a-pousada.blade.php\",\"a-regiao.blade.php\",\"acomodacao-detalhe.blade.php\",\"acomodacoes.blade.php\",\"admin\\/paginas\\/home.blade.php\",\"components\\/hero.blade.php\",\"contato.blade.php\",\"faq.blade.php\",\"home.blade.php\",\"pagina-custom.blade.php\",\"politica-reservas.blade.php\"]','Sincronização total de v1.1.0 para v1.1.0. Removidos: 0','2026-04-08 23:21:20','2026-04-08 23:21:20'),(49,32,2,'1.1.0','1.1.0','sync',1,'[\"a-pousada.blade.php\",\"a-regiao.blade.php\",\"acomodacao-detalhe.blade.php\",\"acomodacoes.blade.php\",\"components\\/hero.blade.php\",\"contato.blade.php\",\"faq.blade.php\",\"home.blade.php\",\"layout.blade.php\",\"pagina-custom.blade.php\",\"politica-reservas.blade.php\",\"__css__\"]','Sincronização total de v1.1.0 para v1.1.0. Removidos: 0','2026-04-08 23:29:05','2026-04-08 23:29:05'),(51,32,2,'1.1.0','1.1.0','sync',1,'[\"a-pousada.blade.php\",\"a-regiao.blade.php\",\"acomodacao-detalhe.blade.php\",\"acomodacoes.blade.php\",\"components\\/hero.blade.php\",\"contato.blade.php\",\"faq.blade.php\",\"home.blade.php\",\"pagina-custom.blade.php\",\"politica-reservas.blade.php\"]','Sincronização total de v1.1.0 para v1.1.0. Removidos: 0','2026-04-08 23:31:16','2026-04-08 23:31:16'),(53,32,2,'1.1.0','1.1.0','sync',1,'[\"a-pousada.blade.php\",\"a-regiao.blade.php\",\"acomodacao-detalhe.blade.php\",\"acomodacoes.blade.php\",\"components\\/hero.blade.php\",\"contato.blade.php\",\"faq.blade.php\",\"home.blade.php\",\"pagina-custom.blade.php\",\"politica-reservas.blade.php\"]','Sincronização total de v1.1.0 para v1.1.0. Removidos: 0','2026-04-08 23:32:46','2026-04-08 23:32:46'),(54,32,2,'1.1.0','1.1.0','sync',1,'[\"a-pousada.blade.php\",\"a-regiao.blade.php\",\"acomodacao-detalhe.blade.php\",\"acomodacoes.blade.php\",\"components\\/hero.blade.php\",\"contato.blade.php\",\"faq.blade.php\",\"home.blade.php\",\"pagina-custom.blade.php\",\"politica-reservas.blade.php\",\"__css__\"]','Sincronização total de v1.1.0 para v1.1.0. Removidos: 0','2026-04-08 23:39:09','2026-04-08 23:39:09'),(56,32,2,'1.1.0','1.1.0','sync',1,'[\"a-pousada.blade.php\",\"a-regiao.blade.php\",\"acomodacao-detalhe.blade.php\",\"acomodacoes.blade.php\",\"components\\/hero.blade.php\",\"contato.blade.php\",\"faq.blade.php\",\"home.blade.php\",\"pagina-custom.blade.php\",\"politica-reservas.blade.php\",\"__css__\"]','Sincronização total de v1.1.0 para v1.1.0. Removidos: 0','2026-04-08 23:41:24','2026-04-08 23:41:24'),(58,32,2,'1.1.0','1.1.0','sync',1,'[\"a-pousada.blade.php\",\"a-regiao.blade.php\",\"acomodacao-detalhe.blade.php\",\"acomodacoes.blade.php\",\"components\\/hero.blade.php\",\"contato.blade.php\",\"faq.blade.php\",\"home.blade.php\",\"pagina-custom.blade.php\",\"politica-reservas.blade.php\"]','Sincronização total de v1.1.0 para v1.1.0. Removidos: 0','2026-04-08 23:42:52','2026-04-08 23:42:52'),(60,32,2,'1.1.0','1.1.0','sync',1,'[\"a-pousada.blade.php\",\"a-regiao.blade.php\",\"acomodacao-detalhe.blade.php\",\"acomodacoes.blade.php\",\"components\\/hero.blade.php\",\"contato.blade.php\",\"faq.blade.php\",\"home.blade.php\",\"pagina-custom.blade.php\",\"politica-reservas.blade.php\",\"__css__\"]','Sincronização total de v1.1.0 para v1.1.0. Removidos: 0','2026-04-08 23:44:24','2026-04-08 23:44:24'),(62,32,2,'1.1.0','1.1.0','sync',1,'[\"a-pousada.blade.php\",\"a-regiao.blade.php\",\"acomodacao-detalhe.blade.php\",\"acomodacoes.blade.php\",\"components\\/hero.blade.php\",\"contato.blade.php\",\"faq.blade.php\",\"home.blade.php\",\"pagina-custom.blade.php\",\"politica-reservas.blade.php\",\"__css__\"]','Sincronização total de v1.1.0 para v1.1.0. Removidos: 0','2026-04-08 23:47:18','2026-04-08 23:47:18'),(64,32,2,'1.1.0','1.1.0','sync',1,'[\"a-pousada.blade.php\",\"a-regiao.blade.php\",\"acomodacao-detalhe.blade.php\",\"acomodacoes.blade.php\",\"components\\/hero.blade.php\",\"contato.blade.php\",\"faq.blade.php\",\"home.blade.php\",\"pagina-custom.blade.php\",\"politica-reservas.blade.php\"]','Sincronização total de v1.1.0 para v1.1.0. Removidos: 0','2026-04-08 23:50:53','2026-04-08 23:50:53'),(66,32,2,'1.1.0','1.1.0','sync',1,'[\"a-pousada.blade.php\",\"a-regiao.blade.php\",\"acomodacao-detalhe.blade.php\",\"acomodacoes.blade.php\",\"components\\/hero.blade.php\",\"contato.blade.php\",\"faq.blade.php\",\"home.blade.php\",\"pagina-custom.blade.php\",\"politica-reservas.blade.php\"]','Sincronização total de v1.1.0 para v1.1.0. Removidos: 0','2026-04-09 00:00:10','2026-04-09 00:00:10'),(68,32,2,'1.1.0','1.1.0','sync',1,'[\"a-pousada.blade.php\",\"a-regiao.blade.php\",\"acomodacao-detalhe.blade.php\",\"acomodacoes.blade.php\",\"admin\\/configuracoes\\/index.blade.php\",\"components\\/hero.blade.php\",\"contato.blade.php\",\"faq.blade.php\",\"home.blade.php\",\"layout.blade.php\",\"pagina-custom.blade.php\",\"politica-reservas.blade.php\",\"__css__\"]','Sincronização total de v1.1.0 para v1.1.0. Removidos: 0','2026-04-09 01:06:01','2026-04-09 01:06:01'),(71,32,2,'1.1.0','1.1.0','sync',1,'[\"a-pousada.blade.php\",\"a-regiao.blade.php\",\"acomodacao-detalhe.blade.php\",\"acomodacoes.blade.php\",\"components\\/hero.blade.php\",\"contato.blade.php\",\"faq.blade.php\",\"home.blade.php\",\"pagina-custom.blade.php\",\"politica-reservas.blade.php\"]','Sincronização total de v1.1.0 para v1.1.0. Removidos: 0','2026-04-09 01:12:40','2026-04-09 01:12:40'),(76,32,2,'1.1.0','1.1.0','sync',1,'[\"a-regiao.blade.php\",\"acomodacao-detalhe.blade.php\",\"admin\\/acomodacoes\\/form.blade.php\",\"admin\\/configuracoes\\/index.blade.php\",\"admin\\/paginas\\/a-regiao.blade.php\",\"components\\/hero.blade.php\",\"faq.blade.php\",\"layout.blade.php\",\"pagina-custom.blade.php\",\"politica-reservas.blade.php\",\"__css__\"]','Sincronização total de v1.1.0 para v1.1.0. Removidos: 0','2026-04-09 10:42:20','2026-04-09 10:42:20'),(80,32,2,'1.1.0','1.1.0','sync',1,'[\"a-pousada.blade.php\",\"a-regiao.blade.php\",\"acomodacao-detalhe.blade.php\",\"acomodacoes.blade.php\",\"admin\\/paginas\\/a-pousada.blade.php\",\"admin\\/paginas\\/a-regiao.blade.php\",\"components\\/hero.blade.php\",\"contato.blade.php\",\"faq.blade.php\",\"home.blade.php\",\"pagina-custom.blade.php\",\"politica-reservas.blade.php\"]','Sincronização total de v1.1.0 para v1.1.0. Removidos: 0','2026-04-09 10:55:33','2026-04-09 10:55:33'),(83,32,2,'1.1.0','1.1.0','sync',1,'[\"a-pousada.blade.php\",\"a-regiao.blade.php\",\"acomodacao-detalhe.blade.php\",\"acomodacoes.blade.php\",\"admin\\/paginas\\/a-regiao.blade.php\",\"components\\/hero.blade.php\",\"contato.blade.php\",\"faq.blade.php\",\"home.blade.php\",\"pagina-custom.blade.php\",\"politica-reservas.blade.php\"]','Sincronização total de v1.1.0 para v1.1.0. Removidos: 0','2026-04-09 11:03:55','2026-04-09 11:03:55'),(91,40,2,NULL,'1.1.0','snapshot',1,'[\"C:\\\\xampp\\\\htdocs\\\\sistema agencia local\\\\resources\\\\views\\\\templates\\\\hotel\\\\a-pousada.blade.php\",\"C:\\\\xampp\\\\htdocs\\\\sistema agencia local\\\\resources\\\\views\\\\templates\\\\hotel\\\\a-regiao.blade.php\",\"C:\\\\xampp\\\\htdocs\\\\sistema agencia local\\\\resources\\\\views\\\\templates\\\\hotel\\\\acomodacao-detalhe.blade.php\",\"C:\\\\xampp\\\\htdocs\\\\sistema agencia local\\\\resources\\\\views\\\\templates\\\\hotel\\\\acomodacoes.blade.php\",\"C:\\\\xampp\\\\htdocs\\\\sistema agencia local\\\\resources\\\\views\\\\templates\\\\hotel\\\\admin\\\\acomodacoes\\\\form.blade.php\",\"C:\\\\xampp\\\\htdocs\\\\sistema agencia local\\\\resources\\\\views\\\\templates\\\\hotel\\\\admin\\\\acomodacoes\\\\index.blade.php\",\"C:\\\\xampp\\\\htdocs\\\\sistema agencia local\\\\resources\\\\views\\\\templates\\\\hotel\\\\admin\\\\auth\\\\login.blade.php\",\"C:\\\\xampp\\\\htdocs\\\\sistema agencia local\\\\resources\\\\views\\\\templates\\\\hotel\\\\admin\\\\configuracoes\\\\codigo.blade.php\",\"C:\\\\xampp\\\\htdocs\\\\sistema agencia local\\\\resources\\\\views\\\\templates\\\\hotel\\\\admin\\\\configuracoes\\\\index.blade.php\",\"C:\\\\xampp\\\\htdocs\\\\sistema agencia local\\\\resources\\\\views\\\\templates\\\\hotel\\\\admin\\\\configuracoes\\\\logo.blade.php\",\"C:\\\\xampp\\\\htdocs\\\\sistema agencia local\\\\resources\\\\views\\\\templates\\\\hotel\\\\admin\\\\configuracoes\\\\politica.blade.php\",\"C:\\\\xampp\\\\htdocs\\\\sistema agencia local\\\\resources\\\\views\\\\templates\\\\hotel\\\\admin\\\\configuracoes\\\\seo.blade.php\",\"C:\\\\xampp\\\\htdocs\\\\sistema agencia local\\\\resources\\\\views\\\\templates\\\\hotel\\\\admin\\\\dashboard.blade.php\",\"C:\\\\xampp\\\\htdocs\\\\sistema agencia local\\\\resources\\\\views\\\\templates\\\\hotel\\\\admin\\\\layout.blade.php\",\"C:\\\\xampp\\\\htdocs\\\\sistema agencia local\\\\resources\\\\views\\\\templates\\\\hotel\\\\admin\\\\paginas-extras\\\\create.blade.php\",\"C:\\\\xampp\\\\htdocs\\\\sistema agencia local\\\\resources\\\\views\\\\templates\\\\hotel\\\\admin\\\\paginas-extras\\\\edit.blade.php\",\"C:\\\\xampp\\\\htdocs\\\\sistema agencia local\\\\resources\\\\views\\\\templates\\\\hotel\\\\admin\\\\paginas-extras\\\\index.blade.php\",\"C:\\\\xampp\\\\htdocs\\\\sistema agencia local\\\\resources\\\\views\\\\templates\\\\hotel\\\\admin\\\\paginas\\\\a-pousada.blade.php\",\"C:\\\\xampp\\\\htdocs\\\\sistema agencia local\\\\resources\\\\views\\\\templates\\\\hotel\\\\admin\\\\paginas\\\\a-regiao.blade.php\",\"C:\\\\xampp\\\\htdocs\\\\sistema agencia local\\\\resources\\\\views\\\\templates\\\\hotel\\\\admin\\\\paginas\\\\acomodacoes.blade.php\",\"C:\\\\xampp\\\\htdocs\\\\sistema agencia local\\\\resources\\\\views\\\\templates\\\\hotel\\\\admin\\\\paginas\\\\contato.blade.php\",\"C:\\\\xampp\\\\htdocs\\\\sistema agencia local\\\\resources\\\\views\\\\templates\\\\hotel\\\\admin\\\\paginas\\\\editar.blade.php\",\"C:\\\\xampp\\\\htdocs\\\\sistema agencia local\\\\resources\\\\views\\\\templates\\\\hotel\\\\admin\\\\paginas\\\\faq.blade.php\",\"C:\\\\xampp\\\\htdocs\\\\sistema agencia local\\\\resources\\\\views\\\\templates\\\\hotel\\\\admin\\\\paginas\\\\home.blade.php\",\"C:\\\\xampp\\\\htdocs\\\\sistema agencia local\\\\resources\\\\views\\\\templates\\\\hotel\\\\admin\\\\paginas\\\\index.blade.php\",\"C:\\\\xampp\\\\htdocs\\\\sistema agencia local\\\\resources\\\\views\\\\templates\\\\hotel\\\\admin\\\\paginas\\\\partials\\\\banner-capa.blade.php\",\"C:\\\\xampp\\\\htdocs\\\\sistema agencia local\\\\resources\\\\views\\\\templates\\\\hotel\\\\admin\\\\paginas\\\\partials\\\\dropzone.blade.php\",\"C:\\\\xampp\\\\htdocs\\\\sistema agencia local\\\\resources\\\\views\\\\templates\\\\hotel\\\\components\\\\hero.blade.php\",\"C:\\\\xampp\\\\htdocs\\\\sistema agencia local\\\\resources\\\\views\\\\templates\\\\hotel\\\\components\\\\img-placeholder.blade.php\",\"C:\\\\xampp\\\\htdocs\\\\sistema agencia local\\\\resources\\\\views\\\\templates\\\\hotel\\\\contato.blade.php\",\"C:\\\\xampp\\\\htdocs\\\\sistema agencia local\\\\resources\\\\views\\\\templates\\\\hotel\\\\faq.blade.php\",\"C:\\\\xampp\\\\htdocs\\\\sistema agencia local\\\\resources\\\\views\\\\templates\\\\hotel\\\\home.blade.php\",\"C:\\\\xampp\\\\htdocs\\\\sistema agencia local\\\\resources\\\\views\\\\templates\\\\hotel\\\\layout.blade.php\",\"C:\\\\xampp\\\\htdocs\\\\sistema agencia local\\\\resources\\\\views\\\\templates\\\\hotel\\\\pagina-custom.blade.php\",\"C:\\\\xampp\\\\htdocs\\\\sistema agencia local\\\\resources\\\\views\\\\templates\\\\hotel\\\\politica-reservas.blade.php\"]','Snapshot inicial criado a partir do template \'hotel\'','2026-04-09 20:12:21','2026-04-09 20:12:21'),(92,40,2,'1.1.0','1.1.0','sync',1,'[\"acomodacao-detalhe.blade.php\",\"acomodacoes.blade.php\",\"admin\\/paginas\\/a-pousada.blade.php\",\"admin\\/paginas\\/faq.blade.php\",\"home.blade.php\",\"__css__\"]','Sincronização total de v1.1.0 para v1.1.0. Removidos: 0','2026-04-10 23:56:53','2026-04-10 23:56:53'),(93,40,2,'1.1.0','1.1.0','sync',1,'[\"a-pousada.blade.php\",\"a-regiao.blade.php\",\"acomodacao-detalhe.blade.php\",\"acomodacoes.blade.php\",\"admin\\/paginas\\/a-pousada.blade.php\",\"admin\\/paginas\\/a-regiao.blade.php\",\"admin\\/paginas\\/acomodacoes.blade.php\",\"admin\\/paginas\\/contato.blade.php\",\"admin\\/paginas\\/faq.blade.php\",\"admin\\/paginas\\/home.blade.php\",\"admin\\/paginas\\/partials\\/banner-capa.blade.php\",\"components\\/hero.blade.php\",\"contato.blade.php\",\"faq.blade.php\",\"home.blade.php\",\"pagina-custom.blade.php\",\"politica-reservas.blade.php\",\"__css__\"]','Sincronização total de v1.1.0 para v1.1.0. Removidos: 0','2026-04-15 16:18:02','2026-04-15 16:18:02'),(94,32,2,'1.1.0','1.1.0','sync',1,'[\"a-pousada.blade.php\",\"a-regiao.blade.php\",\"acomodacao-detalhe.blade.php\",\"acomodacoes.blade.php\",\"admin\\/paginas\\/a-pousada.blade.php\",\"admin\\/paginas\\/a-regiao.blade.php\",\"admin\\/paginas\\/acomodacoes.blade.php\",\"admin\\/paginas\\/contato.blade.php\",\"admin\\/paginas\\/faq.blade.php\",\"admin\\/paginas\\/home.blade.php\",\"admin\\/paginas\\/partials\\/banner-capa.blade.php\",\"components\\/hero.blade.php\",\"contato.blade.php\",\"faq.blade.php\",\"home.blade.php\",\"pagina-custom.blade.php\",\"politica-reservas.blade.php\",\"__css__\"]','Sincronização total de v1.1.0 para v1.1.0. Removidos: 0','2026-04-15 16:21:34','2026-04-15 16:21:34'),(96,40,2,'1.1.0','1.1.0','sync',1,'[\"a-pousada.blade.php\",\"a-regiao.blade.php\",\"acomodacao-detalhe.blade.php\",\"acomodacoes.blade.php\",\"admin\\/paginas\\/a-pousada.blade.php\",\"admin\\/paginas\\/a-regiao.blade.php\",\"admin\\/paginas\\/acomodacoes.blade.php\",\"admin\\/paginas\\/contato.blade.php\",\"admin\\/paginas\\/faq.blade.php\",\"admin\\/paginas\\/home.blade.php\",\"components\\/hero.blade.php\",\"contato.blade.php\",\"faq.blade.php\",\"home.blade.php\",\"pagina-custom.blade.php\",\"politica-reservas.blade.php\"]','Sincronização total de v1.1.0 para v1.1.0. Removidos: 0','2026-04-15 16:21:34','2026-04-15 16:21:34'),(97,32,2,'1.1.0','1.1.0','sync',1,'[\"a-pousada.blade.php\",\"a-regiao.blade.php\",\"acomodacao-detalhe.blade.php\",\"acomodacoes.blade.php\",\"admin\\/paginas\\/a-pousada.blade.php\",\"admin\\/paginas\\/a-regiao.blade.php\",\"admin\\/paginas\\/acomodacoes.blade.php\",\"admin\\/paginas\\/contato.blade.php\",\"admin\\/paginas\\/faq.blade.php\",\"admin\\/paginas\\/home.blade.php\",\"admin\\/paginas\\/partials\\/banner-capa.blade.php\",\"components\\/hero.blade.php\",\"contato.blade.php\",\"faq.blade.php\",\"home.blade.php\",\"pagina-custom.blade.php\",\"politica-reservas.blade.php\"]','Sincronização total de v1.1.0 para v1.1.0. Removidos: 0','2026-04-15 16:29:09','2026-04-15 16:29:09'),(99,40,2,'1.1.0','1.1.0','sync',1,'[\"a-pousada.blade.php\",\"a-regiao.blade.php\",\"acomodacao-detalhe.blade.php\",\"acomodacoes.blade.php\",\"admin\\/paginas\\/a-pousada.blade.php\",\"admin\\/paginas\\/a-regiao.blade.php\",\"admin\\/paginas\\/acomodacoes.blade.php\",\"admin\\/paginas\\/contato.blade.php\",\"admin\\/paginas\\/faq.blade.php\",\"admin\\/paginas\\/home.blade.php\",\"admin\\/paginas\\/partials\\/banner-capa.blade.php\",\"components\\/hero.blade.php\",\"contato.blade.php\",\"faq.blade.php\",\"home.blade.php\",\"pagina-custom.blade.php\",\"politica-reservas.blade.php\"]','Sincronização total de v1.1.0 para v1.1.0. Removidos: 0','2026-04-15 16:29:09','2026-04-15 16:29:09'),(100,40,2,'1.1.0','1.1.0','sync',1,'[\"a-pousada.blade.php\",\"a-regiao.blade.php\",\"acomodacao-detalhe.blade.php\",\"acomodacoes.blade.php\",\"admin\\/paginas\\/a-pousada.blade.php\",\"admin\\/paginas\\/a-regiao.blade.php\",\"admin\\/paginas\\/acomodacoes.blade.php\",\"admin\\/paginas\\/contato.blade.php\",\"admin\\/paginas\\/faq.blade.php\",\"admin\\/paginas\\/home.blade.php\",\"components\\/hero.blade.php\",\"contato.blade.php\",\"faq.blade.php\",\"home.blade.php\",\"pagina-custom.blade.php\",\"politica-reservas.blade.php\"]','Sincronização total de v1.1.0 para v1.1.0. Removidos: 0','2026-04-15 16:39:35','2026-04-15 16:39:35'),(101,32,2,'1.1.0','1.1.0','sync',1,'[\"a-pousada.blade.php\",\"a-regiao.blade.php\",\"acomodacao-detalhe.blade.php\",\"acomodacoes.blade.php\",\"admin\\/paginas\\/a-pousada.blade.php\",\"admin\\/paginas\\/a-regiao.blade.php\",\"admin\\/paginas\\/acomodacoes.blade.php\",\"admin\\/paginas\\/contato.blade.php\",\"admin\\/paginas\\/faq.blade.php\",\"admin\\/paginas\\/home.blade.php\",\"components\\/hero.blade.php\",\"contato.blade.php\",\"faq.blade.php\",\"home.blade.php\",\"pagina-custom.blade.php\",\"politica-reservas.blade.php\"]','Sincronização total de v1.1.0 para v1.1.0. Removidos: 0','2026-04-15 16:40:51','2026-04-15 16:40:51'),(103,40,2,'1.1.0','1.1.0','sync',1,'[\"a-pousada.blade.php\",\"a-regiao.blade.php\",\"acomodacao-detalhe.blade.php\",\"acomodacoes.blade.php\",\"admin\\/paginas\\/a-pousada.blade.php\",\"admin\\/paginas\\/a-regiao.blade.php\",\"admin\\/paginas\\/acomodacoes.blade.php\",\"admin\\/paginas\\/contato.blade.php\",\"admin\\/paginas\\/faq.blade.php\",\"admin\\/paginas\\/home.blade.php\",\"components\\/hero.blade.php\",\"contato.blade.php\",\"faq.blade.php\",\"home.blade.php\",\"pagina-custom.blade.php\",\"politica-reservas.blade.php\"]','Sincronização total de v1.1.0 para v1.1.0. Removidos: 0','2026-04-15 16:40:52','2026-04-15 16:40:52'),(104,32,2,'1.1.0','1.1.0','sync',1,'[\"a-pousada.blade.php\",\"a-regiao.blade.php\",\"acomodacao-detalhe.blade.php\",\"acomodacoes.blade.php\",\"admin\\/paginas\\/a-pousada.blade.php\",\"admin\\/paginas\\/a-regiao.blade.php\",\"admin\\/paginas\\/acomodacoes.blade.php\",\"admin\\/paginas\\/contato.blade.php\",\"admin\\/paginas\\/faq.blade.php\",\"admin\\/paginas\\/home.blade.php\",\"components\\/hero.blade.php\",\"contato.blade.php\",\"faq.blade.php\",\"home.blade.php\",\"pagina-custom.blade.php\",\"politica-reservas.blade.php\"]','Sincronização total de v1.1.0 para v1.1.0. Removidos: 0','2026-04-15 16:49:26','2026-04-15 16:49:26'),(106,40,2,'1.1.0','1.1.0','sync',1,'[\"a-pousada.blade.php\",\"a-regiao.blade.php\",\"acomodacao-detalhe.blade.php\",\"acomodacoes.blade.php\",\"admin\\/paginas\\/a-pousada.blade.php\",\"admin\\/paginas\\/a-regiao.blade.php\",\"admin\\/paginas\\/acomodacoes.blade.php\",\"admin\\/paginas\\/contato.blade.php\",\"admin\\/paginas\\/faq.blade.php\",\"admin\\/paginas\\/home.blade.php\",\"components\\/hero.blade.php\",\"contato.blade.php\",\"faq.blade.php\",\"home.blade.php\",\"pagina-custom.blade.php\",\"politica-reservas.blade.php\"]','Sincronização total de v1.1.0 para v1.1.0. Removidos: 0','2026-04-15 16:49:27','2026-04-15 16:49:27'),(107,32,2,'1.1.0','1.1.0','sync',1,'[\"a-pousada.blade.php\",\"a-regiao.blade.php\",\"acomodacao-detalhe.blade.php\",\"acomodacoes.blade.php\",\"admin\\/paginas\\/a-pousada.blade.php\",\"admin\\/paginas\\/a-regiao.blade.php\",\"admin\\/paginas\\/acomodacoes.blade.php\",\"admin\\/paginas\\/contato.blade.php\",\"admin\\/paginas\\/faq.blade.php\",\"admin\\/paginas\\/home.blade.php\",\"components\\/hero.blade.php\",\"contato.blade.php\",\"faq.blade.php\",\"home.blade.php\",\"pagina-custom.blade.php\",\"politica-reservas.blade.php\"]','Sincronização total de v1.1.0 para v1.1.0. Removidos: 0','2026-04-15 16:50:48','2026-04-15 16:50:48'),(109,40,2,'1.1.0','1.1.0','sync',1,'[\"a-pousada.blade.php\",\"a-regiao.blade.php\",\"acomodacao-detalhe.blade.php\",\"acomodacoes.blade.php\",\"admin\\/paginas\\/a-pousada.blade.php\",\"admin\\/paginas\\/a-regiao.blade.php\",\"admin\\/paginas\\/acomodacoes.blade.php\",\"admin\\/paginas\\/contato.blade.php\",\"admin\\/paginas\\/faq.blade.php\",\"admin\\/paginas\\/home.blade.php\",\"components\\/hero.blade.php\",\"contato.blade.php\",\"faq.blade.php\",\"home.blade.php\",\"pagina-custom.blade.php\",\"politica-reservas.blade.php\"]','Sincronização total de v1.1.0 para v1.1.0. Removidos: 0','2026-04-15 16:50:49','2026-04-15 16:50:49'),(110,32,2,'1.1.0','1.1.0','sync',1,'[\"a-pousada.blade.php\",\"a-regiao.blade.php\",\"acomodacao-detalhe.blade.php\",\"acomodacoes.blade.php\",\"admin\\/paginas\\/a-pousada.blade.php\",\"admin\\/paginas\\/a-regiao.blade.php\",\"admin\\/paginas\\/acomodacoes.blade.php\",\"admin\\/paginas\\/contato.blade.php\",\"admin\\/paginas\\/faq.blade.php\",\"admin\\/paginas\\/home.blade.php\",\"components\\/hero.blade.php\",\"contato.blade.php\",\"faq.blade.php\",\"home.blade.php\",\"pagina-custom.blade.php\",\"politica-reservas.blade.php\"]','Sincronização total de v1.1.0 para v1.1.0. Removidos: 0','2026-04-15 17:03:53','2026-04-15 17:03:53'),(112,40,2,'1.1.0','1.1.0','sync',1,'[\"a-pousada.blade.php\",\"a-regiao.blade.php\",\"acomodacao-detalhe.blade.php\",\"acomodacoes.blade.php\",\"admin\\/paginas\\/a-pousada.blade.php\",\"admin\\/paginas\\/a-regiao.blade.php\",\"admin\\/paginas\\/acomodacoes.blade.php\",\"admin\\/paginas\\/contato.blade.php\",\"admin\\/paginas\\/faq.blade.php\",\"admin\\/paginas\\/home.blade.php\",\"components\\/hero.blade.php\",\"contato.blade.php\",\"faq.blade.php\",\"home.blade.php\",\"pagina-custom.blade.php\",\"politica-reservas.blade.php\"]','Sincronização total de v1.1.0 para v1.1.0. Removidos: 0','2026-04-15 17:03:55','2026-04-15 17:03:55'),(113,40,2,'1.1.0','1.1.0','sync',1,'[\"a-pousada.blade.php\",\"a-regiao.blade.php\",\"acomodacao-detalhe.blade.php\",\"acomodacoes.blade.php\",\"admin\\/paginas\\/a-pousada.blade.php\",\"admin\\/paginas\\/a-regiao.blade.php\",\"admin\\/paginas\\/acomodacoes.blade.php\",\"admin\\/paginas\\/contato.blade.php\",\"admin\\/paginas\\/faq.blade.php\",\"admin\\/paginas\\/home.blade.php\",\"components\\/hero.blade.php\",\"contato.blade.php\",\"faq.blade.php\",\"home.blade.php\",\"pagina-custom.blade.php\",\"politica-reservas.blade.php\"]','Sincronização total de v1.1.0 para v1.1.0. Removidos: 0','2026-04-15 17:08:38','2026-04-15 17:08:38'),(114,32,2,'1.1.0','1.1.0','sync',1,'[\"a-pousada.blade.php\",\"a-regiao.blade.php\",\"acomodacao-detalhe.blade.php\",\"acomodacoes.blade.php\",\"admin\\/paginas\\/a-pousada.blade.php\",\"admin\\/paginas\\/a-regiao.blade.php\",\"admin\\/paginas\\/acomodacoes.blade.php\",\"admin\\/paginas\\/contato.blade.php\",\"admin\\/paginas\\/faq.blade.php\",\"admin\\/paginas\\/home.blade.php\",\"components\\/hero.blade.php\",\"contato.blade.php\",\"faq.blade.php\",\"home.blade.php\",\"pagina-custom.blade.php\",\"politica-reservas.blade.php\"]','Sincronização total de v1.1.0 para v1.1.0. Removidos: 0','2026-04-15 17:10:35','2026-04-15 17:10:35'),(116,40,2,'1.1.0','1.1.0','sync',1,'[\"a-pousada.blade.php\",\"a-regiao.blade.php\",\"acomodacao-detalhe.blade.php\",\"acomodacoes.blade.php\",\"admin\\/paginas\\/a-pousada.blade.php\",\"admin\\/paginas\\/a-regiao.blade.php\",\"admin\\/paginas\\/acomodacoes.blade.php\",\"admin\\/paginas\\/contato.blade.php\",\"admin\\/paginas\\/faq.blade.php\",\"admin\\/paginas\\/home.blade.php\",\"components\\/hero.blade.php\",\"contato.blade.php\",\"faq.blade.php\",\"home.blade.php\",\"pagina-custom.blade.php\",\"politica-reservas.blade.php\"]','Sincronização total de v1.1.0 para v1.1.0. Removidos: 0','2026-04-15 17:10:36','2026-04-15 17:10:36'),(117,40,2,'1.1.0','1.1.0','sync',1,'[\"a-pousada.blade.php\",\"a-regiao.blade.php\",\"acomodacao-detalhe.blade.php\",\"acomodacoes.blade.php\",\"admin\\/paginas\\/a-pousada.blade.php\",\"admin\\/paginas\\/a-regiao.blade.php\",\"admin\\/paginas\\/acomodacoes.blade.php\",\"admin\\/paginas\\/contato.blade.php\",\"admin\\/paginas\\/faq.blade.php\",\"admin\\/paginas\\/home.blade.php\",\"components\\/hero.blade.php\",\"contato.blade.php\",\"faq.blade.php\",\"home.blade.php\",\"pagina-custom.blade.php\",\"politica-reservas.blade.php\"]','Sincronização total de v1.1.0 para v1.1.0. Removidos: 0','2026-04-15 17:11:37','2026-04-15 17:11:37'),(118,32,2,'1.1.0','1.1.0','sync',1,'[\"a-pousada.blade.php\",\"a-regiao.blade.php\",\"acomodacao-detalhe.blade.php\",\"acomodacoes.blade.php\",\"admin\\/paginas\\/a-pousada.blade.php\",\"admin\\/paginas\\/a-regiao.blade.php\",\"admin\\/paginas\\/acomodacoes.blade.php\",\"admin\\/paginas\\/contato.blade.php\",\"admin\\/paginas\\/faq.blade.php\",\"admin\\/paginas\\/home.blade.php\",\"components\\/hero.blade.php\",\"contato.blade.php\",\"faq.blade.php\",\"home.blade.php\",\"pagina-custom.blade.php\",\"politica-reservas.blade.php\"]','Sincronização total de v1.1.0 para v1.1.0. Removidos: 0','2026-04-15 17:14:12','2026-04-15 17:14:12'),(120,40,2,'1.1.0','1.1.0','sync',1,'[\"a-pousada.blade.php\",\"a-regiao.blade.php\",\"acomodacao-detalhe.blade.php\",\"acomodacoes.blade.php\",\"admin\\/paginas\\/a-pousada.blade.php\",\"admin\\/paginas\\/a-regiao.blade.php\",\"admin\\/paginas\\/acomodacoes.blade.php\",\"admin\\/paginas\\/contato.blade.php\",\"admin\\/paginas\\/faq.blade.php\",\"admin\\/paginas\\/home.blade.php\",\"components\\/hero.blade.php\",\"contato.blade.php\",\"faq.blade.php\",\"home.blade.php\",\"pagina-custom.blade.php\",\"politica-reservas.blade.php\"]','Sincronização total de v1.1.0 para v1.1.0. Removidos: 0','2026-04-15 17:14:13','2026-04-15 17:14:13'),(121,32,2,'1.1.0','1.1.0','sync',1,'[\"a-pousada.blade.php\",\"a-regiao.blade.php\",\"acomodacao-detalhe.blade.php\",\"acomodacoes.blade.php\",\"admin\\/paginas\\/a-pousada.blade.php\",\"admin\\/paginas\\/a-regiao.blade.php\",\"admin\\/paginas\\/acomodacoes.blade.php\",\"admin\\/paginas\\/contato.blade.php\",\"admin\\/paginas\\/faq.blade.php\",\"admin\\/paginas\\/home.blade.php\",\"components\\/hero.blade.php\",\"contato.blade.php\",\"faq.blade.php\",\"home.blade.php\",\"pagina-custom.blade.php\",\"politica-reservas.blade.php\"]','Sincronização total de v1.1.0 para v1.1.0. Removidos: 0','2026-04-15 19:01:44','2026-04-15 19:01:44'),(123,40,2,'1.1.0','1.1.0','sync',1,'[\"a-pousada.blade.php\",\"a-regiao.blade.php\",\"acomodacao-detalhe.blade.php\",\"acomodacoes.blade.php\",\"admin\\/paginas\\/a-pousada.blade.php\",\"admin\\/paginas\\/a-regiao.blade.php\",\"admin\\/paginas\\/acomodacoes.blade.php\",\"admin\\/paginas\\/contato.blade.php\",\"admin\\/paginas\\/faq.blade.php\",\"admin\\/paginas\\/home.blade.php\",\"components\\/hero.blade.php\",\"contato.blade.php\",\"faq.blade.php\",\"home.blade.php\",\"pagina-custom.blade.php\",\"politica-reservas.blade.php\"]','Sincronização total de v1.1.0 para v1.1.0. Removidos: 0','2026-04-15 19:01:45','2026-04-15 19:01:45'),(124,32,2,'1.1.0','1.1.0','sync',1,'[\"a-pousada.blade.php\",\"a-regiao.blade.php\",\"acomodacao-detalhe.blade.php\",\"acomodacoes.blade.php\",\"admin\\/paginas\\/a-pousada.blade.php\",\"admin\\/paginas\\/a-regiao.blade.php\",\"admin\\/paginas\\/acomodacoes.blade.php\",\"admin\\/paginas\\/contato.blade.php\",\"admin\\/paginas\\/faq.blade.php\",\"admin\\/paginas\\/home.blade.php\",\"components\\/hero.blade.php\",\"contato.blade.php\",\"faq.blade.php\",\"home.blade.php\",\"pagina-custom.blade.php\",\"politica-reservas.blade.php\"]','Sincronização total de v1.1.0 para v1.1.0. Removidos: 0','2026-04-20 16:46:50','2026-04-20 16:46:50'),(126,40,2,'1.1.0','1.1.0','sync',1,'[\"a-pousada.blade.php\",\"a-regiao.blade.php\",\"acomodacao-detalhe.blade.php\",\"acomodacoes.blade.php\",\"admin\\/paginas\\/a-pousada.blade.php\",\"admin\\/paginas\\/a-regiao.blade.php\",\"admin\\/paginas\\/acomodacoes.blade.php\",\"admin\\/paginas\\/contato.blade.php\",\"admin\\/paginas\\/faq.blade.php\",\"admin\\/paginas\\/home.blade.php\",\"components\\/hero.blade.php\",\"contato.blade.php\",\"faq.blade.php\",\"home.blade.php\",\"pagina-custom.blade.php\",\"politica-reservas.blade.php\"]','Sincronização total de v1.1.0 para v1.1.0. Removidos: 0','2026-04-20 16:46:52','2026-04-20 16:46:52'),(127,32,2,'1.1.0','1.1.0','sync',1,'[\"a-pousada.blade.php\",\"a-regiao.blade.php\",\"acomodacao-detalhe.blade.php\",\"acomodacoes.blade.php\",\"admin\\/paginas-extras\\/edit.blade.php\",\"admin\\/paginas\\/a-pousada.blade.php\",\"admin\\/paginas\\/a-regiao.blade.php\",\"admin\\/paginas\\/acomodacoes.blade.php\",\"admin\\/paginas\\/contato.blade.php\",\"admin\\/paginas\\/faq.blade.php\",\"admin\\/paginas\\/home.blade.php\",\"components\\/hero.blade.php\",\"contato.blade.php\",\"faq.blade.php\",\"home.blade.php\",\"pagina-custom.blade.php\",\"politica-reservas.blade.php\"]','Sincronização total de v1.1.0 para v1.1.0. Removidos: 0','2026-04-20 16:50:20','2026-04-20 16:50:20'),(129,40,2,'1.1.0','1.1.0','sync',1,'[\"a-pousada.blade.php\",\"a-regiao.blade.php\",\"acomodacao-detalhe.blade.php\",\"acomodacoes.blade.php\",\"admin\\/paginas-extras\\/edit.blade.php\",\"admin\\/paginas\\/a-pousada.blade.php\",\"admin\\/paginas\\/a-regiao.blade.php\",\"admin\\/paginas\\/acomodacoes.blade.php\",\"admin\\/paginas\\/contato.blade.php\",\"admin\\/paginas\\/faq.blade.php\",\"admin\\/paginas\\/home.blade.php\",\"components\\/hero.blade.php\",\"contato.blade.php\",\"faq.blade.php\",\"home.blade.php\",\"pagina-custom.blade.php\",\"politica-reservas.blade.php\"]','Sincronização total de v1.1.0 para v1.1.0. Removidos: 0','2026-04-20 16:50:21','2026-04-20 16:50:21'),(130,32,2,'1.1.0','1.1.0','sync',1,'[\"a-pousada.blade.php\",\"a-regiao.blade.php\",\"acomodacao-detalhe.blade.php\",\"acomodacoes.blade.php\",\"admin\\/paginas\\/a-pousada.blade.php\",\"admin\\/paginas\\/a-regiao.blade.php\",\"admin\\/paginas\\/acomodacoes.blade.php\",\"admin\\/paginas\\/contato.blade.php\",\"admin\\/paginas\\/faq.blade.php\",\"admin\\/paginas\\/home.blade.php\",\"components\\/hero.blade.php\",\"contato.blade.php\",\"faq.blade.php\",\"home.blade.php\",\"pagina-custom.blade.php\",\"politica-reservas.blade.php\"]','Sincronização total de v1.1.0 para v1.1.0. Removidos: 0','2026-04-20 16:59:11','2026-04-20 16:59:11'),(132,40,2,'1.1.0','1.1.0','sync',1,'[\"a-pousada.blade.php\",\"a-regiao.blade.php\",\"acomodacao-detalhe.blade.php\",\"acomodacoes.blade.php\",\"admin\\/paginas\\/a-pousada.blade.php\",\"admin\\/paginas\\/a-regiao.blade.php\",\"admin\\/paginas\\/acomodacoes.blade.php\",\"admin\\/paginas\\/contato.blade.php\",\"admin\\/paginas\\/faq.blade.php\",\"admin\\/paginas\\/home.blade.php\",\"components\\/hero.blade.php\",\"contato.blade.php\",\"faq.blade.php\",\"home.blade.php\",\"pagina-custom.blade.php\",\"politica-reservas.blade.php\"]','Sincronização total de v1.1.0 para v1.1.0. Removidos: 0','2026-04-20 16:59:12','2026-04-20 16:59:12'),(133,32,2,'1.1.0','1.1.0','sync',1,'[\"a-pousada.blade.php\",\"a-regiao.blade.php\",\"acomodacao-detalhe.blade.php\",\"acomodacoes.blade.php\",\"admin\\/paginas\\/a-pousada.blade.php\",\"admin\\/paginas\\/a-regiao.blade.php\",\"admin\\/paginas\\/acomodacoes.blade.php\",\"admin\\/paginas\\/contato.blade.php\",\"admin\\/paginas\\/faq.blade.php\",\"admin\\/paginas\\/home.blade.php\",\"components\\/hero.blade.php\",\"contato.blade.php\",\"faq.blade.php\",\"home.blade.php\",\"pagina-custom.blade.php\",\"politica-reservas.blade.php\"]','Sincronização total de v1.1.0 para v1.1.0. Removidos: 0','2026-04-20 17:12:47','2026-04-20 17:12:47'),(135,40,2,'1.1.0','1.1.0','sync',1,'[\"a-pousada.blade.php\",\"a-regiao.blade.php\",\"acomodacao-detalhe.blade.php\",\"acomodacoes.blade.php\",\"admin\\/paginas\\/a-pousada.blade.php\",\"admin\\/paginas\\/a-regiao.blade.php\",\"admin\\/paginas\\/acomodacoes.blade.php\",\"admin\\/paginas\\/contato.blade.php\",\"admin\\/paginas\\/faq.blade.php\",\"admin\\/paginas\\/home.blade.php\",\"components\\/hero.blade.php\",\"contato.blade.php\",\"faq.blade.php\",\"home.blade.php\",\"pagina-custom.blade.php\",\"politica-reservas.blade.php\"]','Sincronização total de v1.1.0 para v1.1.0. Removidos: 0','2026-04-20 17:12:49','2026-04-20 17:12:49'),(136,32,2,'1.1.0','1.1.0','sync',1,'[\"a-pousada.blade.php\",\"a-regiao.blade.php\",\"acomodacao-detalhe.blade.php\",\"acomodacoes.blade.php\",\"admin\\/paginas\\/a-pousada.blade.php\",\"admin\\/paginas\\/a-regiao.blade.php\",\"admin\\/paginas\\/acomodacoes.blade.php\",\"admin\\/paginas\\/contato.blade.php\",\"admin\\/paginas\\/faq.blade.php\",\"admin\\/paginas\\/home.blade.php\",\"components\\/hero.blade.php\",\"contato.blade.php\",\"faq.blade.php\",\"home.blade.php\",\"pagina-custom.blade.php\",\"politica-reservas.blade.php\"]','Sincronização total de v1.1.0 para v1.1.0. Removidos: 0','2026-04-20 17:23:11','2026-04-20 17:23:11'),(138,40,2,'1.1.0','1.1.0','sync',1,'[\"a-pousada.blade.php\",\"a-regiao.blade.php\",\"acomodacao-detalhe.blade.php\",\"acomodacoes.blade.php\",\"admin\\/paginas\\/a-pousada.blade.php\",\"admin\\/paginas\\/a-regiao.blade.php\",\"admin\\/paginas\\/acomodacoes.blade.php\",\"admin\\/paginas\\/contato.blade.php\",\"admin\\/paginas\\/faq.blade.php\",\"admin\\/paginas\\/home.blade.php\",\"components\\/hero.blade.php\",\"contato.blade.php\",\"faq.blade.php\",\"home.blade.php\",\"pagina-custom.blade.php\",\"politica-reservas.blade.php\"]','Sincronização total de v1.1.0 para v1.1.0. Removidos: 0','2026-04-20 17:23:12','2026-04-20 17:23:12'),(139,32,2,'1.1.0','1.1.0','sync',1,'[\"a-pousada.blade.php\",\"a-regiao.blade.php\",\"acomodacao-detalhe.blade.php\",\"acomodacoes.blade.php\",\"admin\\/paginas-extras\\/edit.blade.php\",\"admin\\/paginas\\/a-pousada.blade.php\",\"admin\\/paginas\\/a-regiao.blade.php\",\"admin\\/paginas\\/acomodacoes.blade.php\",\"admin\\/paginas\\/contato.blade.php\",\"admin\\/paginas\\/faq.blade.php\",\"admin\\/paginas\\/home.blade.php\",\"components\\/hero.blade.php\",\"contato.blade.php\",\"faq.blade.php\",\"home.blade.php\",\"pagina-custom.blade.php\",\"politica-reservas.blade.php\"]','Sincronização total de v1.1.0 para v1.1.0. Removidos: 0','2026-04-20 17:26:46','2026-04-20 17:26:46'),(141,40,2,'1.1.0','1.1.0','sync',1,'[\"a-pousada.blade.php\",\"a-regiao.blade.php\",\"acomodacao-detalhe.blade.php\",\"acomodacoes.blade.php\",\"admin\\/paginas-extras\\/edit.blade.php\",\"admin\\/paginas\\/a-pousada.blade.php\",\"admin\\/paginas\\/a-regiao.blade.php\",\"admin\\/paginas\\/acomodacoes.blade.php\",\"admin\\/paginas\\/contato.blade.php\",\"admin\\/paginas\\/faq.blade.php\",\"admin\\/paginas\\/home.blade.php\",\"components\\/hero.blade.php\",\"contato.blade.php\",\"faq.blade.php\",\"home.blade.php\",\"pagina-custom.blade.php\",\"politica-reservas.blade.php\"]','Sincronização total de v1.1.0 para v1.1.0. Removidos: 0','2026-04-20 17:26:47','2026-04-20 17:26:47'),(142,32,2,'1.1.0','1.1.0','sync',1,'[\"a-pousada.blade.php\",\"a-regiao.blade.php\",\"acomodacao-detalhe.blade.php\",\"acomodacoes.blade.php\",\"admin\\/paginas-extras\\/edit.blade.php\",\"admin\\/paginas\\/a-pousada.blade.php\",\"admin\\/paginas\\/a-regiao.blade.php\",\"admin\\/paginas\\/acomodacoes.blade.php\",\"admin\\/paginas\\/contato.blade.php\",\"admin\\/paginas\\/faq.blade.php\",\"admin\\/paginas\\/home.blade.php\",\"components\\/hero.blade.php\",\"contato.blade.php\",\"faq.blade.php\",\"home.blade.php\",\"pagina-custom.blade.php\",\"politica-reservas.blade.php\"]','Sincronização total de v1.1.0 para v1.1.0. Removidos: 0','2026-04-20 17:30:38','2026-04-20 17:30:38'),(144,40,2,'1.1.0','1.1.0','sync',1,'[\"a-pousada.blade.php\",\"a-regiao.blade.php\",\"acomodacao-detalhe.blade.php\",\"acomodacoes.blade.php\",\"admin\\/paginas-extras\\/edit.blade.php\",\"admin\\/paginas\\/a-pousada.blade.php\",\"admin\\/paginas\\/a-regiao.blade.php\",\"admin\\/paginas\\/acomodacoes.blade.php\",\"admin\\/paginas\\/contato.blade.php\",\"admin\\/paginas\\/faq.blade.php\",\"admin\\/paginas\\/home.blade.php\",\"components\\/hero.blade.php\",\"contato.blade.php\",\"faq.blade.php\",\"home.blade.php\",\"pagina-custom.blade.php\",\"politica-reservas.blade.php\"]','Sincronização total de v1.1.0 para v1.1.0. Removidos: 0','2026-04-20 17:30:39','2026-04-20 17:30:39'),(145,32,2,'1.1.0','1.1.0','sync',1,'[\"a-pousada.blade.php\",\"a-regiao.blade.php\",\"acomodacao-detalhe.blade.php\",\"acomodacoes.blade.php\",\"admin\\/configuracoes\\/index.blade.php\",\"admin\\/paginas-extras\\/edit.blade.php\",\"admin\\/paginas\\/a-pousada.blade.php\",\"admin\\/paginas\\/a-regiao.blade.php\",\"admin\\/paginas\\/acomodacoes.blade.php\",\"admin\\/paginas\\/contato.blade.php\",\"admin\\/paginas\\/faq.blade.php\",\"admin\\/paginas\\/home.blade.php\",\"components\\/hero.blade.php\",\"contato.blade.php\",\"faq.blade.php\",\"home.blade.php\",\"pagina-custom.blade.php\",\"politica-reservas.blade.php\"]','Sincronização total de v1.1.0 para v1.1.0. Removidos: 0','2026-04-20 17:59:54','2026-04-20 17:59:54'),(146,40,2,'1.1.0','1.1.0','sync',1,'[\"a-pousada.blade.php\",\"a-regiao.blade.php\",\"acomodacao-detalhe.blade.php\",\"acomodacoes.blade.php\",\"admin\\/configuracoes\\/index.blade.php\",\"admin\\/paginas-extras\\/edit.blade.php\",\"admin\\/paginas\\/a-pousada.blade.php\",\"admin\\/paginas\\/a-regiao.blade.php\",\"admin\\/paginas\\/acomodacoes.blade.php\",\"admin\\/paginas\\/contato.blade.php\",\"admin\\/paginas\\/faq.blade.php\",\"admin\\/paginas\\/home.blade.php\",\"components\\/hero.blade.php\",\"contato.blade.php\",\"faq.blade.php\",\"home.blade.php\",\"pagina-custom.blade.php\",\"politica-reservas.blade.php\"]','Sincronização total de v1.1.0 para v1.1.0. Removidos: 0','2026-04-20 17:59:55','2026-04-20 17:59:55'),(147,32,2,'1.1.0','1.1.0','sync',1,'[\"a-pousada.blade.php\",\"a-regiao.blade.php\",\"acomodacao-detalhe.blade.php\",\"acomodacoes.blade.php\",\"admin\\/configuracoes\\/index.blade.php\",\"admin\\/paginas\\/a-pousada.blade.php\",\"admin\\/paginas\\/a-regiao.blade.php\",\"admin\\/paginas\\/acomodacoes.blade.php\",\"admin\\/paginas\\/contato.blade.php\",\"admin\\/paginas\\/faq.blade.php\",\"admin\\/paginas\\/home.blade.php\",\"components\\/hero.blade.php\",\"contato.blade.php\",\"faq.blade.php\",\"home.blade.php\",\"layout.blade.php\",\"pagina-custom.blade.php\",\"politica-reservas.blade.php\"]','Sincronização total de v1.1.0 para v1.1.0. Removidos: 0','2026-04-20 18:07:45','2026-04-20 18:07:45'),(148,40,2,'1.1.0','1.1.0','sync',1,'[\"a-pousada.blade.php\",\"a-regiao.blade.php\",\"acomodacao-detalhe.blade.php\",\"acomodacoes.blade.php\",\"admin\\/configuracoes\\/index.blade.php\",\"admin\\/paginas\\/a-pousada.blade.php\",\"admin\\/paginas\\/a-regiao.blade.php\",\"admin\\/paginas\\/acomodacoes.blade.php\",\"admin\\/paginas\\/contato.blade.php\",\"admin\\/paginas\\/faq.blade.php\",\"admin\\/paginas\\/home.blade.php\",\"components\\/hero.blade.php\",\"contato.blade.php\",\"faq.blade.php\",\"home.blade.php\",\"layout.blade.php\",\"pagina-custom.blade.php\",\"politica-reservas.blade.php\"]','Sincronização total de v1.1.0 para v1.1.0. Removidos: 0','2026-04-20 18:07:46','2026-04-20 18:07:46'),(149,32,2,'1.1.0','1.1.0','sync',1,'[\"a-pousada.blade.php\",\"a-regiao.blade.php\",\"acomodacao-detalhe.blade.php\",\"acomodacoes.blade.php\",\"admin\\/paginas\\/a-pousada.blade.php\",\"admin\\/paginas\\/a-regiao.blade.php\",\"admin\\/paginas\\/acomodacoes.blade.php\",\"admin\\/paginas\\/contato.blade.php\",\"admin\\/paginas\\/faq.blade.php\",\"admin\\/paginas\\/home.blade.php\",\"components\\/hero.blade.php\",\"contato.blade.php\",\"faq.blade.php\",\"home.blade.php\",\"layout.blade.php\",\"pagina-custom.blade.php\",\"politica-reservas.blade.php\"]','Sincronização total de v1.1.0 para v1.1.0. Removidos: 0','2026-04-20 18:09:45','2026-04-20 18:09:45'),(150,40,2,'1.1.0','1.1.0','sync',1,'[\"a-pousada.blade.php\",\"a-regiao.blade.php\",\"acomodacao-detalhe.blade.php\",\"acomodacoes.blade.php\",\"admin\\/paginas\\/a-pousada.blade.php\",\"admin\\/paginas\\/a-regiao.blade.php\",\"admin\\/paginas\\/acomodacoes.blade.php\",\"admin\\/paginas\\/contato.blade.php\",\"admin\\/paginas\\/faq.blade.php\",\"admin\\/paginas\\/home.blade.php\",\"components\\/hero.blade.php\",\"contato.blade.php\",\"faq.blade.php\",\"home.blade.php\",\"layout.blade.php\",\"pagina-custom.blade.php\",\"politica-reservas.blade.php\"]','Sincronização total de v1.1.0 para v1.1.0. Removidos: 0','2026-04-20 18:09:46','2026-04-20 18:09:46'),(151,32,2,'1.1.0','1.1.0','sync',1,'[\"a-pousada.blade.php\",\"a-regiao.blade.php\",\"acomodacao-detalhe.blade.php\",\"acomodacoes.blade.php\",\"admin\\/configuracoes\\/index.blade.php\",\"admin\\/paginas\\/a-pousada.blade.php\",\"admin\\/paginas\\/a-regiao.blade.php\",\"admin\\/paginas\\/acomodacoes.blade.php\",\"admin\\/paginas\\/contato.blade.php\",\"admin\\/paginas\\/faq.blade.php\",\"admin\\/paginas\\/home.blade.php\",\"components\\/hero.blade.php\",\"contato.blade.php\",\"faq.blade.php\",\"home.blade.php\",\"layout.blade.php\",\"pagina-custom.blade.php\",\"politica-reservas.blade.php\"]','Sincronização total de v1.1.0 para v1.1.0. Removidos: 0','2026-04-20 18:18:03','2026-04-20 18:18:03'),(152,40,2,'1.1.0','1.1.0','sync',1,'[\"a-pousada.blade.php\",\"a-regiao.blade.php\",\"acomodacao-detalhe.blade.php\",\"acomodacoes.blade.php\",\"admin\\/configuracoes\\/index.blade.php\",\"admin\\/paginas\\/a-pousada.blade.php\",\"admin\\/paginas\\/a-regiao.blade.php\",\"admin\\/paginas\\/acomodacoes.blade.php\",\"admin\\/paginas\\/contato.blade.php\",\"admin\\/paginas\\/faq.blade.php\",\"admin\\/paginas\\/home.blade.php\",\"components\\/hero.blade.php\",\"contato.blade.php\",\"faq.blade.php\",\"home.blade.php\",\"layout.blade.php\",\"pagina-custom.blade.php\",\"politica-reservas.blade.php\"]','Sincronização total de v1.1.0 para v1.1.0. Removidos: 0','2026-04-20 18:18:04','2026-04-20 18:18:04'),(153,32,2,'1.1.0','1.1.0','sync',1,'[\"a-pousada.blade.php\",\"a-regiao.blade.php\",\"acomodacao-detalhe.blade.php\",\"acomodacoes.blade.php\",\"admin\\/paginas\\/a-pousada.blade.php\",\"admin\\/paginas\\/a-regiao.blade.php\",\"admin\\/paginas\\/acomodacoes.blade.php\",\"admin\\/paginas\\/contato.blade.php\",\"admin\\/paginas\\/faq.blade.php\",\"admin\\/paginas\\/home.blade.php\",\"components\\/hero.blade.php\",\"contato.blade.php\",\"faq.blade.php\",\"home.blade.php\",\"pagina-custom.blade.php\",\"politica-reservas.blade.php\"]','Sincronização total de v1.1.0 para v1.1.0. Removidos: 0','2026-04-20 18:29:23','2026-04-20 18:29:23'),(154,40,2,'1.1.0','1.1.0','sync',1,'[\"a-pousada.blade.php\",\"a-regiao.blade.php\",\"acomodacao-detalhe.blade.php\",\"acomodacoes.blade.php\",\"admin\\/paginas\\/a-pousada.blade.php\",\"admin\\/paginas\\/a-regiao.blade.php\",\"admin\\/paginas\\/acomodacoes.blade.php\",\"admin\\/paginas\\/contato.blade.php\",\"admin\\/paginas\\/faq.blade.php\",\"admin\\/paginas\\/home.blade.php\",\"components\\/hero.blade.php\",\"contato.blade.php\",\"faq.blade.php\",\"home.blade.php\",\"pagina-custom.blade.php\",\"politica-reservas.blade.php\"]','Sincronização total de v1.1.0 para v1.1.0. Removidos: 0','2026-04-20 18:29:24','2026-04-20 18:29:24'),(155,32,2,'1.1.0','1.1.0','sync',1,'[\"a-pousada.blade.php\",\"a-regiao.blade.php\",\"acomodacao-detalhe.blade.php\",\"acomodacoes.blade.php\",\"admin\\/paginas\\/a-pousada.blade.php\",\"admin\\/paginas\\/a-regiao.blade.php\",\"admin\\/paginas\\/acomodacoes.blade.php\",\"admin\\/paginas\\/contato.blade.php\",\"admin\\/paginas\\/faq.blade.php\",\"admin\\/paginas\\/home.blade.php\",\"components\\/hero.blade.php\",\"contato.blade.php\",\"faq.blade.php\",\"home.blade.php\",\"pagina-custom.blade.php\",\"politica-reservas.blade.php\"]','Sincronização total de v1.1.0 para v1.1.0. Removidos: 0','2026-04-20 18:34:49','2026-04-20 18:34:49'),(156,40,2,'1.1.0','1.1.0','sync',1,'[\"a-pousada.blade.php\",\"a-regiao.blade.php\",\"acomodacao-detalhe.blade.php\",\"acomodacoes.blade.php\",\"admin\\/paginas\\/a-pousada.blade.php\",\"admin\\/paginas\\/a-regiao.blade.php\",\"admin\\/paginas\\/acomodacoes.blade.php\",\"admin\\/paginas\\/contato.blade.php\",\"admin\\/paginas\\/faq.blade.php\",\"admin\\/paginas\\/home.blade.php\",\"components\\/hero.blade.php\",\"contato.blade.php\",\"faq.blade.php\",\"home.blade.php\",\"pagina-custom.blade.php\",\"politica-reservas.blade.php\"]','Sincronização total de v1.1.0 para v1.1.0. Removidos: 0','2026-04-20 18:34:50','2026-04-20 18:34:50'),(157,32,2,'1.1.0','1.1.0','sync',1,'[\"a-pousada.blade.php\",\"a-regiao.blade.php\",\"acomodacao-detalhe.blade.php\",\"acomodacoes.blade.php\",\"admin\\/paginas\\/a-pousada.blade.php\",\"admin\\/paginas\\/a-regiao.blade.php\",\"admin\\/paginas\\/acomodacoes.blade.php\",\"admin\\/paginas\\/contato.blade.php\",\"admin\\/paginas\\/faq.blade.php\",\"admin\\/paginas\\/home.blade.php\",\"components\\/hero.blade.php\",\"contato.blade.php\",\"faq.blade.php\",\"home.blade.php\",\"pagina-custom.blade.php\",\"politica-reservas.blade.php\"]','Sincronização total de v1.1.0 para v1.1.0. Removidos: 0','2026-04-20 18:42:37','2026-04-20 18:42:37'),(158,40,2,'1.1.0','1.1.0','sync',1,'[\"a-pousada.blade.php\",\"a-regiao.blade.php\",\"acomodacao-detalhe.blade.php\",\"acomodacoes.blade.php\",\"admin\\/paginas\\/a-pousada.blade.php\",\"admin\\/paginas\\/a-regiao.blade.php\",\"admin\\/paginas\\/acomodacoes.blade.php\",\"admin\\/paginas\\/contato.blade.php\",\"admin\\/paginas\\/faq.blade.php\",\"admin\\/paginas\\/home.blade.php\",\"components\\/hero.blade.php\",\"contato.blade.php\",\"faq.blade.php\",\"home.blade.php\",\"pagina-custom.blade.php\",\"politica-reservas.blade.php\"]','Sincronização total de v1.1.0 para v1.1.0. Removidos: 0','2026-04-20 18:42:37','2026-04-20 18:42:37'),(159,32,2,'1.1.0','1.1.0','sync',1,'[\"a-pousada.blade.php\",\"a-regiao.blade.php\",\"acomodacao-detalhe.blade.php\",\"acomodacoes.blade.php\",\"admin\\/acomodacoes\\/index.blade.php\",\"admin\\/paginas\\/a-pousada.blade.php\",\"admin\\/paginas\\/a-regiao.blade.php\",\"admin\\/paginas\\/acomodacoes.blade.php\",\"admin\\/paginas\\/contato.blade.php\",\"admin\\/paginas\\/faq.blade.php\",\"admin\\/paginas\\/home.blade.php\",\"components\\/hero.blade.php\",\"contato.blade.php\",\"faq.blade.php\",\"home.blade.php\",\"pagina-custom.blade.php\",\"politica-reservas.blade.php\"]','Sincronização total de v1.1.0 para v1.1.0. Removidos: 0','2026-04-20 18:54:59','2026-04-20 18:54:59'),(160,40,2,'1.1.0','1.1.0','sync',1,'[\"a-pousada.blade.php\",\"a-regiao.blade.php\",\"acomodacao-detalhe.blade.php\",\"acomodacoes.blade.php\",\"admin\\/acomodacoes\\/index.blade.php\",\"admin\\/paginas\\/a-pousada.blade.php\",\"admin\\/paginas\\/a-regiao.blade.php\",\"admin\\/paginas\\/acomodacoes.blade.php\",\"admin\\/paginas\\/contato.blade.php\",\"admin\\/paginas\\/faq.blade.php\",\"admin\\/paginas\\/home.blade.php\",\"components\\/hero.blade.php\",\"contato.blade.php\",\"faq.blade.php\",\"home.blade.php\",\"pagina-custom.blade.php\",\"politica-reservas.blade.php\"]','Sincronização total de v1.1.0 para v1.1.0. Removidos: 0','2026-04-20 18:55:00','2026-04-20 18:55:00'),(161,32,2,'1.1.0','1.1.0','sync',1,'[\"a-pousada.blade.php\",\"a-regiao.blade.php\",\"acomodacao-detalhe.blade.php\",\"acomodacoes.blade.php\",\"admin\\/paginas\\/a-pousada.blade.php\",\"admin\\/paginas\\/a-regiao.blade.php\",\"admin\\/paginas\\/acomodacoes.blade.php\",\"admin\\/paginas\\/contato.blade.php\",\"admin\\/paginas\\/faq.blade.php\",\"admin\\/paginas\\/home.blade.php\",\"components\\/hero.blade.php\",\"contato.blade.php\",\"faq.blade.php\",\"home.blade.php\",\"pagina-custom.blade.php\",\"politica-reservas.blade.php\"]','Sincronização total de v1.1.0 para v1.1.0. Removidos: 0','2026-04-20 20:15:47','2026-04-20 20:15:47'),(162,40,2,'1.1.0','1.1.0','sync',1,'[\"a-pousada.blade.php\",\"a-regiao.blade.php\",\"acomodacao-detalhe.blade.php\",\"acomodacoes.blade.php\",\"admin\\/paginas\\/a-pousada.blade.php\",\"admin\\/paginas\\/a-regiao.blade.php\",\"admin\\/paginas\\/acomodacoes.blade.php\",\"admin\\/paginas\\/contato.blade.php\",\"admin\\/paginas\\/faq.blade.php\",\"admin\\/paginas\\/home.blade.php\",\"components\\/hero.blade.php\",\"contato.blade.php\",\"faq.blade.php\",\"home.blade.php\",\"pagina-custom.blade.php\",\"politica-reservas.blade.php\"]','Sincronização total de v1.1.0 para v1.1.0. Removidos: 0','2026-04-20 20:15:48','2026-04-20 20:15:48'),(163,32,2,'1.1.0','1.1.0','sync',1,'[\"a-pousada.blade.php\",\"a-regiao.blade.php\",\"acomodacao-detalhe.blade.php\",\"acomodacoes.blade.php\",\"admin\\/paginas\\/a-pousada.blade.php\",\"admin\\/paginas\\/a-regiao.blade.php\",\"admin\\/paginas\\/acomodacoes.blade.php\",\"admin\\/paginas\\/contato.blade.php\",\"admin\\/paginas\\/faq.blade.php\",\"admin\\/paginas\\/home.blade.php\",\"components\\/hero.blade.php\",\"contato.blade.php\",\"faq.blade.php\",\"home.blade.php\",\"pagina-custom.blade.php\",\"politica-reservas.blade.php\"]','Sincronização total de v1.1.0 para v1.1.0. Removidos: 0','2026-04-20 20:36:32','2026-04-20 20:36:32'),(164,40,2,'1.1.0','1.1.0','sync',1,'[\"a-pousada.blade.php\",\"a-regiao.blade.php\",\"acomodacao-detalhe.blade.php\",\"acomodacoes.blade.php\",\"admin\\/paginas\\/a-pousada.blade.php\",\"admin\\/paginas\\/a-regiao.blade.php\",\"admin\\/paginas\\/acomodacoes.blade.php\",\"admin\\/paginas\\/contato.blade.php\",\"admin\\/paginas\\/faq.blade.php\",\"admin\\/paginas\\/home.blade.php\",\"components\\/hero.blade.php\",\"contato.blade.php\",\"faq.blade.php\",\"home.blade.php\",\"pagina-custom.blade.php\",\"politica-reservas.blade.php\"]','Sincronização total de v1.1.0 para v1.1.0. Removidos: 0','2026-04-20 20:36:33','2026-04-20 20:36:33'),(165,32,2,'1.1.0','1.1.0','sync',1,'[\"a-pousada.blade.php\",\"a-regiao.blade.php\",\"acomodacao-detalhe.blade.php\",\"acomodacoes.blade.php\",\"admin\\/paginas\\/a-pousada.blade.php\",\"admin\\/paginas\\/a-regiao.blade.php\",\"admin\\/paginas\\/acomodacoes.blade.php\",\"admin\\/paginas\\/contato.blade.php\",\"admin\\/paginas\\/faq.blade.php\",\"admin\\/paginas\\/home.blade.php\",\"components\\/hero.blade.php\",\"contato.blade.php\",\"faq.blade.php\",\"home.blade.php\",\"pagina-custom.blade.php\",\"politica-reservas.blade.php\"]','Sincronização total de v1.1.0 para v1.1.0. Removidos: 0','2026-04-20 20:47:04','2026-04-20 20:47:04'),(166,40,2,'1.1.0','1.1.0','sync',1,'[\"a-pousada.blade.php\",\"a-regiao.blade.php\",\"acomodacao-detalhe.blade.php\",\"acomodacoes.blade.php\",\"admin\\/paginas\\/a-pousada.blade.php\",\"admin\\/paginas\\/a-regiao.blade.php\",\"admin\\/paginas\\/acomodacoes.blade.php\",\"admin\\/paginas\\/contato.blade.php\",\"admin\\/paginas\\/faq.blade.php\",\"admin\\/paginas\\/home.blade.php\",\"components\\/hero.blade.php\",\"contato.blade.php\",\"faq.blade.php\",\"home.blade.php\",\"pagina-custom.blade.php\",\"politica-reservas.blade.php\"]','Sincronização total de v1.1.0 para v1.1.0. Removidos: 0','2026-04-20 20:47:05','2026-04-20 20:47:05'),(167,32,2,'1.1.0','1.1.0','sync',1,'[\"a-pousada.blade.php\",\"a-regiao.blade.php\",\"acomodacao-detalhe.blade.php\",\"acomodacoes.blade.php\",\"admin\\/paginas\\/a-pousada.blade.php\",\"admin\\/paginas\\/a-regiao.blade.php\",\"admin\\/paginas\\/acomodacoes.blade.php\",\"admin\\/paginas\\/contato.blade.php\",\"admin\\/paginas\\/faq.blade.php\",\"admin\\/paginas\\/home.blade.php\",\"components\\/hero.blade.php\",\"contato.blade.php\",\"faq.blade.php\",\"home.blade.php\",\"pagina-custom.blade.php\",\"politica-reservas.blade.php\"]','Sincronização total de v1.1.0 para v1.1.0. Removidos: 0','2026-04-20 20:48:13','2026-04-20 20:48:13'),(168,40,2,'1.1.0','1.1.0','sync',1,'[\"a-pousada.blade.php\",\"a-regiao.blade.php\",\"acomodacao-detalhe.blade.php\",\"acomodacoes.blade.php\",\"admin\\/paginas\\/a-pousada.blade.php\",\"admin\\/paginas\\/a-regiao.blade.php\",\"admin\\/paginas\\/acomodacoes.blade.php\",\"admin\\/paginas\\/contato.blade.php\",\"admin\\/paginas\\/faq.blade.php\",\"admin\\/paginas\\/home.blade.php\",\"components\\/hero.blade.php\",\"contato.blade.php\",\"faq.blade.php\",\"home.blade.php\",\"pagina-custom.blade.php\",\"politica-reservas.blade.php\"]','Sincronização total de v1.1.0 para v1.1.0. Removidos: 0','2026-04-20 20:48:13','2026-04-20 20:48:13'),(169,32,2,'1.1.0','1.1.0','sync',1,'[\"a-pousada.blade.php\",\"a-regiao.blade.php\",\"acomodacao-detalhe.blade.php\",\"acomodacoes.blade.php\",\"admin\\/acomodacoes\\/index.blade.php\",\"admin\\/paginas\\/a-pousada.blade.php\",\"admin\\/paginas\\/a-regiao.blade.php\",\"admin\\/paginas\\/acomodacoes.blade.php\",\"admin\\/paginas\\/contato.blade.php\",\"admin\\/paginas\\/faq.blade.php\",\"admin\\/paginas\\/home.blade.php\",\"components\\/hero.blade.php\",\"contato.blade.php\",\"faq.blade.php\",\"home.blade.php\",\"pagina-custom.blade.php\",\"politica-reservas.blade.php\"]','Sincronização total de v1.1.0 para v1.1.0. Removidos: 0','2026-04-20 20:59:19','2026-04-20 20:59:19'),(170,40,2,'1.1.0','1.1.0','sync',1,'[\"a-pousada.blade.php\",\"a-regiao.blade.php\",\"acomodacao-detalhe.blade.php\",\"acomodacoes.blade.php\",\"admin\\/acomodacoes\\/index.blade.php\",\"admin\\/paginas\\/a-pousada.blade.php\",\"admin\\/paginas\\/a-regiao.blade.php\",\"admin\\/paginas\\/acomodacoes.blade.php\",\"admin\\/paginas\\/contato.blade.php\",\"admin\\/paginas\\/faq.blade.php\",\"admin\\/paginas\\/home.blade.php\",\"components\\/hero.blade.php\",\"contato.blade.php\",\"faq.blade.php\",\"home.blade.php\",\"pagina-custom.blade.php\",\"politica-reservas.blade.php\"]','Sincronização total de v1.1.0 para v1.1.0. Removidos: 0','2026-04-20 20:59:20','2026-04-20 20:59:20'),(171,32,2,'1.1.0','1.1.0','sync',1,'[\"a-pousada.blade.php\",\"a-regiao.blade.php\",\"acomodacao-detalhe.blade.php\",\"acomodacoes.blade.php\",\"admin\\/acomodacoes\\/index.blade.php\",\"admin\\/paginas\\/a-pousada.blade.php\",\"admin\\/paginas\\/a-regiao.blade.php\",\"admin\\/paginas\\/acomodacoes.blade.php\",\"admin\\/paginas\\/contato.blade.php\",\"admin\\/paginas\\/faq.blade.php\",\"admin\\/paginas\\/home.blade.php\",\"components\\/hero.blade.php\",\"contato.blade.php\",\"faq.blade.php\",\"home.blade.php\",\"pagina-custom.blade.php\",\"politica-reservas.blade.php\"]','Sincronização total de v1.1.0 para v1.1.0. Removidos: 0','2026-04-20 21:20:23','2026-04-20 21:20:23'),(172,40,2,'1.1.0','1.1.0','sync',1,'[\"a-pousada.blade.php\",\"a-regiao.blade.php\",\"acomodacao-detalhe.blade.php\",\"acomodacoes.blade.php\",\"admin\\/acomodacoes\\/index.blade.php\",\"admin\\/paginas\\/a-pousada.blade.php\",\"admin\\/paginas\\/a-regiao.blade.php\",\"admin\\/paginas\\/acomodacoes.blade.php\",\"admin\\/paginas\\/contato.blade.php\",\"admin\\/paginas\\/faq.blade.php\",\"admin\\/paginas\\/home.blade.php\",\"components\\/hero.blade.php\",\"contato.blade.php\",\"faq.blade.php\",\"home.blade.php\",\"pagina-custom.blade.php\",\"politica-reservas.blade.php\"]','Sincronização total de v1.1.0 para v1.1.0. Removidos: 0','2026-04-20 21:20:24','2026-04-20 21:20:24'),(173,32,2,'1.1.0','1.1.0','sync',1,'[\"a-pousada.blade.php\",\"a-regiao.blade.php\",\"acomodacao-detalhe.blade.php\",\"acomodacoes.blade.php\",\"admin\\/configuracoes\\/index.blade.php\",\"admin\\/paginas\\/a-pousada.blade.php\",\"admin\\/paginas\\/a-regiao.blade.php\",\"admin\\/paginas\\/acomodacoes.blade.php\",\"admin\\/paginas\\/contato.blade.php\",\"admin\\/paginas\\/faq.blade.php\",\"admin\\/paginas\\/home.blade.php\",\"components\\/hero.blade.php\",\"contato.blade.php\",\"faq.blade.php\",\"home.blade.php\",\"pagina-custom.blade.php\",\"politica-reservas.blade.php\"]','Sincronização total de v1.1.0 para v1.1.0. Removidos: 0','2026-04-20 21:39:41','2026-04-20 21:39:41'),(174,40,2,'1.1.0','1.1.0','sync',1,'[\"a-pousada.blade.php\",\"a-regiao.blade.php\",\"acomodacao-detalhe.blade.php\",\"acomodacoes.blade.php\",\"admin\\/configuracoes\\/index.blade.php\",\"admin\\/paginas\\/a-pousada.blade.php\",\"admin\\/paginas\\/a-regiao.blade.php\",\"admin\\/paginas\\/acomodacoes.blade.php\",\"admin\\/paginas\\/contato.blade.php\",\"admin\\/paginas\\/faq.blade.php\",\"admin\\/paginas\\/home.blade.php\",\"components\\/hero.blade.php\",\"contato.blade.php\",\"faq.blade.php\",\"home.blade.php\",\"pagina-custom.blade.php\",\"politica-reservas.blade.php\"]','Sincronização total de v1.1.0 para v1.1.0. Removidos: 0','2026-04-20 21:39:42','2026-04-20 21:39:42'),(175,32,2,'1.1.0','1.1.0','sync',1,'[\"a-pousada.blade.php\",\"a-regiao.blade.php\",\"acomodacao-detalhe.blade.php\",\"acomodacoes.blade.php\",\"admin\\/configuracoes\\/index.blade.php\",\"admin\\/paginas\\/a-pousada.blade.php\",\"admin\\/paginas\\/a-regiao.blade.php\",\"admin\\/paginas\\/acomodacoes.blade.php\",\"admin\\/paginas\\/contato.blade.php\",\"admin\\/paginas\\/faq.blade.php\",\"admin\\/paginas\\/home.blade.php\",\"components\\/hero.blade.php\",\"contato.blade.php\",\"faq.blade.php\",\"home.blade.php\",\"pagina-custom.blade.php\",\"politica-reservas.blade.php\"]','Sincronização total de v1.1.0 para v1.1.0. Removidos: 0','2026-04-20 21:58:58','2026-04-20 21:58:58'),(176,40,2,'1.1.0','1.1.0','sync',1,'[\"a-pousada.blade.php\",\"a-regiao.blade.php\",\"acomodacao-detalhe.blade.php\",\"acomodacoes.blade.php\",\"admin\\/configuracoes\\/index.blade.php\",\"admin\\/paginas\\/a-pousada.blade.php\",\"admin\\/paginas\\/a-regiao.blade.php\",\"admin\\/paginas\\/acomodacoes.blade.php\",\"admin\\/paginas\\/contato.blade.php\",\"admin\\/paginas\\/faq.blade.php\",\"admin\\/paginas\\/home.blade.php\",\"components\\/hero.blade.php\",\"contato.blade.php\",\"faq.blade.php\",\"home.blade.php\",\"pagina-custom.blade.php\",\"politica-reservas.blade.php\"]','Sincronização total de v1.1.0 para v1.1.0. Removidos: 0','2026-04-20 21:58:59','2026-04-20 21:58:59'),(177,32,2,'1.1.0','1.1.0','sync',1,'[\"a-pousada.blade.php\",\"a-regiao.blade.php\",\"acomodacao-detalhe.blade.php\",\"acomodacoes.blade.php\",\"admin\\/configuracoes\\/index.blade.php\",\"admin\\/paginas\\/a-pousada.blade.php\",\"admin\\/paginas\\/a-regiao.blade.php\",\"admin\\/paginas\\/acomodacoes.blade.php\",\"admin\\/paginas\\/contato.blade.php\",\"admin\\/paginas\\/faq.blade.php\",\"admin\\/paginas\\/home.blade.php\",\"components\\/hero.blade.php\",\"contato.blade.php\",\"faq.blade.php\",\"home.blade.php\",\"pagina-custom.blade.php\",\"politica-reservas.blade.php\"]','Sincronização total de v1.1.0 para v1.1.0. Removidos: 0','2026-04-20 22:02:14','2026-04-20 22:02:14'),(178,40,2,'1.1.0','1.1.0','sync',1,'[\"a-pousada.blade.php\",\"a-regiao.blade.php\",\"acomodacao-detalhe.blade.php\",\"acomodacoes.blade.php\",\"admin\\/configuracoes\\/index.blade.php\",\"admin\\/paginas\\/a-pousada.blade.php\",\"admin\\/paginas\\/a-regiao.blade.php\",\"admin\\/paginas\\/acomodacoes.blade.php\",\"admin\\/paginas\\/contato.blade.php\",\"admin\\/paginas\\/faq.blade.php\",\"admin\\/paginas\\/home.blade.php\",\"components\\/hero.blade.php\",\"contato.blade.php\",\"faq.blade.php\",\"home.blade.php\",\"pagina-custom.blade.php\",\"politica-reservas.blade.php\"]','Sincronização total de v1.1.0 para v1.1.0. Removidos: 0','2026-04-20 22:02:15','2026-04-20 22:02:15'),(179,32,2,'1.1.0','1.1.0','sync',1,'[\"a-pousada.blade.php\",\"a-regiao.blade.php\",\"acomodacao-detalhe.blade.php\",\"acomodacoes.blade.php\",\"admin\\/configuracoes\\/logo.blade.php\",\"admin\\/paginas\\/a-pousada.blade.php\",\"admin\\/paginas\\/a-regiao.blade.php\",\"admin\\/paginas\\/acomodacoes.blade.php\",\"admin\\/paginas\\/contato.blade.php\",\"admin\\/paginas\\/faq.blade.php\",\"admin\\/paginas\\/home.blade.php\",\"components\\/hero.blade.php\",\"contato.blade.php\",\"faq.blade.php\",\"home.blade.php\",\"layout.blade.php\",\"pagina-custom.blade.php\",\"politica-reservas.blade.php\"]','Sincronização total de v1.1.0 para v1.1.0. Removidos: 0','2026-04-20 22:18:08','2026-04-20 22:18:08'),(180,40,2,'1.1.0','1.1.0','sync',1,'[\"a-pousada.blade.php\",\"a-regiao.blade.php\",\"acomodacao-detalhe.blade.php\",\"acomodacoes.blade.php\",\"admin\\/configuracoes\\/logo.blade.php\",\"admin\\/paginas\\/a-pousada.blade.php\",\"admin\\/paginas\\/a-regiao.blade.php\",\"admin\\/paginas\\/acomodacoes.blade.php\",\"admin\\/paginas\\/contato.blade.php\",\"admin\\/paginas\\/faq.blade.php\",\"admin\\/paginas\\/home.blade.php\",\"components\\/hero.blade.php\",\"contato.blade.php\",\"faq.blade.php\",\"home.blade.php\",\"layout.blade.php\",\"pagina-custom.blade.php\",\"politica-reservas.blade.php\"]','Sincronização total de v1.1.0 para v1.1.0. Removidos: 0','2026-04-20 22:18:08','2026-04-20 22:18:08'),(181,32,2,'1.1.0','1.1.0','sync',1,'[\"a-pousada.blade.php\",\"a-regiao.blade.php\",\"acomodacao-detalhe.blade.php\",\"acomodacoes.blade.php\",\"admin\\/configuracoes\\/index.blade.php\",\"admin\\/paginas\\/a-pousada.blade.php\",\"admin\\/paginas\\/a-regiao.blade.php\",\"admin\\/paginas\\/acomodacoes.blade.php\",\"admin\\/paginas\\/contato.blade.php\",\"admin\\/paginas\\/faq.blade.php\",\"admin\\/paginas\\/home.blade.php\",\"components\\/hero.blade.php\",\"contato.blade.php\",\"faq.blade.php\",\"home.blade.php\",\"pagina-custom.blade.php\",\"politica-reservas.blade.php\"]','Sincronização total de v1.1.0 para v1.1.0. Removidos: 0','2026-04-20 22:27:04','2026-04-20 22:27:04'),(182,40,2,'1.1.0','1.1.0','sync',1,'[\"a-pousada.blade.php\",\"a-regiao.blade.php\",\"acomodacao-detalhe.blade.php\",\"acomodacoes.blade.php\",\"admin\\/configuracoes\\/index.blade.php\",\"admin\\/paginas\\/a-pousada.blade.php\",\"admin\\/paginas\\/a-regiao.blade.php\",\"admin\\/paginas\\/acomodacoes.blade.php\",\"admin\\/paginas\\/contato.blade.php\",\"admin\\/paginas\\/faq.blade.php\",\"admin\\/paginas\\/home.blade.php\",\"components\\/hero.blade.php\",\"contato.blade.php\",\"faq.blade.php\",\"home.blade.php\",\"pagina-custom.blade.php\",\"politica-reservas.blade.php\"]','Sincronização total de v1.1.0 para v1.1.0. Removidos: 0','2026-04-20 22:27:04','2026-04-20 22:27:04'),(183,32,2,'1.1.0','1.1.0','sync',1,'[\"a-pousada.blade.php\",\"a-regiao.blade.php\",\"acomodacao-detalhe.blade.php\",\"acomodacoes.blade.php\",\"admin\\/paginas\\/a-pousada.blade.php\",\"admin\\/paginas\\/a-regiao.blade.php\",\"admin\\/paginas\\/acomodacoes.blade.php\",\"admin\\/paginas\\/contato.blade.php\",\"admin\\/paginas\\/faq.blade.php\",\"admin\\/paginas\\/home.blade.php\",\"components\\/hero.blade.php\",\"contato.blade.php\",\"faq.blade.php\",\"home.blade.php\",\"pagina-custom.blade.php\",\"politica-reservas.blade.php\"]','Sincronização total de v1.1.0 para v1.1.0. Removidos: 0','2026-04-20 22:30:10','2026-04-20 22:30:10'),(184,40,2,'1.1.0','1.1.0','sync',1,'[\"a-pousada.blade.php\",\"a-regiao.blade.php\",\"acomodacao-detalhe.blade.php\",\"acomodacoes.blade.php\",\"admin\\/paginas\\/a-pousada.blade.php\",\"admin\\/paginas\\/a-regiao.blade.php\",\"admin\\/paginas\\/acomodacoes.blade.php\",\"admin\\/paginas\\/contato.blade.php\",\"admin\\/paginas\\/faq.blade.php\",\"admin\\/paginas\\/home.blade.php\",\"components\\/hero.blade.php\",\"contato.blade.php\",\"faq.blade.php\",\"home.blade.php\",\"pagina-custom.blade.php\",\"politica-reservas.blade.php\"]','Sincronização total de v1.1.0 para v1.1.0. Removidos: 0','2026-04-20 22:30:10','2026-04-20 22:30:10'),(185,32,2,'1.1.0','1.1.0','sync',1,'[\"a-pousada.blade.php\",\"a-regiao.blade.php\",\"acomodacao-detalhe.blade.php\",\"acomodacoes.blade.php\",\"admin\\/paginas\\/a-regiao.blade.php\",\"admin\\/paginas\\/acomodacoes.blade.php\",\"admin\\/paginas\\/contato.blade.php\",\"admin\\/paginas\\/faq.blade.php\",\"admin\\/paginas\\/home.blade.php\",\"components\\/hero.blade.php\",\"contato.blade.php\",\"faq.blade.php\",\"home.blade.php\",\"pagina-custom.blade.php\",\"politica-reservas.blade.php\"]','Sincronização total de v1.1.0 para v1.1.0. Removidos: 0','2026-04-20 22:35:18','2026-04-20 22:35:18'),(186,40,2,'1.1.0','1.1.0','sync',1,'[\"a-pousada.blade.php\",\"a-regiao.blade.php\",\"acomodacao-detalhe.blade.php\",\"acomodacoes.blade.php\",\"admin\\/paginas\\/a-regiao.blade.php\",\"admin\\/paginas\\/acomodacoes.blade.php\",\"admin\\/paginas\\/contato.blade.php\",\"admin\\/paginas\\/faq.blade.php\",\"admin\\/paginas\\/home.blade.php\",\"components\\/hero.blade.php\",\"contato.blade.php\",\"faq.blade.php\",\"home.blade.php\",\"pagina-custom.blade.php\",\"politica-reservas.blade.php\"]','Sincronização total de v1.1.0 para v1.1.0. Removidos: 0','2026-04-20 22:35:19','2026-04-20 22:35:19'),(187,32,2,'1.1.0','1.1.0','sync',1,'[\"a-pousada.blade.php\",\"a-regiao.blade.php\",\"acomodacao-detalhe.blade.php\",\"acomodacoes.blade.php\",\"admin\\/paginas\\/a-regiao.blade.php\",\"admin\\/paginas\\/acomodacoes.blade.php\",\"admin\\/paginas\\/contato.blade.php\",\"admin\\/paginas\\/faq.blade.php\",\"admin\\/paginas\\/home.blade.php\",\"components\\/hero.blade.php\",\"contato.blade.php\",\"faq.blade.php\",\"home.blade.php\",\"pagina-custom.blade.php\",\"politica-reservas.blade.php\"]','Sincronização total de v1.1.0 para v1.1.0. Removidos: 0','2026-04-20 22:44:14','2026-04-20 22:44:14'),(188,40,2,'1.1.0','1.1.0','sync',1,'[\"a-pousada.blade.php\",\"a-regiao.blade.php\",\"acomodacao-detalhe.blade.php\",\"acomodacoes.blade.php\",\"admin\\/paginas\\/a-regiao.blade.php\",\"admin\\/paginas\\/acomodacoes.blade.php\",\"admin\\/paginas\\/contato.blade.php\",\"admin\\/paginas\\/faq.blade.php\",\"admin\\/paginas\\/home.blade.php\",\"components\\/hero.blade.php\",\"contato.blade.php\",\"faq.blade.php\",\"home.blade.php\",\"pagina-custom.blade.php\",\"politica-reservas.blade.php\"]','Sincronização total de v1.1.0 para v1.1.0. Removidos: 0','2026-04-20 22:44:15','2026-04-20 22:44:15'),(189,32,2,'1.1.0','1.1.0','sync',1,'[\"a-pousada.blade.php\",\"a-regiao.blade.php\",\"acomodacao-detalhe.blade.php\",\"acomodacoes.blade.php\",\"admin\\/configuracoes\\/politica.blade.php\",\"admin\\/paginas\\/a-regiao.blade.php\",\"admin\\/paginas\\/acomodacoes.blade.php\",\"admin\\/paginas\\/contato.blade.php\",\"admin\\/paginas\\/faq.blade.php\",\"admin\\/paginas\\/home.blade.php\",\"components\\/hero.blade.php\",\"contato.blade.php\",\"faq.blade.php\",\"home.blade.php\",\"pagina-custom.blade.php\",\"politica-reservas.blade.php\"]','Sincronização total de v1.1.0 para v1.1.0. Removidos: 0','2026-04-20 22:59:36','2026-04-20 22:59:36'),(190,40,2,'1.1.0','1.1.0','sync',1,'[\"a-pousada.blade.php\",\"a-regiao.blade.php\",\"acomodacao-detalhe.blade.php\",\"acomodacoes.blade.php\",\"admin\\/configuracoes\\/politica.blade.php\",\"admin\\/paginas\\/a-regiao.blade.php\",\"admin\\/paginas\\/acomodacoes.blade.php\",\"admin\\/paginas\\/contato.blade.php\",\"admin\\/paginas\\/faq.blade.php\",\"admin\\/paginas\\/home.blade.php\",\"components\\/hero.blade.php\",\"contato.blade.php\",\"faq.blade.php\",\"home.blade.php\",\"pagina-custom.blade.php\",\"politica-reservas.blade.php\"]','Sincronização total de v1.1.0 para v1.1.0. Removidos: 0','2026-04-20 22:59:37','2026-04-20 22:59:37'),(191,32,2,'1.1.0','1.1.0','sync',1,'[\"a-pousada.blade.php\",\"a-regiao.blade.php\",\"acomodacao-detalhe.blade.php\",\"acomodacoes.blade.php\",\"admin\\/configuracoes\\/politica.blade.php\",\"admin\\/paginas\\/a-regiao.blade.php\",\"admin\\/paginas\\/acomodacoes.blade.php\",\"admin\\/paginas\\/contato.blade.php\",\"admin\\/paginas\\/faq.blade.php\",\"admin\\/paginas\\/home.blade.php\",\"components\\/hero.blade.php\",\"contato.blade.php\",\"faq.blade.php\",\"home.blade.php\",\"pagina-custom.blade.php\",\"politica-reservas.blade.php\"]','Sincronização total de v1.1.0 para v1.1.0. Removidos: 0','2026-04-20 23:07:05','2026-04-20 23:07:05'),(192,40,2,'1.1.0','1.1.0','sync',1,'[\"a-pousada.blade.php\",\"a-regiao.blade.php\",\"acomodacao-detalhe.blade.php\",\"acomodacoes.blade.php\",\"admin\\/configuracoes\\/politica.blade.php\",\"admin\\/paginas\\/a-regiao.blade.php\",\"admin\\/paginas\\/acomodacoes.blade.php\",\"admin\\/paginas\\/contato.blade.php\",\"admin\\/paginas\\/faq.blade.php\",\"admin\\/paginas\\/home.blade.php\",\"components\\/hero.blade.php\",\"contato.blade.php\",\"faq.blade.php\",\"home.blade.php\",\"pagina-custom.blade.php\",\"politica-reservas.blade.php\"]','Sincronização total de v1.1.0 para v1.1.0. Removidos: 0','2026-04-20 23:07:05','2026-04-20 23:07:05'),(193,32,2,'1.1.0','1.1.0','sync',1,'[\"a-pousada.blade.php\",\"a-regiao.blade.php\",\"acomodacao-detalhe.blade.php\",\"acomodacoes.blade.php\",\"admin\\/paginas\\/a-regiao.blade.php\",\"admin\\/paginas\\/acomodacoes.blade.php\",\"admin\\/paginas\\/contato.blade.php\",\"admin\\/paginas\\/faq.blade.php\",\"admin\\/paginas\\/home.blade.php\",\"components\\/hero.blade.php\",\"contato.blade.php\",\"faq.blade.php\",\"home.blade.php\",\"layout.blade.php\",\"pagina-custom.blade.php\",\"politica-reservas.blade.php\"]','Sincronização total de v1.1.0 para v1.1.0. Removidos: 0','2026-04-20 23:34:17','2026-04-20 23:34:17'),(194,40,2,'1.1.0','1.1.0','sync',1,'[\"a-pousada.blade.php\",\"a-regiao.blade.php\",\"acomodacao-detalhe.blade.php\",\"acomodacoes.blade.php\",\"admin\\/paginas\\/a-regiao.blade.php\",\"admin\\/paginas\\/acomodacoes.blade.php\",\"admin\\/paginas\\/contato.blade.php\",\"admin\\/paginas\\/faq.blade.php\",\"admin\\/paginas\\/home.blade.php\",\"components\\/hero.blade.php\",\"contato.blade.php\",\"faq.blade.php\",\"home.blade.php\",\"layout.blade.php\",\"pagina-custom.blade.php\",\"politica-reservas.blade.php\"]','Sincronização total de v1.1.0 para v1.1.0. Removidos: 0','2026-04-20 23:34:18','2026-04-20 23:34:18'),(195,40,2,'1.1.0','1.1.0','sync',1,'[\"a-pousada.blade.php\",\"a-regiao.blade.php\",\"acomodacao-detalhe.blade.php\",\"acomodacoes.blade.php\",\"admin\\/paginas\\/a-regiao.blade.php\",\"admin\\/paginas\\/acomodacoes.blade.php\",\"admin\\/paginas\\/contato.blade.php\",\"admin\\/paginas\\/faq.blade.php\",\"admin\\/paginas\\/home.blade.php\",\"components\\/hero.blade.php\",\"contato.blade.php\",\"faq.blade.php\",\"home.blade.php\",\"layout.blade.php\",\"pagina-custom.blade.php\",\"politica-reservas.blade.php\",\"__css__\"]','Sincronização total de v1.1.0 para v1.1.0. Removidos: 0','2026-04-22 19:50:17','2026-04-22 19:50:17'),(196,40,2,'1.1.0','1.1.0','sync',1,'[\"a-pousada.blade.php\",\"a-regiao.blade.php\",\"acomodacao-detalhe.blade.php\",\"acomodacoes.blade.php\",\"admin\\/paginas\\/a-regiao.blade.php\",\"admin\\/paginas\\/acomodacoes.blade.php\",\"admin\\/paginas\\/contato.blade.php\",\"admin\\/paginas\\/faq.blade.php\",\"admin\\/paginas\\/home.blade.php\",\"components\\/hero.blade.php\",\"contato.blade.php\",\"faq.blade.php\",\"home.blade.php\",\"pagina-custom.blade.php\",\"politica-reservas.blade.php\"]','Sincronização total de v1.1.0 para v1.1.0. Removidos: 0','2026-04-22 19:50:21','2026-04-22 19:50:21'),(197,40,2,'1.1.0','1.1.0','sync',1,'[\"admin\\/configuracoes\\/index.blade.php\"]','Sincronização total de v1.1.0 para v1.1.0. Removidos: 0','2026-04-23 16:10:21','2026-04-23 16:10:21'),(198,40,2,'1.1.0','1.1.0','sync',1,'[\"a-pousada.blade.php\",\"a-regiao.blade.php\",\"acomodacao-detalhe.blade.php\",\"acomodacoes.blade.php\",\"admin\\/paginas\\/a-pousada.blade.php\",\"admin\\/paginas\\/a-regiao.blade.php\",\"admin\\/paginas\\/acomodacoes.blade.php\",\"admin\\/paginas\\/contato.blade.php\",\"admin\\/paginas\\/faq.blade.php\",\"admin\\/paginas\\/home.blade.php\",\"components\\/hero.blade.php\",\"contato.blade.php\",\"faq.blade.php\",\"home.blade.php\",\"layout.blade.php\",\"pagina-custom.blade.php\",\"politica-reservas.blade.php\",\"__css__\"]','Sincronização total de v1.1.0 para v1.1.0. Removidos: 0','2026-04-24 20:55:29','2026-04-24 20:55:29'),(199,40,2,'1.1.0','1.1.0','sync',1,'[\"a-pousada.blade.php\",\"a-regiao.blade.php\",\"acomodacao-detalhe.blade.php\",\"acomodacoes.blade.php\",\"admin\\/configuracoes\\/seo.blade.php\",\"admin\\/paginas\\/a-regiao.blade.php\",\"admin\\/paginas\\/acomodacoes.blade.php\",\"admin\\/paginas\\/contato.blade.php\",\"admin\\/paginas\\/faq.blade.php\",\"admin\\/paginas\\/home.blade.php\",\"components\\/hero.blade.php\",\"contato.blade.php\",\"faq.blade.php\",\"home.blade.php\",\"layout.blade.php\",\"pagina-custom.blade.php\",\"politica-reservas.blade.php\"]','Sincronização total de v1.1.0 para v1.1.0. Removidos: 0','2026-04-24 22:47:45','2026-04-24 22:47:45'),(200,40,2,'1.1.0','1.1.0','sync',1,'[\"a-pousada.blade.php\",\"a-regiao.blade.php\",\"acomodacao-detalhe.blade.php\",\"acomodacoes.blade.php\",\"admin\\/acomodacoes\\/form.blade.php\",\"admin\\/paginas\\/a-regiao.blade.php\",\"admin\\/paginas\\/acomodacoes.blade.php\",\"admin\\/paginas\\/contato.blade.php\",\"admin\\/paginas\\/faq.blade.php\",\"admin\\/paginas\\/home.blade.php\",\"components\\/hero.blade.php\",\"contato.blade.php\",\"faq.blade.php\",\"home.blade.php\",\"pagina-custom.blade.php\",\"politica-reservas.blade.php\"]','Sincronização total de v1.1.0 para v1.1.0. Removidos: 0','2026-04-24 23:45:56','2026-04-24 23:45:56'),(201,40,2,'1.1.0','1.1.0','sync',1,'[\"a-pousada.blade.php\",\"a-regiao.blade.php\",\"acomodacao-detalhe.blade.php\",\"acomodacoes.blade.php\",\"admin\\/configuracoes\\/index.blade.php\",\"admin\\/paginas\\/a-regiao.blade.php\",\"admin\\/paginas\\/acomodacoes.blade.php\",\"admin\\/paginas\\/contato.blade.php\",\"admin\\/paginas\\/faq.blade.php\",\"admin\\/paginas\\/home.blade.php\",\"components\\/hero.blade.php\",\"contato.blade.php\",\"faq.blade.php\",\"home.blade.php\",\"pagina-custom.blade.php\",\"politica-reservas.blade.php\"]','Sincronização total de v1.1.0 para v1.1.0. Removidos: 0','2026-04-24 23:57:36','2026-04-24 23:57:36');

--
-- Table structure for table `layouts`
--

CREATE TABLE `layouts` (
  `id` bigint(20) unsigned NOT NULL AUTO_INCREMENT,
  `identifier` varchar(255) NOT NULL,
  `name` varchar(255) NOT NULL,
  `description` text DEFAULT NULL,
  `version` varchar(20) NOT NULL DEFAULT '1.0.0',
  `segment` varchar(50) NOT NULL DEFAULT 'hotel',
  `supported_hero_types` longtext CHARACTER SET utf8mb4 COLLATE utf8mb4_bin DEFAULT NULL CHECK (json_valid(`supported_hero_types`)),
  `supported_media_types` longtext CHARACTER SET utf8mb4 COLLATE utf8mb4_bin DEFAULT NULL CHECK (json_valid(`supported_media_types`)),
  `is_active` tinyint(1) NOT NULL DEFAULT 1,
  `is_deletable` tinyint(1) NOT NULL DEFAULT 1 COMMENT 'False bloqueia exclusão permanente via UI',
  `activation_credits` int(10) unsigned NOT NULL DEFAULT 1 COMMENT 'Custo em creditos para ativar um site com este layout',
  `layout_updated_at` timestamp NULL DEFAULT NULL,
  `deleted_at` timestamp NULL DEFAULT NULL,
  `notes` text DEFAULT NULL,
  `created_at` timestamp NULL DEFAULT NULL,
  `updated_at` timestamp NULL DEFAULT NULL,
  PRIMARY KEY (`id`),
  UNIQUE KEY `layouts_identifier_unique` (`identifier`)
) ENGINE=InnoDB AUTO_INCREMENT=6 DEFAULT CHARSET=utf8mb4 COLLATE=utf8mb4_unicode_ci;

--
-- Dumping data for table `layouts`
--

INSERT INTO `layouts` VALUES (2,'hotel','Layout Pousada 1','Layout profissional para hoteis e pousadas. Visual elegante com Montserrat, galeria completa, acomodacoes e admin total.','1.1.0','pousada','[\"image\",\"video\",\"slider\"]','[\"image\",\"video_file\",\"youtube_embed\"]',1,1,0,NULL,NULL,'Inspirado em layouts modernos. Gera site completo a partir do briefing.','2026-03-31 23:18:24','2026-04-23 16:37:57'),(5,'hotel-luxo','Layout Hotel Luxo','Template de altíssimo padrão com paleta editorial dark luxury.','1.1.0','hotel',NULL,NULL,1,1,1,NULL,NULL,NULL,'2026-04-02 20:33:44','2026-04-02 20:33:44');

--
-- Table structure for table `media`
--

CREATE TABLE `media` (
  `id` bigint(20) unsigned NOT NULL AUTO_INCREMENT,
  `client_id` bigint(20) unsigned NOT NULL,
  `type` enum('image','video','youtube','media_360','document') NOT NULL DEFAULT 'image',
  `category` varchar(50) NOT NULL DEFAULT 'general',
  `original_name` varchar(255) NOT NULL,
  `path` varchar(255) NOT NULL,
  `thumbnail_path` varchar(255) DEFAULT NULL,
  `optimized_path` varchar(255) DEFAULT NULL,
  `mime_type` varchar(100) DEFAULT NULL,
  `size_bytes` bigint(20) unsigned DEFAULT NULL,
  `alt_text` varchar(255) DEFAULT NULL,
  `caption` varchar(255) DEFAULT NULL,
  `youtube_url` varchar(255) DEFAULT NULL,
  `media_360_source` varchar(255) DEFAULT NULL,
  `width` int(11) DEFAULT NULL,
  `height` int(11) DEFAULT NULL,
  `order` int(11) NOT NULL DEFAULT 0,
  `metadata` longtext CHARACTER SET utf8mb4 COLLATE utf8mb4_bin DEFAULT NULL CHECK (json_valid(`metadata`)),
  `created_at` timestamp NULL DEFAULT NULL,
  `updated_at` timestamp NULL DEFAULT NULL,
  PRIMARY KEY (`id`),
  KEY `media_client_id_type_index` (`client_id`,`type`),
  KEY `media_client_id_category_index` (`client_id`,`category`),
  CONSTRAINT `media_client_id_foreign` FOREIGN KEY (`client_id`) REFERENCES `clients` (`id`) ON DELETE CASCADE
) ENGINE=InnoDB AUTO_INCREMENT=2 DEFAULT CHARSET=utf8mb4 COLLATE=utf8mb4_unicode_ci;

--
-- Dumping data for table `media`
--


--
-- Table structure for table `menu_items`
--

CREATE TABLE `menu_items` (
  `id` bigint(20) unsigned NOT NULL AUTO_INCREMENT,
  `menu_id` bigint(20) unsigned NOT NULL,
  `parent_id` bigint(20) unsigned DEFAULT NULL,
  `label` varchar(100) NOT NULL,
  `url` varchar(500) DEFAULT NULL,
  `page_id` bigint(20) unsigned DEFAULT NULL,
  `type` varchar(20) NOT NULL DEFAULT 'link',
  `target` varchar(10) NOT NULL DEFAULT '_self',
  `order` int(10) unsigned NOT NULL DEFAULT 0,
  `is_visible` tinyint(1) NOT NULL DEFAULT 1,
  `created_at` timestamp NULL DEFAULT NULL,
  `updated_at` timestamp NULL DEFAULT NULL,
  PRIMARY KEY (`id`),
  KEY `menu_items_page_id_foreign` (`page_id`),
  KEY `menu_items_parent_id_foreign` (`parent_id`),
  KEY `menu_items_menu_id_index` (`menu_id`),
  CONSTRAINT `menu_items_menu_id_foreign` FOREIGN KEY (`menu_id`) REFERENCES `menus` (`id`) ON DELETE CASCADE,
  CONSTRAINT `menu_items_page_id_foreign` FOREIGN KEY (`page_id`) REFERENCES `pages` (`id`) ON DELETE SET NULL,
  CONSTRAINT `menu_items_parent_id_foreign` FOREIGN KEY (`parent_id`) REFERENCES `menu_items` (`id`) ON DELETE CASCADE
) ENGINE=InnoDB DEFAULT CHARSET=utf8mb4 COLLATE=utf8mb4_unicode_ci;

--
-- Dumping data for table `menu_items`
--


--
-- Table structure for table `menus`
--

CREATE TABLE `menus` (
  `id` bigint(20) unsigned NOT NULL AUTO_INCREMENT,
  `client_id` bigint(20) unsigned NOT NULL,
  `location` varchar(30) NOT NULL,
  `name` varchar(100) NOT NULL,
  `is_active` tinyint(1) NOT NULL DEFAULT 1,
  `created_at` timestamp NULL DEFAULT NULL,
  `updated_at` timestamp NULL DEFAULT NULL,
  PRIMARY KEY (`id`),
  UNIQUE KEY `menus_client_id_location_unique` (`client_id`,`location`),
  KEY `menus_client_id_index` (`client_id`),
  CONSTRAINT `menus_client_id_foreign` FOREIGN KEY (`client_id`) REFERENCES `clients` (`id`) ON DELETE CASCADE
) ENGINE=InnoDB AUTO_INCREMENT=4 DEFAULT CHARSET=utf8mb4 COLLATE=utf8mb4_unicode_ci;

--
-- Dumping data for table `menus`
--


--
-- Table structure for table `migrations`
--

CREATE TABLE `migrations` (
  `id` int(10) unsigned NOT NULL AUTO_INCREMENT,
  `migration` varchar(255) NOT NULL,
  `batch` int(11) NOT NULL,
  PRIMARY KEY (`id`)
) ENGINE=InnoDB AUTO_INCREMENT=62 DEFAULT CHARSET=utf8mb4 COLLATE=utf8mb4_unicode_ci;

--
-- Dumping data for table `migrations`
--

INSERT INTO `migrations` VALUES (1,'0001_01_01_000000_create_users_table',1),(2,'0001_01_01_000001_create_cache_table',1),(3,'0001_01_01_000002_create_jobs_table',1),(4,'2025_01_01_000001_create_layouts_table',1),(5,'2025_01_01_000002_create_layout_sections_table',1),(6,'2025_01_01_000003_create_clients_table',1),(7,'2025_01_01_000004_create_pages_table',1),(8,'2025_01_01_000005_create_accommodations_table',1),(9,'2025_01_01_000006_create_media_table',1),(10,'2025_01_01_000007_create_seo_settings_table',1),(11,'2025_01_01_000008_create_hero_configs_table',1),(12,'2025_01_01_000009_create_activity_logs_table',1),(13,'2026_03_10_000001_add_briefing_to_clients_table',2),(14,'2026_03_11_000001_add_site_generated_at_to_clients',3),(15,'2026_03_12_000001_create_admin_tokens_table',4),(16,'2026_03_12_000002_create_menus_table',4),(17,'2026_03_12_000003_create_menu_items_table',4),(18,'2026_03_12_000004_create_faqs_table',4),(19,'2026_03_12_000005_create_testimonials_table',4),(20,'2026_03_12_000006_create_galleries_table',4),(21,'2026_03_12_000007_create_gallery_images_table',4),(22,'2026_03_12_000008_create_site_appearances_table',4),(23,'2026_03_12_000009_expand_clients_and_pages',4),(24,'2026_03_12_000001_add_deploy_fields_to_clients',5),(25,'2026_03_12_000002_add_admin_credentials_to_clients',6),(26,'2025_06_01_000001_add_custom_code_to_pages',7),(27,'2025_06_01_000002_create_page_layouts_table',8),(28,'2026_03_15_175237_add_layout_updated_at_to_layouts_table',9),(29,'2026_03_15_180000_add_reseller_support',10),(30,'2026_03_16_120000_add_layout_sync_to_clients',11),(31,'2026_03_16_121000_add_briefing_token_index',12),(32,'2026_03_16_184255_create_tutorials_table',13),(33,'2026_03_16_185217_create_page_sections_table',14),(34,'2026_03_16_190804_create_client_sections_table',14),(35,'2026_03_16_190811_create_client_site_config_table',14),(36,'2026_03_16_191424_extend_layout_sections_with_schema',14),(37,'2026_03_16_194155_add_video_path_to_tutorials_table',15),(38,'2026_03_17_100000_add_credits_to_users_table',16),(39,'2026_03_17_100001_add_activation_credits_to_layouts_table',16),(40,'2026_03_17_100002_create_credit_transactions_table',16),(41,'2026_03_17_200000_create_tutorial_sections_table',17),(42,'2025_01_01_000020_add_smtp_to_clients_table',18),(43,'2026_03_27_000001_create_sb_pages_table',19),(44,'2026_03_27_000002_create_sb_sections_columns_blocks_table',19),(45,'2026_03_27_000003_create_sb_versions_components_table',19),(46,'2026_03_27_000004_create_sb_seo_global_redirects_table',19),(47,'2026_03_27_000005_create_acc_analytics_scores_sb_analytics_table',19),(48,'2026_03_30_000001_add_section_id_to_sb_blocks',20),(49,'2026_03_31_000001_add_faq_policy_to_pages_type_enum',21),(50,'2026_04_02_000001_add_snapshot_columns_to_clients',22),(51,'2026_04_02_000002_add_soft_delete_to_layouts',22),(52,'2026_04_02_000003_create_layout_sync_logs_table',22),(53,'2026_04_02_195657_add_banner_fields_to_page_blocks',23),(54,'2026_04_02_195733_add_seo_fields_to_pages',24),(55,'2026_04_03_050434_create_client_admin_users_table',25),(56,'2026_04_03_055544_create_site_page_views_table',26),(57,'2026_04_03_192853_add_views_to_clients_and_accommodations',27),(58,'2026_04_03_204422_add_views_columns_to_clients_and_accommodations',28),(59,'2026_04_06_000001_add_banner_path_to_accommodations',29),(60,'2026_04_20_145045_add_parent_id_menu_label_to_pages_table',30),(61,'2026_04_24_204039_add_booking_url_to_accommodations_table',31);

--
-- Table structure for table `page_blocks`
--

CREATE TABLE `page_blocks` (
  `id` bigint(20) unsigned NOT NULL AUTO_INCREMENT,
  `page_id` bigint(20) unsigned NOT NULL,
  `section_identifier` varchar(255) NOT NULL,
  `block_type` varchar(50) NOT NULL DEFAULT 'text',
  `title` text DEFAULT NULL,
  `subtitle` text DEFAULT NULL,
  `content` longtext DEFAULT NULL,
  `image_path` varchar(255) DEFAULT NULL,
  `image_mobile_path` varchar(255) DEFAULT NULL,
  `image_alt` varchar(255) DEFAULT NULL,
  `button_text` varchar(255) DEFAULT NULL,
  `button_url` varchar(255) DEFAULT NULL,
  `button_style` varchar(255) DEFAULT 'primary',
  `button2_text` varchar(255) DEFAULT NULL,
  `button2_url` varchar(255) DEFAULT NULL,
  `overlay_opacity` decimal(3,2) DEFAULT 0.45,
  `cta_text` varchar(255) DEFAULT NULL,
  `cta_link` varchar(255) DEFAULT NULL,
  `extra_data` longtext CHARACTER SET utf8mb4 COLLATE utf8mb4_bin DEFAULT NULL CHECK (json_valid(`extra_data`)),
  `order` int(11) NOT NULL DEFAULT 0,
  `is_visible` tinyint(1) NOT NULL DEFAULT 1,
  `created_at` timestamp NULL DEFAULT NULL,
  `updated_at` timestamp NULL DEFAULT NULL,
  PRIMARY KEY (`id`),
  KEY `page_blocks_page_id_foreign` (`page_id`),
  CONSTRAINT `page_blocks_page_id_foreign` FOREIGN KEY (`page_id`) REFERENCES `pages` (`id`) ON DELETE CASCADE
) ENGINE=InnoDB AUTO_INCREMENT=389 DEFAULT CHARSET=utf8mb4 COLLATE=utf8mb4_unicode_ci;

--
-- Dumping data for table `page_blocks`
--

INSERT INTO `page_blocks` VALUES (255,118,'hero','text','Laytout Hotels2343','Sua experiência unicasss em Garopabafdffsa','[\"[\\\"Descubra o melhor da hospitalidade em um ambiente acolhedor rodeado pela natureza. Reserve já sua estadia e viva momentos inesquecíveis\\\"]\"]','sites/laytout-hotel/banners/home/lePaNAO6wmkdWp6aZdDoBddYatILiqBgqHVIghsl.png',NULL,NULL,'Reservar Agora',NULL,'primary','Ver Acomodações',NULL,0.40,'Ver Acomodacoes','/acomodacoes',NULL,1,1,'2026-04-02 16:09:56','2026-04-02 23:48:39'),(256,118,'sobre_resumo','text','Sobre a Laytout Hotel',NULL,'hgvhfghhgyt6556767657657','sites/laytout-hotel/banners/home/7yiIi6qDhjt83HBdMH1uERXkKLPK5yL8ZslcOT8w.png',NULL,NULL,'Conheça a Pousada',NULL,'primary',NULL,NULL,0.45,NULL,NULL,NULL,2,1,'2026-04-02 16:09:56','2026-04-02 23:56:00'),(257,118,'acomodacoes_destaque','text','Nossas Acomodações','Conforto e tranquilidade para sua estadia','[\"[\\\"[\\\\\\\"[\\\\\\\\\\\\\\\"[\\\\\\\\\\\\\\\\\\\\\\\\\\\\\\\"[\\\\\\\\\\\\\\\\\\\\\\\\\\\\\\\\\\\\\\\\\\\\\\\\\\\\\\\\\\\\\\\"[\\\\\\\\\\\\\\\\\\\\\\\\\\\\\\\\\\\\\\\\\\\\\\\\\\\\\\\\\\\\\\\\\\\\\\\\\\\\\\\\\\\\\\\\\\\\\\\\\\\\\\\\\\\\\\\\\\\\\\\\\\\\\\\"[\\\\\\\\\\\\\\\\\\\\\\\\\\\\\\\\\\\\\\\\\\\\\\\\\\\\\\\\\\\\\\\\\\\\\\\\\\\\\\\\\\\\\\\\\\\\\\\\\\\\\\\\\\\\\\\\\\\\\\\\\\\\\\\\\\\\\\\\\\\\\\\\\\\\\\\\\\\\\\\\\\\\\\\\\\\\\\\\\\\\\\\\\\\\\\\\\\\\\\\\\\\\\\\\\\\\\\\\\\\\\\\\\\\\\\\\\\\\\\\\\\\\\\\\\\\\\\\"[\\\\\\\\\\\\\\\\\\\\\\\\\\\\\\\\\\\\\\\\\\\\\\\\\\\\\\\\\\\\\\\\\\\\\\\\\\\\\\\\\\\\\\\\\\\\\\\\\\\\\\\\\\\\\\\\\\\\\\\\\\\\\\\\\\\\\\\\\\\\\\\\\\\\\\\\\\\\\\\\\\\\\\\\\\\\\\\\\\\\\\\\\\\\\\\\\\\\\\\\\\\\\\\\\\\\\\\\\\\\\\\\\\\\\\\\\\\\\\\\\\\\\\\\\\\\\\\\\\\\\\\\\\\\\\\\\\\\\\\\\\\\\\\\\\\\\\\\\\\\\\\\\\\\\\\\\\\\\\\\\\\\\\\\\\\\\\\\\\\\\\\\\\\\\\\\\\\\\\\\\\\\\\\\\\\\\\\\\\\\\\\\\\\\\\\\\\\\\\\\\\\\\\\\\\\\\\\\\\\\\\\\\\\\\\\\\\\\\\\\\\\\\\\\\\\\\\\\\\\\\\\\\\\\\\\\\\\\\\\\\\\\\\\\\\\\\\\\\\\\\\\\\\\\\\\"[\\\\\\\\\\\\\\\\\\\\\\\\\\\\\\\\\\\\\\\\\\\\\\\\\\\\\\\\\\\\\\\\\\\\\\\\\\\\\\\\\\\\\\\\\\\\\\\\\\\\\\\\\\\\\\\\\\\\\\\\\\\\\\\\\\\\\\\\\\\\\\\\\\\\\\\\\\\\\\\\\\\\\\\\\\\\\\\\\\\\\\\\\\\\\\\\\\\\\\\\\\\\\\\\\\\\\\\\\\\\\\\\\\\\\\\\\\\\\\\\\\\\\\\\\\\\\\\\\\\\\\\\\\\\\\\\\\\\\\\\\\\\\\\\\\\\\\\\\\\\\\\\\\\\\\\\\\\\\\\\\\\\\\\\\\\\\\\\\\\\\\\\\\\\\\\\\\\\\\\\\\\\\\\\\\\\\\\\\\\\\\\\\\\\\\\\\\\\\\\\\\\\\\\\\\\\\\\\\\\\\\\\\\\\\\\\\\\\\\\\\\\\\\\\\\\\\\\\\\\\\\\\\\\\\\\\\\\\\\\\\\\\\\\\\\\\\\\\\\\\\\\\\\\\\\\\\\\\\\\\\\\\\\\\\\\\\\\\\\\\\\\\\\\\\\\\\\\\\\\\\\\\\\\\\\\\\\\\\\\\\\\\\\\\\\\\\\\\\\\\\\\\\\\\\\\\\\\\\\\\\\\\\\\\\\\\\\\\\\\\\\\\\\\\\\\\\\\\\\\\\\\\\\\\\\\\\\\\\\\\\\\\\\\\\\\\\\\\\\\\\\\\\\\\\\\\\\\\\\\\\\\\\\\\\\\\\\\\\\\\\\\\\\\\\\\\\\\\\\\\\\\\\\\\\\\\\\\\\\\\\\\\\\\\\\\\\\\\\\\\\\\\\\\\\\\\\\\\\\\\\\\\\\\\\\\\\\\\\\\\\\\\\\\\\\\\\\\\\\\\\\\\\\\\\\\\\\\\\\\\\\\\\\\\\\\\\\\\\\\\\\\\\\\\\\\\\\\\\\\\\\\\\\\\\\\\\\\\\\\\\\\\\\\\\\\\\\\\\\\\\\\\\\\\\\\\\\\\\\\\\\\\\\\\\\\\\\\\\\\\\\\\\\\\\\\\\\\\\\\\\\\"[\\\\\\\\\\\\\\\\\\\\\\\\\\\\\\\\\\\\\\\\\\\\\\\\\\\\\\\\\\\\\\\\\\\\\\\\\\\\\\\\\\\\\\\\\\\\\\\\\\\\\\\\\\\\\\\\\\\\\\\\\\\\\\\\\\\\\\\\\\\\\\\\\\\\\\\\\\\\\\\\\\\\\\\\\\\\\\\\\\\\\\\\\\\\\\\\\\\\\\\\\\\\\\\\\\\\\\\\\\\\\\\\\\\\\\\\\\\\\\\\\\\\\\\\\\\\\\\\\\\\\\\\\\\\\\\\\\\\\\\\\\\\\\\\\\\\\\\\\\\\\\\\\\\\\\\\\\\\\\\\\\\\\\\\\\\\\\\\\\\\\\\\\\\\\\\\\\\\\\\\\\\\\\\\\\\\\\\\\\\\\\\\\\\\\\\\\\\\\\\\\\\\\\\\\\\\\\\\\\\\\\\\\\\\\\\\\\\\\\\\\\\\\\\\\\\\\\\\\\\\\\\\\\\\\\\\\\\\\\\\\\\\\\\\\\\\\\\\\\\\\\\\\\\\\\\\\\\\\\\\\\\\\\\\\\\\\\\\\\\\\\\\\\\\\\\\\\\\\\\\\\\\\\\\\\\\\\\\\\\\\\\\\\\\\\\\\\\\\\\\\\\\\\\\\\\\\\\\\\\\\\\\\\\\\\\\\\\\\\\\\\\\\\\\\\\\\\\\\\\\\\\\\\\\\\\\\\\\\\\\\\\\\\\\\\\\\\\\\\\\\\\\\\\\\\\\\\\\\\\\\\\\\\\\\\\\\\\\\\\\\\\\\\\\\\\\\\\\\\\\\\\\\\\\\\\\\\\\\\\\\\\\\\\\\\\\\\\\\\\\\\\\\\\\\\\\\\\\\\\\\\\\\\\\\\\\\\\\\\\\\\\\\\\\\\\\\\\\\\\\\\\\\\\\\\\\\\\\\\\\\\\\\\\\\\\\\\\\\\\\\\\\\\\\\\\\\\\\\\\\\\\\\\\\\\\\\\\\\\\\\\\\\\\\\\\\\\\\\\\\\\\\\\\\\\\\\\\\\\\\\\\\\\\\\\\\\\\\\\\\\\\\\\\\\\\\\\\\\\\\\\\\\\\\\\\\\\\\\\\\\\\\\\\\\\\\\\\\\\\\\\\\\\\\\\\\\\\\\\\\\\\\\\\\\\\\\\\\\\\\\\\\\\\\\\\\\\\\\\\\\\\\\\\\\\\\\\\\\\\\\\\\\\\\\\\\\\\\\\\\\\\\\\\\\\\\\\\\\\\\\\\\\\\\\\\\\\\\\\\\\\\\\\\\\\\\\\\\\\\\\\\\\\\\\\\\\\\\\\\\\\\\\\\\\\\\\\\\\\\\\\\\\\\\\\\\\\\\\\\\\\\\\\\\\\\\\\\\\\\\\\\\\\\\\\\\\\\\\\\\\\\\\\\\\\\\\\\\\\\\\\\\\\\\\\\\\\\\\\\\\\\\\\\\\\\\\\\\\\\\\\\\\\\\\\\\\\\\\\\\\\\\\\\\\\\\\\\\\\\\\\\\\\\\\\\\\\\\\\\\\\\\\\\\\\\\\\\\\\\\\\\\\\\\\\\\\\\\\\\\\\\\\\\\\\\\\\\\\\\\\\\\\\\\\\\\\\\\\\\\\\\\\\\\\\\\\\\\\\\\\\\\\\\\\\\\\\\\\\\\\\\\\\\\\\\\\\\\\\\\\\\\\\\\\\\\\\\\\\\\\\\\\\\\\\\\\\\\\\\\\\\\\\\\\\\\\\\\\\\\\\\\\\\\\\\\\\\\\\\\\\\\\\\\\\\\\\\\\\\\\\\\\\\\\\\\\\\\\\\\\\\\\\\\\\\\\\\\\\\\\\\\\\\\\\\\\\\\\\\\\\\\\\\\\\\\\\\\\\\\\\\\\\\\\\\\\\\\\\\\\\\\\\\\\\\\\\\\\\\\\\\\\\\\\\\\\\\\\\\\\\\\\\\\\\\\\\\\\\\\\\\\\\\\\\\\\\\\\\\\\\\\\\\\\\\\\\\\\\\\\\\\\\\\\\\\\\\\\\\\\\\\\\\\\\\\\\\\\\\\\\\\\\\\\\\\\\\\\\\\\\\\\\\\\\\\\\\\\\\\\\\\\\\\\\\\\\\\\\\\\\\\\\\\\\\\\\\\\\\\\\\\\\\\\\\\\\\\\\\\\\\\\\\\\\\\\\\\\\\\\\\\\\\"Conhea nossos tipos de acomodacao, cada um pensado para oferecer o máximo de conforto durante sua estadia.\\\\\\\\\\\\\\\\\\\\\\\\\\\\\\\\\\\\\\\\\\\\\\\\\\\\\\\\\\\\\\\\\\\\\\\\\\\\\\\\\\\\\\\\\\\\\\\\\\\\\\\\\\\\\\\\\\\\\\\\\\\\\\\\\\\\\\\\\\\\\\\\\\\\\\\\\\\\\\\\\\\\\\\\\\\\\\\\\\\\\\\\\\\\\\\\\\\\\\\\\\\\\\\\\\\\\\\\\\\\\\\\\\\\\\\\\\\\\\\\\\\\\\\\\\\\\\\\\\\\\\\\\\\\\\\\\\\\\\\\\\\\\\\\\\\\\\\\\\\\\\\\\\\\\\\\\\\\\\\\\\\\\\\\\\\\\\\\\\\\\\\\\\\\\\\\\\\\\\\\\\\\\\\\\\\\\\\\\\\\\\\\\\\\\\\\\\\\\\\\\\\\\\\\\\\\\\\\\\\\\\\\\\\\\\\\\\\\\\\\\\\\\\\\\\\\\\\\\\\\\\\\\\\\\\\\\\\\\\\\\\\\\\\\\\\\\\\\\\\\\\\\\\\\\\\\\\\\\\\\\\\\\\\\\\\\\\\\\\\\\\\\\\\\\\\\\\\\\\\\\\\\\\\\\\\\\\\\\\\\\\\\\\\\\\\\\\\\\\\\\\\\\\\\\\\\\\\\\\\\\\\\\\\\\\\\\\\\\\\\\\\\\\\\\\\\\\\\\\\\\\\\\\\\\\\\\\\\\\\\\\\\\\\\\\\\\\\\\\\\\\\\\\\\\\\\\\\\\\\\\\\\\\\\\\\\\\\\\\\\\\\\\\\\\\\\\\\\\\\\\\\\\\\\\\\\\\\\\\\\\\\\\\\\\\\\\\\\\\\\\\\\\\\\\\\\\\\\\\\\\\\\\\\\\\\\\\\\\\\\\\\\\\\\\\\\\\\\\\\\\\\\\\\\\\\\\\\\\\\\\\\\\\\\\\\\\\\\\\\\\\\\\\\\\\\\\\\\\\\\\\\\\\\\\\\\\\\\\\\\\\\\\\\\\\\\\\\\\\\\\\\\\\\\\\\\\\\\\\\\\\\\\\\\\\\\\\\\\\\\\\\\\\\\\\\\\\\\\\\\\\\\\\\\\\\\\\\\\\\\\\\\\\\\\\\\\\\\\\\\\\\\\\\\\\\\\\\\\\\\\\\\\\\\\\\\\\\\\\\\\\\\\\\\\\\\\\\\\\\\\\\\\\\\\\\\\\\\\\\\\\\\\\\\\\\\\\\\\\\\\\\\\\\\\\\\\\\\\\\\\\\\\\\\\\\\\\\\\\\\\\\\\\\\\\\\\\\\\\\\\\\\\\\\\\\\\\\\\\\\\\\\\\\\\\\\\\\\\\\\\\\\\\\\\\\\\\\\\\\\\\\\\\\\\\\\\\\\\\\\\\\\\\\\\\\\\\\\\\\\\\\\\\\\\\\\\\\\\\\\\\\\\\\\\\\\\\\\\\\\\\\\\\\\\\\\\\\\\\\\\\\\\\\\\\\\\\\\\\\\\\\\\\\\\\\\\\\\\\\\\\\\\\\\\\\\\\\\\\\\\\\\\\\\\\\\\\\\\\\\\\\\\\\\\\\\\\\\\\\\\\\\\\\\\\\\\\\\\\\\\\\\\\\\\\\\\\\\\\\\\\\\\\\\\\\\\\\\\\\\\\\\\\\\\\\\\\\\\\\\\\\\\\\\\\\\\\\\\\\\\\\\\\\\\\\\\\\\\\\\\\\\\\\\\\\\\\\\\\\\\\\\\\\\\\\\\\\\\\\\\\\\\\\\\\\\\\\\\\\\\\\\\\\\\\\\\\\\\\\\\\\\\\\\\\\\\\\\\\\\\\\\\\\\\\\\\\\\\\\\\\\\\\\\\\\\\\\\\\\\\\\\\\\\\\\\\\\\\\\\\\\\\\\\\\\\\\\\\\\\\\\\\\\\\\\\\\\\\\\\\\\\\\\\\\\\\\\\\\\\\\\\\\\\\\\\\\\\\\\\\\\\\\\\\\\\\\\\\\\\\\\\\\\\\\\\\\\\\\\\\\\\\\\\\\\\\\\\\\\\\\\\\\\\\\\\\\\\\\\\\\\\\\\\\\\\\\\\\\\\\\\\\\\\\\\\\\\\\\\\\\\\\\\\\\\\\\\\\\\\\\\\\\\\\\\\\\\\\\\\\\\\\\\\\\\\\\\\\\\\\\\\\\\\\\\\\\\\\\\\\\\\\\\"]\\\\\\\\\\\\\\\\\\\\\\\\\\\\\\\\\\\\\\\\\\\\\\\\\\\\\\\\\\\\\\\\\\\\\\\\\\\\\\\\\\\\\\\\\\\\\\\\\\\\\\\\\\\\\\\\\\\\\\\\\\\\\\\\\\\\\\\\\\\\\\\\\\\\\\\\\\\\\\\\\\\\\\\\\\\\\\\\\\\\\\\\\\\\\\\\\\\\\\\\\\\\\\\\\\\\\\\\\\\\\\\\\\\\\\\\\\\\\\\\\\\\\\\\\\\\\\\\\\\\\\\\\\\\\\\\\\\\\\\\\\\\\\\\\\\\\\\\\\\\\\\\\\\\\\\\\\\\\\\\\\\\\\\\\\\\\\\\\\\\\\\\\\\\\\\\\\\\\\\\\\\\\\\\\\\\\\\\\\\\\\\\\\\\\\\\\\\\\\\\\\\\\\\\\\\\\\\\\\\\\\\\\\\\\\\\\\\\\\\\\\\\\\\\\\\\\\\\\\\\\\\\\\\\\\\\\\\\\\\\\\\\\\\\\\\\\\\\\\\\\\\\\\\\\\\\\\\\\\\\\\\\\\\\\\\\\\\\\\\\\\\\\\\\\\\\\\\\\\\\\\\\\\\\\\\\\\\\\\\\\\\\\\\\\\\\\\\\\\\\\\\\\\\\\\\\\\\\\\\\\\\\\\\\\\\\\\\\\\\\\\\\\\\\\\\\\\\\\\\\\\\\\\\\\\\\\\\\\\\\\\\\\\\\\\\\\\\\\\\\\\\\\\\\\\\\\\\\\\\\\\\\\\\\\\\\\\\\\\\\\\\\\\\\\\\\\\\\\\\\\\\\\\\\\\\\\\\\\\\\\\\\\\\\\\\\\\\\\\\\\\\\\\\\\\\\\\\\\\\\\\\\\\\\\\\\\\\\\\\\\\\\\\\\\\\\\\\\\\\\\\\\\\\\\\\\\\\\\\\\\\\\\\\\\\\\\\\\\\\\\\\\\\\\\\\\\\\\\\\\\\\\\\\\\\\\\\\\\\\\\\\\\\\\\\\\\\\\\\\\\\\\\\\\\\\\\\\\\\\\\\\\\\\\\\\\\\\\\\\\\\\\\\\\\\\\\\\\\\\\\\\"]\\\\\\\\\\\\\\\\\\\\\\\\\\\\\\\\\\\\\\\\\\\\\\\\\\\\\\\\\\\\\\\\\\\\\\\\\\\\\\\\\\\\\\\\\\\\\\\\\\\\\\\\\\\\\\\\\\\\\\\\\\\\\\\\\\\\\\\\\\\\\\\\\\\\\\\\\\\\\\\\\\\\\\\\\\\\\\\\\\\\\\\\\\\\\\\\\\\\\\\\\\\\\\\\\\\\\\\\\\\\\\\\\\\\\\\\\\\\\\\\\\\\\\\\\\\\\\\\\\\\\\\\\\\\\\\\\\\\\\\\\\\\\\\\\\\\\\\\\\\\\\\\\\\\\\\\\\\\\\\\\\\\\\\\\\\\\\\\\\\\\\\\\\\\\\\\\\\\\\\\\\\\\\\\\\\\\\\\\\\\\\\\\\\\\\\\\\\\\\\\\\\\\\\\\\\\\\\\\\\\\\\\\\\\\\\\\\\\\\\\\\\\\\\\\\\\\\\\\\\\\\\\\\\\\\\\\\\\\\\\\\\\\\\\\\\\\\\\\\\\\\\\\\\\\\\"]\\\\\\\\\\\\\\\\\\\\\\\\\\\\\\\\\\\\\\\\\\\\\\\\\\\\\\\\\\\\\\\\\\\\\\\\\\\\\\\\\\\\\\\\\\\\\\\\\\\\\\\\\\\\\\\\\\\\\\\\\\\\\\\\\\\\\\\\\\\\\\\\\\\\\\\\\\\\\\\\\\\\\\\\\\\\\\\\\\\\\\\\\\\\\\\\\\\\\\\\\\\\\\\\\\\\\\\\\\\\\\\\\\\\\\\\\\\\\\\\\\\\\\\\\\\\\\\"]\\\\\\\\\\\\\\\\\\\\\\\\\\\\\\\\\\\\\\\\\\\\\\\\\\\\\\\\\\\\\\\\\\\\\\\\\\\\\\\\\\\\\\\\\\\\\\\\\\\\\\\\\\\\\\\\\\\\\\\\\\\\\\\"]\\\\\\\\\\\\\\\\\\\\\\\\\\\\\\\\\\\\\\\\\\\\\\\\\\\\\\\\\\\\\\\"]\\\\\\\\\\\\\\\\\\\\\\\\\\\\\\\"]\\\\\\\\\\\\\\\"]\\\\\\\"]\\\"]\"]',NULL,NULL,NULL,NULL,NULL,'primary',NULL,NULL,0.45,NULL,NULL,NULL,3,1,'2026-04-02 16:09:56','2026-04-02 21:45:39'),(258,118,'regiao_resumo','text','Sobre Garopaba',NULL,'A região de Garopaba oferece atrativos únicos para os visitantes. Desde trilhas ecológicas até a gastronomia local, há muito o que explorar durante sua estadia na Laytout Hotel.',NULL,NULL,NULL,'Explorar a Região',NULL,'primary',NULL,NULL,0.45,NULL,NULL,NULL,4,1,'2026-04-02 16:09:56','2026-04-02 23:22:41'),(259,119,'intro','text','A Laytout Hotel','Conheça nossa história, estrutura e o que nos torna únicos.','A Laytout Hotel é um lugar especial onde natureza e conforto se encontram. Criada com amor e dedicação, proporciona momentos inesquecíveis a cada hóspede.',NULL,NULL,NULL,NULL,NULL,'primary',NULL,NULL,0.45,NULL,NULL,NULL,1,1,'2026-04-02 16:09:56','2026-04-02 16:09:56'),(260,119,'historia','text','Nossa Estrutura',NULL,'Oferecemos uma infraestrutura completa pensada para cada detalhe do seu descanso em Garopaba.',NULL,NULL,NULL,NULL,NULL,'primary',NULL,NULL,0.45,NULL,NULL,NULL,2,1,'2026-04-02 16:09:56','2026-04-02 16:09:56'),(261,119,'estrutura','text','Café da Manhã Incluso',NULL,'Comece o dia com o nosso café da manhã, preparado com ingredientes selecionados e receitas artesanais.',NULL,NULL,NULL,NULL,NULL,'primary',NULL,NULL,0.45,NULL,NULL,NULL,3,1,'2026-04-02 16:09:56','2026-04-02 16:09:56'),(262,120,'intro','text','Nossas Acomodações','Escolha a melhor opção para sua estadia','A Laytout Hotel oferece diferentes tipos de acomodação, todas equipadas com o que você precisa para uma estadia confortável e relaxante.',NULL,NULL,NULL,NULL,NULL,'primary',NULL,NULL,0.45,NULL,NULL,NULL,1,1,'2026-04-02 16:09:56','2026-04-02 16:09:56'),(263,121,'intro','text','Descubra Garopaba',NULL,'A região de Garopaba é rica em belezas naturais, cultura e gastronomia. Durante sua estadia na Laytout Hotel, você terá acesso a diversas atrações e experiências únicas.',NULL,NULL,NULL,NULL,NULL,'primary',NULL,NULL,0.45,NULL,NULL,NULL,1,1,'2026-04-02 16:09:56','2026-04-09 10:53:02'),(264,121,'atrativos','text','Pontos de Interesse',NULL,'Explore trilhas, cachoeiras, praias e pontos turísticos. A gastronomia local é um capítulo à parte, com restaurantes que servem pratos típicos e sabores regionais.',NULL,NULL,NULL,NULL,NULL,'primary',NULL,NULL,0.45,NULL,NULL,NULL,2,1,'2026-04-02 16:09:56','2026-04-09 10:53:02'),(265,122,'info','text','Entre em Contato',NULL,'[\"[\\\"[\\\\\\\"Fale conosco para tirar dúvidas, fazer sua reserva ou obter mais informaçõesffff.\\\\\\\"]\\\"]\"]',NULL,NULL,NULL,NULL,NULL,'primary',NULL,NULL,0.45,NULL,NULL,'{\"phones\":[\"48991380352\"],\"emails\":[\"matheuslacaudaluz2004@gmail.com\"],\"address\":\"Estrada Geral do ouvidor Campo Duna Garopaba SC, 50\",\"city\":\"Garopaba\",\"state\":\"SC\",\"zip\":\"88495-000\",\"social\":{\"instagram\":\"https:\\/\\/www.instagram.com\",\"facebook\":\"https:\\/\\/www.instagram.com\",\"youtube\":\"https:\\/\\/www.instagram.com\",\"tiktok\":\"https:\\/\\/www.instagram.com\",\"google_maps\":\"https:\\/\\/www.google.com\\/maps\\/place\\/Hotel+Praia+do+Rosa\\/@-28.1247396,-48.6476151,3a,75y,90t\\/data=!3m8!1e2!3m6!1sAF1QipPKoyIaSDoi7rWoZhQu0-_WQ1hZC9Ig50C7ivQL!2e10!3e12!6shttps:%2F%2Flh3.googleusercontent.com%2Fp%2FAF1QipPKoyIaSDoi7rWoZhQu0-_WQ1hZC9Ig50C7ivQL%3Dw203-h135-k-no!7i1920!8i1280!4m10!3m9!1s0x9526cc233d77a7ab:0x86a36d32b3101435!5m2!4m1!1i2!8m2!3d-28.1248107!4d-48.6474604!10e5!16s%2Fg%2F1ygbbbng_?entry=ttu&g_ep=EgoyMDI2MDIwNC4wIKXMDSoASAFQAw%3D%3D\"}}',1,1,'2026-04-02 16:09:56','2026-04-02 17:38:41'),(266,118,'cta_principal','text','Reserve sua estadia agora',NULL,'Garanta os melhores dias de descanso em Laytout Hotel. Entre em contato ou reserve online.',NULL,NULL,NULL,'Fale pelo WhatsApp',NULL,'primary','Fale Conosco',NULL,0.45,NULL,NULL,NULL,5,1,'2026-04-02 16:09:56','2026-04-02 23:22:41'),(267,118,'separador_paralax','text','Uma experiência única te espera',NULL,'Natureza, conforto e hospitalidade em cada detalhe da sua estadia.',NULL,NULL,NULL,'Ver Acomodações',NULL,'primary',NULL,NULL,0.45,NULL,NULL,NULL,6,1,'2026-04-02 16:09:56','2026-04-02 23:22:41'),(268,118,'diferenciais','text','O que oferecemos','Conforto e comodidades para uma estadia perfeita.',NULL,NULL,NULL,NULL,NULL,NULL,'primary',NULL,NULL,0.45,NULL,NULL,NULL,7,1,'2026-04-02 16:09:56','2026-04-02 16:09:56'),(325,120,'hero','hero','Nossas Acomodações','Escolha a melhor opção para sua estadia.',NULL,NULL,NULL,NULL,NULL,NULL,'primary',NULL,NULL,0.45,NULL,NULL,NULL,1,1,'2026-04-02 23:24:00','2026-04-02 23:24:00'),(326,119,'hero','hero','A Laytout Hotel','Conheça nossa história e estrutura.',NULL,NULL,NULL,NULL,NULL,NULL,'primary',NULL,NULL,0.45,NULL,NULL,NULL,1,1,'2026-04-02 23:24:06','2026-04-02 23:24:06'),(327,121,'hero','hero','Descubra Garopaba','Uma região repleta de belezas naturais.',NULL,NULL,NULL,NULL,NULL,NULL,'primary',NULL,NULL,0.45,NULL,NULL,NULL,1,1,'2026-04-02 23:49:34','2026-04-09 10:53:02'),(328,122,'hero','hero','Entre em Contato','Estamos prontos para atendê-lo.',NULL,NULL,NULL,NULL,NULL,NULL,'primary',NULL,NULL,0.45,NULL,NULL,NULL,1,1,'2026-04-02 23:49:37','2026-04-02 23:49:37'),(329,148,'conteudo','text','teste',NULL,'<p>cvgfdgdfg</p>',NULL,NULL,NULL,NULL,NULL,'primary',NULL,NULL,0.45,NULL,NULL,'{\"raw_html\":\"<h1>teste<\\/h1>\"}',1,1,'2026-04-03 07:03:46','2026-04-06 18:05:27'),(353,123,'faqs','text','Perguntas Frequentes',NULL,NULL,NULL,NULL,NULL,NULL,NULL,'primary',NULL,NULL,0.45,NULL,NULL,'[]',99,1,'2026-04-09 18:37:29','2026-04-09 18:55:50'),(354,123,'hero','hero','Perguntas Frequentes','Tudo o que você precisa saber antes de se hospedar.',NULL,NULL,NULL,NULL,NULL,NULL,'primary',NULL,NULL,0.45,NULL,NULL,NULL,1,1,'2026-04-09 18:37:29','2026-04-09 18:55:50'),(357,156,'hero','text','Bem-vindo à Pousada Recanto do Mar','Sua experiência única em Caraguatatuba','Descubra o melhor da hospitalidade em um ambiente acolhedor rodeado pela natureza. Reserve já sua estadia e viva momentos inesquecíveis.',NULL,NULL,NULL,'Reservar Agora',NULL,'primary','Ver Acomodações',NULL,0.45,'Ver Acomodacoes','/acomodacoes',NULL,1,1,'2026-04-09 20:12:20','2026-04-11 00:15:52'),(358,156,'sobre_resumo','text','Sobre a Pousada Recanto do Mar',NULL,'Localizada em Caraguatatuba, a Pousada Recanto do Mar oferece uma experiência completa de hospedagem com conforto, tranquilidade e contato direto com a natureza. Com infraestrutura pensada para todos os perfis de hóspedes, proporcionamos momentos de descanso e lazer em um ambiente cuidadosamente preparado.',NULL,NULL,NULL,'Conheça a Pousada',NULL,'primary',NULL,NULL,0.45,NULL,NULL,NULL,2,1,'2026-04-09 20:12:20','2026-04-11 00:15:52'),(359,156,'acomodacoes_destaque','text','Nossas Acomodações','Conforto e tranquilidade para sua estadia','Conheça nossos tipos de acomodação, cada um pensado para oferecer o máximo de conforto durante sua estadia.',NULL,NULL,NULL,NULL,NULL,'primary',NULL,NULL,0.45,NULL,NULL,NULL,3,1,'2026-04-09 20:12:20','2026-04-09 20:12:20'),(360,156,'regiao_resumo','text','Sobre Caraguatatuba',NULL,'A região de Caraguatatuba oferece atrativos únicos para os visitantes. Desde trilhas ecológicas até a gastronomia local, há muito o que explorar durante sua estadia na Pousada Recanto do Mar.',NULL,NULL,NULL,'Explorar a Região',NULL,'primary',NULL,NULL,0.45,NULL,NULL,NULL,4,1,'2026-04-09 20:12:20','2026-04-11 00:15:52'),(361,157,'intro','text','A Pousada Recanto do Mar','Conheça nossa história, estrutura e o que nos torna únicos.','A Pousada Recanto do Mar é um lugar especial onde natureza e conforto se encontram. Criada com amor e dedicação, proporciona momentos inesquecíveis a cada hóspede.','sites/pousada-recanto-do-mar/banners/about/vxyMipfh8blVQXhRAn7nQEnhUocxX8wD9sh1Ozb4.jpg',NULL,NULL,NULL,NULL,'primary',NULL,NULL,0.45,NULL,NULL,NULL,1,1,'2026-04-09 20:12:20','2026-04-11 00:15:52'),(362,157,'historia','text','Nossa Estrutura',NULL,'Oferecemos uma infraestrutura completa pensada para cada detalhe do seu descanso em Caraguatatuba.',NULL,NULL,NULL,NULL,NULL,'primary',NULL,NULL,0.45,NULL,NULL,NULL,2,1,'2026-04-09 20:12:20','2026-04-09 20:12:20'),(363,157,'estrutura','text','Café da Manhã Incluso',NULL,'Comece o dia com o nosso café da manhã, preparado com ingredientes selecionados e receitas artesanais.','sites/pousada-recanto-do-mar/banners/about/BkLBJgF0QwxgED9j2h099p5cFrq1Pzt8l53o7qqU.jpg',NULL,NULL,NULL,NULL,'primary',NULL,NULL,0.45,NULL,NULL,'{\"2\":{\"foto\":\"sites\\/pousada-recanto-do-mar\\/estrutura\\/about\\/1jWlVRTtz3nUuC8dtuju3B8aBKA4oNg0cdl7MhJo.jpg\"},\"0\":{\"foto\":\"sites\\/pousada-recanto-do-mar\\/estrutura\\/about\\/XL3aRCL2GdWYRVXBKUDBRPgN5SU9g8sfAfGxeBtp.jpg\"},\"1\":{\"foto\":\"sites\\/pousada-recanto-do-mar\\/estrutura\\/about\\/GuN3kyTYXOu2QZbIyDYMR7sJRwEYe65l92eZe5je.jpg\"}}',3,1,'2026-04-09 20:12:20','2026-04-10 23:38:15'),(364,158,'intro','text','Nossas Acomodações','Escolha a melhor opção para sua estadia','A Pousada Recanto do Mar oferece diferentes tipos de acomodação, todas equipadas com o que você precisa para uma estadia confortável e relaxante.',NULL,NULL,NULL,NULL,NULL,'primary',NULL,NULL,0.45,NULL,NULL,NULL,1,1,'2026-04-09 20:12:20','2026-04-11 00:15:52'),(365,159,'intro','text','Descubra Caraguatatuba',NULL,'A região de Caraguatatuba é rica em belezas naturais, cultura e gastronomia. Durante sua estadia na Pousada Recanto do Mar, você terá acesso a diversas atrações e experiências únicas.',NULL,NULL,NULL,NULL,NULL,'primary',NULL,NULL,0.45,NULL,NULL,NULL,1,1,'2026-04-09 20:12:20','2026-04-11 00:15:52'),(366,159,'atrativos','text','Pontos de Interesse',NULL,'Explore trilhas, cachoeiras, praias e pontos turísticos. A gastronomia local é um capítulo à parte, com restaurantes que servem pratos típicos e sabores regionais.',NULL,NULL,NULL,NULL,NULL,'primary',NULL,NULL,0.45,NULL,NULL,'[{\"titulo\":\"praia\",\"texto\":\"\",\"foto\":\"\"}]',2,1,'2026-04-09 20:12:20','2026-04-09 20:12:20'),(367,160,'info','text','Entre em Contato',NULL,'Fale conosco para tirar dúvidas, fazer sua reserva ou obter mais informações.',NULL,NULL,NULL,NULL,NULL,'primary',NULL,NULL,0.45,NULL,NULL,'{\"phones\":[\"5512981984102\"],\"emails\":[\"contato@pousadaatlanticarecanto.com.br\"],\"address\":\"Condom\\u00ednio Verde Mar - Viela Doze KM-88, 8 - Massagua\\u00e7u, Caraguatatuba - SP, 11677-262\",\"city\":\"Caraguatatuba\",\"state\":\"SP\",\"zip\":\"11677-262\",\"social\":{\"instagram\":\"https:\\/\\/www.instagram.com\\/pousadaatlanticarecantodomar\\/\",\"google_maps\":\"https:\\/\\/www.google.com\\/maps\\/place\\/pousada+recanto+do+mar+caraguatatuba\\/data=!4m2!3m1!1s0x94cd60cb11cd7dad:0x619f09bf8377c0f?sa=X&ved=1t:242&ictx=111\"}}',1,1,'2026-04-09 20:12:20','2026-04-09 20:12:20'),(368,156,'cta_principal','text','Reserve sua estadia agora',NULL,'Garanta os melhores dias de descanso em Pousada Recanto do Mar. Entre em contato ou reserve online.',NULL,NULL,NULL,'Fale pelo WhatsApp',NULL,'primary','Fale Conosco',NULL,0.45,NULL,NULL,NULL,5,1,'2026-04-09 20:12:20','2026-04-11 00:15:52'),(369,156,'separador_paralax','text','Uma experiência única te espera',NULL,'Natureza, conforto e hospitalidade em cada detalhe da sua estadia.','sites/pousada-recanto-do-mar/banners/home/5DR8gp12YGZXhzu2wdBzlYPxd4EZ4Pn2tRCGK2ml.jpg',NULL,NULL,'Ver Acomodações',NULL,'primary',NULL,NULL,0.45,NULL,NULL,NULL,6,1,'2026-04-09 20:12:20','2026-04-10 23:40:08'),(370,156,'diferenciais','text','O que oferecemos','Conforto e comodidades para uma estadia perfeita.',NULL,NULL,NULL,NULL,NULL,NULL,'primary',NULL,NULL,0.45,NULL,NULL,'[{\"icon_key\":\"cafe_manha\",\"titulo\":null},{\"icon_key\":\"cafe_manha\",\"titulo\":null},{\"icon_key\":\"piscina\",\"titulo\":null},{\"icon_key\":\"playground\",\"titulo\":null},{\"icon_key\":\"churrasqueira\",\"titulo\":null},{\"icon_key\":\"wifi\",\"titulo\":null},{\"icon_key\":\"recepcao_24h\",\"titulo\":null},{\"icon_key\":\"estacionamento\",\"titulo\":null},{\"icon_key\":\"ar_condicionado\",\"titulo\":null}]',7,1,'2026-04-09 20:12:20','2026-04-10 23:40:08'),(371,161,'hero','hero','Perguntas Frequentes','Tudo o que você precisa saber antes de se hospedar.',NULL,NULL,NULL,NULL,NULL,NULL,'primary',NULL,NULL,0.45,NULL,NULL,NULL,1,1,'2026-04-09 20:15:20','2026-04-09 20:15:20'),(372,161,'faqs','faqs','Principais Dúvidas',NULL,NULL,NULL,NULL,NULL,NULL,NULL,'primary',NULL,NULL,0.45,NULL,NULL,NULL,2,1,'2026-04-09 20:15:20','2026-04-09 20:15:20'),(373,157,'hero','hero','A Pousada Recanto do Mar','Conheça nossa história e estrutura.',NULL,NULL,NULL,NULL,NULL,NULL,'primary',NULL,NULL,0.45,NULL,NULL,NULL,1,1,'2026-04-09 20:21:24','2026-04-11 00:15:52'),(374,158,'hero','hero','Nossas Acomodações','Escolha a melhor opção para sua estadia.',NULL,NULL,NULL,NULL,NULL,NULL,'primary',NULL,NULL,0.45,NULL,NULL,NULL,1,1,'2026-04-09 20:41:34','2026-04-09 20:41:34');

--
-- Table structure for table `page_sections`
--

CREATE TABLE `page_sections` (
  `id` bigint(20) unsigned NOT NULL AUTO_INCREMENT,
  `created_at` timestamp NULL DEFAULT NULL,
  `updated_at` timestamp NULL DEFAULT NULL,
  PRIMARY KEY (`id`)
) ENGINE=InnoDB DEFAULT CHARSET=utf8mb4 COLLATE=utf8mb4_unicode_ci;

--
-- Dumping data for table `page_sections`
--


--
-- Table structure for table `pages`
--

CREATE TABLE `pages` (
  `id` bigint(20) unsigned NOT NULL AUTO_INCREMENT,
  `client_id` bigint(20) unsigned NOT NULL,
  `title` varchar(255) NOT NULL,
  `seo_title` varchar(255) DEFAULT NULL,
  `seo_description` text DEFAULT NULL,
  `seo_image_path` varchar(255) DEFAULT NULL,
  `seo_keywords` varchar(255) DEFAULT NULL,
  `slug` varchar(255) NOT NULL,
  `type` enum('home','about','accommodations','accommodation_detail','region','contact','booking','gallery','experiences','faq','policy','custom') NOT NULL DEFAULT 'custom',
  `template_key` varchar(50) DEFAULT NULL,
  `order` int(11) NOT NULL DEFAULT 0,
  `is_published` tinyint(1) NOT NULL DEFAULT 0,
  `is_home` tinyint(1) NOT NULL DEFAULT 0,
  `show_in_menu` tinyint(1) NOT NULL DEFAULT 1,
  `parent_id` bigint(20) unsigned DEFAULT NULL,
  `menu_label` varchar(150) NOT NULL DEFAULT '',
  `custom_head_code` longtext DEFAULT NULL,
  `custom_body_code` longtext DEFAULT NULL,
  `created_at` timestamp NULL DEFAULT NULL,
  `updated_at` timestamp NULL DEFAULT NULL,
  PRIMARY KEY (`id`),
  UNIQUE KEY `pages_client_id_slug_unique` (`client_id`,`slug`),
  CONSTRAINT `pages_client_id_foreign` FOREIGN KEY (`client_id`) REFERENCES `clients` (`id`) ON DELETE CASCADE
) ENGINE=InnoDB AUTO_INCREMENT=168 DEFAULT CHARSET=utf8mb4 COLLATE=utf8mb4_unicode_ci;

--
-- Dumping data for table `pages`
--

INSERT INTO `pages` VALUES (118,32,'Home','','',NULL,'','home','home',NULL,1,1,0,1,NULL,'',NULL,NULL,'2026-04-02 16:09:56','2026-04-02 23:46:40'),(119,32,'A Pousada',NULL,NULL,NULL,NULL,'a-pousada','about',NULL,2,1,0,1,NULL,'',NULL,NULL,'2026-04-02 16:09:56','2026-04-02 16:09:56'),(120,32,'Acomodações',NULL,NULL,NULL,NULL,'acomodacoes','accommodations',NULL,3,1,0,1,NULL,'',NULL,NULL,'2026-04-02 16:09:56','2026-04-02 16:09:56'),(121,32,'A Região',NULL,NULL,NULL,NULL,'a-regiao','region',NULL,4,1,0,1,NULL,'',NULL,NULL,'2026-04-02 16:09:56','2026-04-02 16:09:56'),(122,32,'Contato',NULL,NULL,NULL,NULL,'contato','contact',NULL,5,1,0,1,NULL,'',NULL,NULL,'2026-04-02 16:09:56','2026-04-02 16:09:56'),(123,32,'Perguntas Frequentes',NULL,NULL,NULL,NULL,'faq','faq',NULL,6,1,0,0,NULL,'',NULL,NULL,'2026-04-02 16:09:56','2026-04-02 16:09:56'),(148,32,'teste',NULL,NULL,NULL,NULL,'teste','custom',NULL,99,1,0,1,NULL,'',NULL,NULL,'2026-04-03 07:03:46','2026-04-06 19:53:58'),(156,40,'Home','','',NULL,'','home','home',NULL,1,1,0,1,NULL,'',NULL,NULL,'2026-04-09 20:12:19','2026-04-10 23:40:08'),(157,40,'A Pousada','','',NULL,'','a-pousada','about',NULL,2,1,0,1,NULL,'',NULL,NULL,'2026-04-09 20:12:20','2026-04-09 20:23:39'),(158,40,'Acomodações',NULL,NULL,NULL,NULL,'acomodacoes','accommodations',NULL,3,1,0,1,NULL,'',NULL,NULL,'2026-04-09 20:12:20','2026-04-09 20:12:20'),(159,40,'A Região',NULL,NULL,NULL,NULL,'a-regiao','region',NULL,4,1,0,1,NULL,'',NULL,NULL,'2026-04-09 20:12:20','2026-04-09 20:12:20'),(160,40,'Contato',NULL,NULL,NULL,NULL,'contato','contact',NULL,5,1,0,1,NULL,'',NULL,NULL,'2026-04-09 20:12:20','2026-04-09 20:12:20'),(161,40,'Perguntas Frequentes',NULL,NULL,NULL,NULL,'faq','faq',NULL,6,1,0,0,NULL,'',NULL,NULL,'2026-04-09 20:12:20','2026-04-09 20:12:20');

--
-- Table structure for table `seo_settings`
--

CREATE TABLE `seo_settings` (
  `id` bigint(20) unsigned NOT NULL AUTO_INCREMENT,
  `client_id` bigint(20) unsigned NOT NULL,
  `scope_type` varchar(50) NOT NULL DEFAULT 'global',
  `scope_id` bigint(20) unsigned DEFAULT NULL,
  `seo_title` varchar(255) DEFAULT NULL,
  `seo_description` text DEFAULT NULL,
  `seo_slug` varchar(255) DEFAULT NULL,
  `seo_canonical` varchar(255) DEFAULT NULL,
  `seo_robots` varchar(50) NOT NULL DEFAULT 'index, follow',
  `og_title` varchar(255) DEFAULT NULL,
  `og_description` text DEFAULT NULL,
  `og_image` varchar(255) DEFAULT NULL,
  `google_tag_manager_id` varchar(50) DEFAULT NULL,
  `google_analytics_id` varchar(50) DEFAULT NULL,
  `search_console_verification` varchar(255) DEFAULT NULL,
  `meta_scripts_header` text DEFAULT NULL,
  `meta_scripts_footer` text DEFAULT NULL,
  `created_at` timestamp NULL DEFAULT NULL,
  `updated_at` timestamp NULL DEFAULT NULL,
  PRIMARY KEY (`id`),
  KEY `seo_settings_client_id_scope_type_scope_id_index` (`client_id`,`scope_type`,`scope_id`),
  CONSTRAINT `seo_settings_client_id_foreign` FOREIGN KEY (`client_id`) REFERENCES `clients` (`id`) ON DELETE CASCADE
) ENGINE=InnoDB DEFAULT CHARSET=utf8mb4 COLLATE=utf8mb4_unicode_ci;

--
-- Dumping data for table `seo_settings`
--


--
-- Table structure for table `sessions`
--

CREATE TABLE `sessions` (
  `id` varchar(255) NOT NULL,
  `user_id` bigint(20) unsigned DEFAULT NULL,
  `ip_address` varchar(45) DEFAULT NULL,
  `user_agent` text DEFAULT NULL,
  `payload` longtext NOT NULL,
  `last_activity` int(11) NOT NULL,
  PRIMARY KEY (`id`),
  KEY `sessions_user_id_index` (`user_id`),
  KEY `sessions_last_activity_index` (`last_activity`)
) ENGINE=InnoDB DEFAULT CHARSET=utf8mb4 COLLATE=utf8mb4_unicode_ci;

--
-- Dumping data for table `sessions`
--

INSERT INTO `sessions` VALUES ('LR2b5mZ1mAAq77z66fb5nx7wrcOd2Yq0grfUgK7t',1,'::1','Mozilla/5.0 (Windows NT 10.0; Win64; x64) AppleWebKit/537.36 (KHTML, like Gecko) Chrome/147.0.0.0 Safari/537.36','ZXlKcGRpSTZJblpCTjJjM1JYcE9aVVZ2WjJsUFl6aEVlWE5VWWxFOVBTSXNJblpoYkhWbElqb2ljRGcwUTJacmMwaDZLMjAzWjFsVVJIaExVV2t4TW5oTU9ITklaMkpLY21SS1RYSTJlbmhQTTBobVlrbENZWHBCSzFSWVlqWTRjRFo1TWtka01saG5ZV1ZuVFN0bmNtRXZkbWxUWTJsc2NWaHNZVlpFYldoelVUWTVVbEJ0U0daelZGbE5kMk5aVWs4eWRGZEdWelUzV2tsNlZWaHVVbWM1T1cxdGJuZExaMU54TmtkRk9XWlNTVXN6VURkYVRIVjFjMlEwVFRGRmJ6Wm5LMVUyV0hreE5YcHpialY1YVVaeGIzWlRabEowUTFOTVdWSTFXbEJVYTJOa05tMUNOa3hxVlRsUU4yeEVXUzlyYlRkb1NXWmxkVlEzY0RaSFltRXJWakJzWjNGUFJsVkdabkJsZUM4NFZVSXlaWFJ2YWxSRVpVcGFjWGd2UTA5dFJHRXZNWHB3WXpWNE1GaHVNbmhFVDBWMlMyeGhOMUJTZVVkMmJWQnZkMWhyTVcwd1NVTjJSbHB3V0ZRNFIxZGhPVlZXZGxOcFMwZGFTVGhRV25GU1JWUnZaamxWWVZWNldpc3pXRFV4V1dweGFFVlpaRkk1WkhSNWJFWldTbmhuVkVSb2NtTnZhbk5NT1dGc1dYVjNURU5FYjBKcldTdElORnBCZHpoaVVHNDVZbkpYTW1oNU1IUlpjV2RzUkdwVGVrZzViSEp4V2xoWWRYWnhiR1ZoYjJkM1dHNXBZVUZLSzI1Q01HTXdLMlJsVmxKUVNWSXlXR0pPUVdkbmNYaENSemhQYjNNNFZFSkpTMnhhTDJWNmQwODRTbU4yUVZKWlRUbFRZMUU5UFNJc0ltMWhZeUk2SW1abE9UTmhNbUUxT1RJMllUQXlZek5oWVRjeFkyTXlNekF6TWpnNU1UTXlORFkxWmpZd09UQXdOVGcwTVdRd1pUUmxZVFZrT0RJME56WTBZbVJpT1dRaUxDSjBZV2NpT2lJaWZRPT0=',1777119103),('vdWVaZp0yZzzo1aq2NYjDh86AelkIQkDuUBZPQH9',6,'::1','Mozilla/5.0 (Windows NT 10.0; Win64; x64) AppleWebKit/537.36 (KHTML, like Gecko) Chrome/147.0.0.0 Safari/537.36','ZXlKcGRpSTZJbUYyZVVFM1pWbDBlRGg2U0RCUUx6Qm5jRmRUTldjOVBTSXNJblpoYkhWbElqb2lOSGwyZUVGalowVkVhakZaVlRSbWFVaHRaVlpZZGswNVExWTFSRmRzY0ZwalkwNDFjVk52UVZJeFp6SkpaekZGY2xOSkwwdFZSbWhKWlVGTWVHbFhNVlJqVjJ4T1JIUlNPR05sVVV0UmRHSjJkekJvTmtWRGRXSmFaREoxSzA0Mk1tb3JSVXBuY0VNMGFEbElRWFpyVkdoNVZqRm5LMk5OY0VwaU9HOUtOVGREYnpGTU1UTnlObHBxV1hoWFMxTTBObUZwVDJsb09UUjRVWHBRUlVrMWRVTnpWWE5DZEVORlZUWm1TRFY0YjA1VVIxSk1hMjlsTDA1QllubGpjakphZEdkd1owRm5UVmRYTDFReVdrZE5OSFowZG5oamRXcG1LMWxpVG1oWVFtZGpiMGswWWpoSE9VcExOV2hMU1VsTlRGTlJha3MyZUdNd1MyVk9lRUp1ZEVWSFQzWnpiRUppVlZKck1FOWhXVTFwYUVjdk5EVTNibGN5YlZaWFEycHlTMXBFWWk5V1YzVkRjREF5ZDNSQlYxTlRaREJMYTFSbGVGVm9LMFJsZUdKc2NFcG5ZMVZLY21aeU4yRm9jVTVUTmtwd2RsSkxRVTVxVVZaemRsVmtTVUYwVEZkNmJWVkpXa293YldwRWNHZDNiREJ5VDFGNVdFVkZjMEkwWWpGc1NXWnNSM2hvVjNCR2RrNDRVR3BSVmxWM1REVnFUVFlyWkdaRFJWWnBaRXRKUTBVNFJGWnhURFpFU0d0b2RWYzVVSFo2VW5Sck1uSlRTV1ZOY1UwNWJsRlhVSGhwWjBkV2RWWm5OVU5TVmswNGNqQmxOME5DY0haR2VWcEVPVmczVUV0RWVrNUVaMlJ5VjFwUmVucGxNazVQZVVSSVZWWXdLMXB2V2xZMU4ycEJZbU5OVUM4NWNtRXJVVTlYTlROMWVWTkxNMWRsU1ZOc1FVRmxSR3B3U1c4MmFFeEtUM0JYT0cxb2J6ZHNZVzU1TlU0MFpTOTFOVkpQV1ZsclIxcEtRMHQ1VkRFMlZDODVkVGRxUkZSUWVsVlJNWHBOUVN0VGFHMVRWMHBETWpsWVQxTldhMmd3ZDJWVWVUSlZlVkVyV2tvNFIycFVPVEkyU2xwS0t6UmpjazlhUzNjemMyeE1OblZvVEZSNFdtNUZTMFZyVUZWWVRuVlpOMU5STlVGclp6Sk5WR1U0YURKTldYTTlJaXdpYldGaklqb2lORE5pT1dWak5qWXpNR1F6WkRoalpqQm1ObVV4T0dNM09EazBabVJpWldKa01UZzBaRFl4WkdNNU1HSXhPR1JpTXpRMlptRmxNelkwTlRFMFpqTmxNeUlzSW5SaFp5STZJaUo5',1777118746);

--
-- Table structure for table `site_appearances`
--

CREATE TABLE `site_appearances` (
  `id` bigint(20) unsigned NOT NULL AUTO_INCREMENT,
  `client_id` bigint(20) unsigned NOT NULL,
  `primary_color` varchar(20) NOT NULL DEFAULT '#2563eb',
  `secondary_color` varchar(20) NOT NULL DEFAULT '#1e40af',
  `accent_color` varchar(20) NOT NULL DEFAULT '#f59e0b',
  `text_color` varchar(20) NOT NULL DEFAULT '#1f2937',
  `bg_color` varchar(20) NOT NULL DEFAULT '#ffffff',
  `font_heading` varchar(100) NOT NULL DEFAULT 'Inter',
  `font_body` varchar(100) NOT NULL DEFAULT 'Inter',
  `button_style` varchar(30) NOT NULL DEFAULT 'rounded',
  `custom_css` text DEFAULT NULL,
  `extra_settings` longtext CHARACTER SET utf8mb4 COLLATE utf8mb4_bin DEFAULT NULL CHECK (json_valid(`extra_settings`)),
  `created_at` timestamp NULL DEFAULT NULL,
  `updated_at` timestamp NULL DEFAULT NULL,
  PRIMARY KEY (`id`),
  UNIQUE KEY `site_appearances_client_id_unique` (`client_id`),
  CONSTRAINT `site_appearances_client_id_foreign` FOREIGN KEY (`client_id`) REFERENCES `clients` (`id`) ON DELETE CASCADE
) ENGINE=InnoDB AUTO_INCREMENT=2 DEFAULT CHARSET=utf8mb4 COLLATE=utf8mb4_unicode_ci;

--
-- Dumping data for table `site_appearances`
--


--
-- Table structure for table `site_page_views`
--

CREATE TABLE `site_page_views` (
  `id` bigint(20) unsigned NOT NULL AUTO_INCREMENT,
  `client_id` bigint(20) unsigned NOT NULL,
  `page_type` varchar(60) NOT NULL COMMENT 'home, about, accommodations, contact, etc.',
  `entity_slug` varchar(200) DEFAULT NULL COMMENT 'Slug da acomodação ou página extra',
  `entity_id` bigint(20) unsigned DEFAULT NULL COMMENT 'ID da acomodação, se aplicável',
  `ip` varchar(45) DEFAULT NULL,
  `user_agent` varchar(300) DEFAULT NULL,
  `created_at` timestamp NULL DEFAULT NULL,
  `updated_at` timestamp NULL DEFAULT NULL,
  PRIMARY KEY (`id`),
  KEY `site_page_views_client_id_page_type_index` (`client_id`,`page_type`),
  KEY `site_page_views_client_id_entity_id_index` (`client_id`,`entity_id`),
  KEY `site_page_views_created_at_index` (`created_at`),
  CONSTRAINT `site_page_views_client_id_foreign` FOREIGN KEY (`client_id`) REFERENCES `clients` (`id`) ON DELETE CASCADE
) ENGINE=InnoDB AUTO_INCREMENT=3 DEFAULT CHARSET=utf8mb4 COLLATE=utf8mb4_unicode_ci;

--
-- Dumping data for table `site_page_views`
--

INSERT INTO `site_page_views` VALUES (1,32,'home',NULL,NULL,'::1','Mozilla/5.0 (Windows NT 10.0; Win64; x64) AppleWebKit/537.36 (KHTML, like Gecko) Chrome/146.0.0.0 Safari/537.36','2026-04-03 17:03:10','2026-04-03 17:03:10'),(2,32,'home',NULL,NULL,'::1','Mozilla/5.0 (Windows NT 10.0; Win64; x64) AppleWebKit/537.36 (KHTML, like Gecko) Chrome/146.0.0.0 Safari/537.36','2026-04-03 19:12:06','2026-04-03 19:12:06');

--
-- Table structure for table `testimonials`
--

CREATE TABLE `testimonials` (
  `id` bigint(20) unsigned NOT NULL AUTO_INCREMENT,
  `client_id` bigint(20) unsigned NOT NULL,
  `author_name` varchar(150) NOT NULL,
  `author_role` varchar(150) DEFAULT NULL,
  `content` text NOT NULL,
  `photo` varchar(500) DEFAULT NULL,
  `rating` tinyint(3) unsigned DEFAULT NULL,
  `order` int(10) unsigned NOT NULL DEFAULT 0,
  `is_visible` tinyint(1) NOT NULL DEFAULT 1,
  `created_at` timestamp NULL DEFAULT NULL,
  `updated_at` timestamp NULL DEFAULT NULL,
  PRIMARY KEY (`id`),
  KEY `testimonials_client_id_index` (`client_id`),
  CONSTRAINT `testimonials_client_id_foreign` FOREIGN KEY (`client_id`) REFERENCES `clients` (`id`) ON DELETE CASCADE
) ENGINE=InnoDB AUTO_INCREMENT=3 DEFAULT CHARSET=utf8mb4 COLLATE=utf8mb4_unicode_ci;

--
-- Dumping data for table `testimonials`
--



